update `user_round_progress` set `value` = '19', `updated_at` = '2025-08-12 08:12:27' where `id` = '594005';
/*==================================================*/
/* Query 14 - 2025-08-12 08:12:27 [1.66ms]  */
select * from `user_coachee_round_progress` where `stl_coachee_id` = '1' and `round_no` = '1' and `user_id` = '23756' and `name` = 'completedConversations' limit 1;
/*==================================================*/
/* Query 15 - 2025-08-12 08:12:27 [7.86ms]  */
update `user_coachee_round_progress` set `value` = '19', `updated_at` = '2025-08-12 08:12:27' where `id` = '866573';
/*==================================================*/
/* Query 16 - 2025-08-12 08:12:27 [1.69ms]  */
select * from `user_coachee_round_phase_details` where `stl_coachee_id` = '1' and `stl_round_phase_id` = '3' and `user_id` = '23756' limit 1;
/*==================================================*/
/* Query 17 - 2025-08-12 08:12:27 [7.58ms]  */
update `user_coachee_round_phase_details` set `completed_conversations` = '2', `updated_at` = '2025-08-12 08:12:27' where `id` = '641361';
/*==================================================*/
/* Query 18 - 2025-08-12 08:12:27 [1.61ms]  */
select `name`, `value`, `round_no`, `stl_coachee_id` from `user_coachee_round_progress` where `user_id` = '23756';
/*==================================================*/
/* Query 19 - 2025-08-12 08:12:27 [1.48ms]  */
select `name`, `value`, `round_no` from `user_round_progress` where `user_id` = '23756';
/*==================================================*/
/* Query 20 - 2025-08-12 08:12:27 [1.41ms]  */
select * from `events`;
/*==================================================*/
/* Query 21 - 2025-08-12 08:12:27 [1.4ms]  */
select * from `event_conditions`;
/*==================================================*/
/* Query 22 - 2025-08-12 08:12:27 [1.27ms]  */
select * from `event_types`;
/*==================================================*/
/* Query 23 - 2025-08-12 08:12:27 [1.41ms]  */
select * from `event_sources`;
/*==================================================*/
/* Query 24 - 2025-08-12 08:12:27 [1.44ms]  */
select * from `event_options`;
/*==================================================*/
/* Query 25 - 2025-08-12 08:12:27 [1.26ms]  */
select * from `event_option_response`;
/*==================================================*/
/* Query 26 - 2025-08-12 08:12:27 [1.32ms]  */
select * from `stl_events` where `stl_id` = '1' and `round_no` = '1';
/*==================================================*/
/* Query 27 - 2025-08-12 08:12:27 [1.44ms]  */
select * from `user_conversation_metrics` where `user_id` = '23756' and `round_no` = '1';
/*==================================================*/
/* Query 28 - 2025-08-12 08:12:27 [1.46ms]  */
select * from `user_events` where `user_id` = '23756' and `round_no` = '1';
/*==================================================*/
/* Query 29 - 2025-08-12 08:12:27 [1.36ms]  */
select `name`, `value` from `user_round_progress` where `user_id` = '23756' and `round_no` = '1';
/*==================================================*/
/* Query 1 - 2025-08-12 08:12:30 [1.41ms]  */
select * from `user_timer_details` where `user_id` = '23752' limit 1;
/*==================================================*/
/* Query 2 - 2025-08-12 08:12:30 [7.48ms]  */
update `user_timer_details` set `time_remaining` = '3240', `updated_at` = '2025-08-12 08:12:30' where `id` = '22731';
/*==================================================*/
/* Query 1 - 2025-08-12 08:12:31 [1.41ms]  */
select * from `stl_models` where `stl_id` = '1' limit 1;
/*==================================================*/
/* Query 2 - 2025-08-12 08:12:31 [1.32ms]  */
select * from `model_details` where `model_id` = '1';
/*==================================================*/
/* Query 3 - 2025-08-12 08:12:31 [1.15ms]  */
select * from `statement_option_responses` where `option_id` = '194';
/*==================================================*/
/* Query 4 - 2025-08-12 08:12:31 [1.21ms]  */
select * from `statement_option_metrics` where `option_id` = '194';
/*==================================================*/
/* Query 5 - 2025-08-12 08:12:31 [1.18ms]  */
select * from `user_metrics` where `user_id` = '23759';
/*==================================================*/
/* Query 6 - 2025-08-12 08:12:31 [1.12ms]  */
select * from `user_coachee_metrics` where `user_id` = '23759' and `stl_coachee_id` = '3';
/*==================================================*/
/* Query 7 - 2025-08-12 08:12:31 [6.86ms]  */
insert into `user_conversations` (`user_id`, `stl_conversation_id`) values ('23759', '408');
/*==================================================*/
/* Query 8 - 2025-08-12 08:12:31 [6.73ms]  */
insert into `user_selected_statement_options` (`response_id`, `stl_statement_id`, `stl_conversation_id`, `option_id`, `user_id`) values ('170', '109', '408', '194', '23759');
/*==================================================*/
/* Query 9 - 2025-08-12 08:12:31 [1.15ms]  */
select * from `user_round_progress` where `round_no` = '1' and `user_id` = '23759' and `name` = 'completedConversations' limit 1;
/*==================================================*/
/* Query 10 - 2025-08-12 08:12:31 [7.11ms]  */
update `user_round_progress` set `value` = '13', `updated_at` = '2025-08-12 08:12:31' where `id` = '594055';
/*==================================================*/
/* Query 11 - 2025-08-12 08:12:31 [1.12ms]  */
select * from `user_coachee_round_progress` where `stl_coachee_id` = '3' and `round_no` = '1' and `user_id` = '23759' and `name` = 'completedConversations' limit 1;
/*==================================================*/
/* Query 12 - 2025-08-12 08:12:31 [7.3ms]  */
update `user_coachee_round_progress` set `value` = '13', `updated_at` = '2025-08-12 08:12:31' where `id` = '866660';
/*==================================================*/
/* Query 13 - 2025-08-12 08:12:31 [1.31ms]  */
select * from `user_coachee_round_phase_details` where `stl_coachee_id` = '3' and `stl_round_phase_id` = '2' and `user_id` = '23759' limit 1;
/*==================================================*/
/* Query 14 - 2025-08-12 08:12:31 [6.46ms]  */
update `user_coachee_round_phase_details` set `completed_conversations` = '11', `updated_at` = '2025-08-12 08:12:31' where `id` = '641459';
/*==================================================*/
/* Query 15 - 2025-08-12 08:12:31 [1.27ms]  */
select `name`, `value`, `round_no`, `stl_coachee_id` from `user_coachee_round_progress` where `user_id` = '23759';
/*==================================================*/
/* Query 16 - 2025-08-12 08:12:31 [1.13ms]  */
select `name`, `value`, `round_no` from `user_round_progress` where `user_id` = '23759';
/*==================================================*/
/* Query 17 - 2025-08-12 08:12:31 [1.07ms]  */
select * from `events`;
/*==================================================*/
/* Query 18 - 2025-08-12 08:12:31 [0.98ms]  */
select * from `event_conditions`;
/*==================================================*/
/* Query 19 - 2025-08-12 08:12:31 [1.17ms]  */
select * from `event_types`;
/*==================================================*/
/* Query 20 - 2025-08-12 08:12:31 [0.93ms]  */
select * from `event_sources`;
/*==================================================*/
/* Query 21 - 2025-08-12 08:12:31 [1.07ms]  */
select * from `event_options`;
/*==================================================*/
/* Query 22 - 2025-08-12 08:12:31 [0.98ms]  */
select * from `event_option_response`;
/*==================================================*/
/* Query 23 - 2025-08-12 08:12:31 [1.04ms]  */
select * from `stl_events` where `stl_id` = '1' and `round_no` = '1';
/*==================================================*/
/* Query 24 - 2025-08-12 08:12:31 [1.17ms]  */
select * from `user_conversation_metrics` where `user_id` = '23759' and `round_no` = '1';
/*==================================================*/
/* Query 25 - 2025-08-12 08:12:31 [1.11ms]  */
select * from `user_events` where `user_id` = '23759' and `round_no` = '1';
/*==================================================*/
/* Query 26 - 2025-08-12 08:12:31 [1.15ms]  */
select `name`, `value` from `user_round_progress` where `user_id` = '23759' and `round_no` = '1';
/*==================================================*/
/* Query 1 - 2025-08-12 08:12:33 [1.82ms]  */
select * from `stl_models` where `stl_id` = '1' limit 1;
/*==================================================*/
/* Query 2 - 2025-08-12 08:12:33 [1.61ms]  */
select * from `model_details` where `model_id` = '1';
/*==================================================*/
/* Query 3 - 2025-08-12 08:12:33 [1.49ms]  */
select * from `statement_option_responses` where `option_id` = '258';
/*==================================================*/
/* Query 4 - 2025-08-12 08:12:33 [1.5ms]  */
select * from `statement_option_metrics` where `option_id` = '258';
/*==================================================*/
/* Query 5 - 2025-08-12 08:12:33 [1.54ms]  */
select * from `user_metrics` where `user_id` = '23744';
/*==================================================*/
/* Query 6 - 2025-08-12 08:12:33 [1.37ms]  */
select * from `user_coachee_metrics` where `user_id` = '23744' and `stl_coachee_id` = '1';
/*==================================================*/
/* Query 7 - 2025-08-12 08:12:33 [7.9ms]  */
insert into `user_coachee_conversation_metrics` (`actual_delta`, `delta`, `previous_value`, `round_no`, `stl_coachee_id`, `stl_conversation_id`, `stl_metric_id`, `stl_phase_id`, `updated_value`, `user_id`) values ('-3', '-2', '91', '1', '1', '441', '1', '5', '89', '23744');
/*==================================================*/
/* Query 8 - 2025-08-12 08:12:33 [7.73ms]  */
INSERT INTO user_coachee_metrics (user_id, stl_coachee_id, stl_metric_id, value) VALUES  (23744, 1, 1, 89)   ON DUPLICATE KEY UPDATE `value` = VALUES(`value`);
/*==================================================*/
/* Query 9 - 2025-08-12 08:12:33 [8.01ms]  */
INSERT INTO user_coachee_round_metrics (user_id, round_no, stl_coachee_id, stl_metric_id, value) VALUES  (23744, 1, 1, 1, 89)   ON DUPLICATE KEY UPDATE `value` = VALUES(`value`);
/*==================================================*/
/* Query 10 - 2025-08-12 08:12:33 [8.3ms]  */
insert into `user_conversations` (`user_id`, `stl_conversation_id`) values ('23744', '441');
/*==================================================*/
/* Query 11 - 2025-08-12 08:12:33 [7.16ms]  */
insert into `user_selected_statement_options` (`response_id`, `stl_statement_id`, `stl_conversation_id`, `option_id`, `user_id`) values ('', '157', '441', '258', '23744');
/*==================================================*/
/* Query 12 - 2025-08-12 08:12:33 [1.41ms]  */
select * from `user_round_progress` where `round_no` = '1' and `user_id` = '23744' and `name` = 'completedConversations' limit 1;
/*==================================================*/
/* Query 13 - 2025-08-12 08:12:33 [8.12ms]  */
update `user_round_progress` set `value` = '25', `updated_at` = '2025-08-12 08:12:33' where `id` = '593777';
/*==================================================*/
/* Query 14 - 2025-08-12 08:12:33 [1.5ms]  */
select * from `user_coachee_round_progress` where `stl_coachee_id` = '1' and `round_no` = '1' and `user_id` = '23744' and `name` = 'completedConversations' limit 1;
/*==================================================*/
/* Query 15 - 2025-08-12 08:12:33 [7.64ms]  */
update `user_coachee_round_progress` set `value` = '25', `updated_at` = '2025-08-12 08:12:33' where `id` = '866240';
/*==================================================*/
/* Query 16 - 2025-08-12 08:12:33 [1.71ms]  */
select * from `user_coachee_round_phase_details` where `stl_coachee_id` = '1' and `stl_round_phase_id` = '5' and `user_id` = '23744' limit 1;
/*==================================================*/
/* Query 17 - 2025-08-12 08:12:33 [7.82ms]  */
update `user_coachee_round_phase_details` set `completed_conversations` = '1', `updated_at` = '2025-08-12 08:12:33' where `id` = '641039';
/*==================================================*/
/* Query 18 - 2025-08-12 08:12:33 [1.81ms]  */
select `name`, `value`, `round_no`, `stl_coachee_id` from `user_coachee_round_progress` where `user_id` = '23744';
/*==================================================*/
/* Query 19 - 2025-08-12 08:12:33 [1.44ms]  */
select `name`, `value`, `round_no` from `user_round_progress` where `user_id` = '23744';
/*==================================================*/
/* Query 20 - 2025-08-12 08:12:33 [1.49ms]  */
select * from `events`;
/*==================================================*/
/* Query 21 - 2025-08-12 08:12:33 [1.37ms]  */
select * from `event_conditions`;
/*==================================================*/
/* Query 22 - 2025-08-12 08:12:33 [1.45ms]  */
select * from `event_types`;
/*==================================================*/
/* Query 23 - 2025-08-12 08:12:33 [1.36ms]  */
select * from `event_sources`;
/*==================================================*/
/* Query 24 - 2025-08-12 08:12:33 [1.45ms]  */
select * from `event_options`;
/*==================================================*/
/* Query 25 - 2025-08-12 08:12:34 [1.34ms]  */
select * from `event_option_response`;
/*==================================================*/
/* Query 26 - 2025-08-12 08:12:34 [1.38ms]  */
select * from `stl_events` where `stl_id` = '1' and `round_no` = '1';
/*==================================================*/
/* Query 27 - 2025-08-12 08:12:34 [1.39ms]  */
select * from `user_conversation_metrics` where `user_id` = '23744' and `round_no` = '1';
/*==================================================*/
/* Query 28 - 2025-08-12 08:12:34 [1.37ms]  */
select * from `user_events` where `user_id` = '23744' and `round_no` = '1';
/*==================================================*/
/* Query 29 - 2025-08-12 08:12:34 [1.29ms]  */
select `name`, `value` from `user_round_progress` where `user_id` = '23744' and `round_no` = '1';
/*==================================================*/
/* Query 1 - 2025-08-12 08:12:34 [1.92ms]  */
select * from `stl_models` where `stl_id` = '1' limit 1;
/*==================================================*/
/* Query 2 - 2025-08-12 08:12:34 [2ms]  */
select * from `model_details` where `model_id` = '1';
/*==================================================*/
/* Query 3 - 2025-08-12 08:12:34 [1.65ms]  */
select * from `statement_option_responses` where `option_id` = '50';
/*==================================================*/
/* Query 4 - 2025-08-12 08:12:34 [1.7ms]  */
select * from `statement_option_metrics` where `option_id` = '50';
/*==================================================*/
/* Query 5 - 2025-08-12 08:12:34 [1.58ms]  */
select * from `user_metrics` where `user_id` = '23745';
/*==================================================*/
/* Query 6 - 2025-08-12 08:12:34 [1.82ms]  */
select * from `user_coachee_metrics` where `user_id` = '23745' and `stl_coachee_id` = '1';
/*==================================================*/
/* Query 7 - 2025-08-12 08:12:34 [8.62ms]  */
insert into `user_conversations` (`user_id`, `stl_conversation_id`) values ('23745', '128');
/*==================================================*/
/* Query 8 - 2025-08-12 08:12:34 [7.7ms]  */
insert into `user_selected_statement_options` (`response_id`, `stl_statement_id`, `stl_conversation_id`, `option_id`, `user_id`) values ('42', '28', '128', '50', '23745');
/*==================================================*/
/* Query 9 - 2025-08-12 08:12:34 [1.75ms]  */
select * from `user_round_progress` where `round_no` = '1' and `user_id` = '23745' and `name` = 'completedConversations' limit 1;
/*==================================================*/
/* Query 10 - 2025-08-12 08:12:34 [7.98ms]  */
update `user_round_progress` set `value` = '27', `updated_at` = '2025-08-12 08:12:34' where `id` = '593793';
/*==================================================*/
/* Query 11 - 2025-08-12 08:12:34 [1.85ms]  */
select * from `user_coachee_round_progress` where `stl_coachee_id` = '1' and `round_no` = '1' and `user_id` = '23745' and `name` = 'completedConversations' limit 1;
/*==================================================*/
/* Query 12 - 2025-08-12 08:12:34 [7.09ms]  */
update `user_coachee_round_progress` set `value` = '27', `updated_at` = '2025-08-12 08:12:34' where `id` = '866264';
/*==================================================*/
/* Query 13 - 2025-08-12 08:12:34 [1.78ms]  */
select * from `user_coachee_round_phase_details` where `stl_coachee_id` = '1' and `stl_round_phase_id` = '5' and `user_id` = '23745' limit 1;
/*==================================================*/
/* Query 14 - 2025-08-12 08:12:34 [8.08ms]  */
update `user_coachee_round_phase_details` set `completed_conversations` = '3', `updated_at` = '2025-08-12 08:12:34' where `id` = '641066';
/*==================================================*/
/* Query 15 - 2025-08-12 08:12:34 [1.92ms]  */
select `name`, `value`, `round_no`, `stl_coachee_id` from `user_coachee_round_progress` where `user_id` = '23745';
/*==================================================*/
/* Query 16 - 2025-08-12 08:12:34 [1.66ms]  */
select `name`, `value`, `round_no` from `user_round_progress` where `user_id` = '23745';
/*==================================================*/
/* Query 17 - 2025-08-12 08:12:34 [1.8ms]  */
select * from `events`;
/*==================================================*/
/* Query 18 - 2025-08-12 08:12:34 [1.63ms]  */
select * from `event_conditions`;
/*==================================================*/
/* Query 19 - 2025-08-12 08:12:34 [1.55ms]  */
select * from `event_types`;
/*==================================================*/
/* Query 20 - 2025-08-12 08:12:34 [1.65ms]  */
select * from `event_sources`;
/*==================================================*/
/* Query 21 - 2025-08-12 08:12:34 [1.7ms]  */
select * from `event_options`;
/*==================================================*/
/* Query 22 - 2025-08-12 08:12:34 [1.72ms]  */
select * from `event_option_response`;
/*==================================================*/
/* Query 23 - 2025-08-12 08:12:34 [1.7ms]  */
select * from `stl_events` where `stl_id` = '1' and `round_no` = '1';
/*==================================================*/
/* Query 24 - 2025-08-12 08:12:34 [1.78ms]  */
select * from `user_conversation_metrics` where `user_id` = '23745' and `round_no` = '1';
/*==================================================*/
/* Query 25 - 2025-08-12 08:12:34 [1.9ms]  */
select * from `user_events` where `user_id` = '23745' and `round_no` = '1';
/*==================================================*/
/* Query 26 - 2025-08-12 08:12:34 [1.68ms]  */
select `name`, `value` from `user_round_progress` where `user_id` = '23745' and `round_no` = '1';
/*==================================================*/
/* Query 1 - 2025-08-12 08:12:37 [1.5ms]  */
select * from `stl_models` where `stl_id` = '1' limit 1;
/*==================================================*/
/* Query 2 - 2025-08-12 08:12:37 [1.38ms]  */
select * from `model_details` where `model_id` = '1';
/*==================================================*/
/* Query 3 - 2025-08-12 08:12:37 [1.44ms]  */
select * from `statement_option_responses` where `option_id` = '216';
/*==================================================*/
/* Query 4 - 2025-08-12 08:12:37 [1.34ms]  */
select * from `statement_option_metrics` where `option_id` = '216';
/*==================================================*/
/* Query 5 - 2025-08-12 08:12:37 [1.31ms]  */
select * from `user_metrics` where `user_id` = '23737';
/*==================================================*/
/* Query 6 - 2025-08-12 08:12:37 [1.38ms]  */
select * from `user_coachee_metrics` where `user_id` = '23737' and `stl_coachee_id` = '3';
/*==================================================*/
/* Query 7 - 2025-08-12 08:12:37 [7.29ms]  */
insert into `user_conversations` (`user_id`, `stl_conversation_id`) values ('23737', '418');
/*==================================================*/
/* Query 8 - 2025-08-12 08:12:37 [7.53ms]  */
insert into `user_selected_statement_options` (`response_id`, `stl_statement_id`, `stl_conversation_id`, `option_id`, `user_id`) values ('191', '119', '418', '216', '23737');
/*==================================================*/
/* Query 9 - 2025-08-12 08:12:37 [1.38ms]  */
select * from `user_round_progress` where `round_no` = '1' and `user_id` = '23737' and `name` = 'completedConversations' limit 1;
/*==================================================*/
/* Query 10 - 2025-08-12 08:12:37 [7.08ms]  */
update `user_round_progress` set `value` = '24', `updated_at` = '2025-08-12 08:12:37' where `id` = '593665';
/*==================================================*/
/* Query 11 - 2025-08-12 08:12:37 [1.46ms]  */
select * from `user_coachee_round_progress` where `stl_coachee_id` = '3' and `round_no` = '1' and `user_id` = '23737' and `name` = 'completedConversations' limit 1;
/*==================================================*/
/* Query 12 - 2025-08-12 08:12:37 [7.33ms]  */
update `user_coachee_round_progress` set `value` = '24', `updated_at` = '2025-08-12 08:12:37' where `id` = '866078';
/*==================================================*/
/* Query 13 - 2025-08-12 08:12:37 [1.62ms]  */
select * from `user_coachee_round_phase_details` where `stl_coachee_id` = '3' and `stl_round_phase_id` = '5' and `user_id` = '23737' limit 1;
/*==================================================*/
/* Query 14 - 2025-08-12 08:12:37 [7.5ms]  */
update `user_coachee_round_phase_details` set `completed_conversations` = '3', `updated_at` = '2025-08-12 08:12:37' where `id` = '640868';
/*==================================================*/
/* Query 15 - 2025-08-12 08:12:37 [1.33ms]  */
select `name`, `value`, `round_no`, `stl_coachee_id` from `user_coachee_round_progress` where `user_id` = '23737';
/*==================================================*/
/* Query 16 - 2025-08-12 08:12:37 [1.75ms]  */
select `name`, `value`, `round_no` from `user_round_progress` where `user_id` = '23737';
/*==================================================*/
/* Query 17 - 2025-08-12 08:12:37 [1.43ms]  */
select * from `events`;
/*==================================================*/
/* Query 18 - 2025-08-12 08:12:37 [1.29ms]  */
select * from `event_conditions`;
/*==================================================*/
/* Query 19 - 2025-08-12 08:12:37 [1.12ms]  */
select * from `event_types`;
/*==================================================*/
/* Query 20 - 2025-08-12 08:12:37 [1.18ms]  */
select * from `event_sources`;
/*==================================================*/
/* Query 21 - 2025-08-12 08:12:37 [1.31ms]  */
select * from `event_options`;
/*==================================================*/
/* Query 22 - 2025-08-12 08:12:37 [1.13ms]  */
select * from `event_option_response`;
/*==================================================*/
/* Query 23 - 2025-08-12 08:12:37 [1.2ms]  */
select * from `stl_events` where `stl_id` = '1' and `round_no` = '1';
/*==================================================*/
/* Query 24 - 2025-08-12 08:12:37 [1.38ms]  */
select * from `user_conversation_metrics` where `user_id` = '23737' and `round_no` = '1';
/*==================================================*/
/* Query 25 - 2025-08-12 08:12:37 [1.34ms]  */
select * from `user_events` where `user_id` = '23737' and `round_no` = '1';
/*==================================================*/
/* Query 26 - 2025-08-12 08:12:37 [1.29ms]  */
select `name`, `value` from `user_round_progress` where `user_id` = '23737' and `round_no` = '1';
/*==================================================*/
/* Query 1 - 2025-08-12 08:12:40 [1.69ms]  */
select * from `user_timer_details` where `user_id` = '23754' limit 1;
/*==================================================*/
/* Query 2 - 2025-08-12 08:12:40 [7.18ms]  */
update `user_timer_details` set `time_remaining` = '3315', `updated_at` = '2025-08-12 08:12:40' where `id` = '22733';
/*==================================================*/
/* Query 1 - 2025-08-12 08:12:40 [1.31ms]  */
select * from `stl_models` where `stl_id` = '1' limit 1;
/*==================================================*/
/* Query 2 - 2025-08-12 08:12:40 [1.16ms]  */
select * from `model_details` where `model_id` = '1';
/*==================================================*/
/* Query 3 - 2025-08-12 08:12:40 [1.21ms]  */
select * from `statement_option_responses` where `option_id` = '51';
/*==================================================*/
/* Query 4 - 2025-08-12 08:12:40 [1.23ms]  */
select * from `statement_option_metrics` where `option_id` = '51';
/*==================================================*/
/* Query 5 - 2025-08-12 08:12:40 [1.24ms]  */
select * from `user_metrics` where `user_id` = '23745';
/*==================================================*/
/* Query 6 - 2025-08-12 08:12:40 [1.38ms]  */
select * from `user_coachee_metrics` where `user_id` = '23745' and `stl_coachee_id` = '1';
/*==================================================*/
/* Query 7 - 2025-08-12 08:12:40 [8.21ms]  */
insert into `user_conversations` (`user_id`, `stl_conversation_id`) values ('23745', '129');
/*==================================================*/
/* Query 8 - 2025-08-12 08:12:40 [7.33ms]  */
insert into `user_selected_statement_options` (`response_id`, `stl_statement_id`, `stl_conversation_id`, `option_id`, `user_id`) values ('', '29', '129', '51', '23745');
/*==================================================*/
/* Query 9 - 2025-08-12 08:12:40 [1.27ms]  */
select * from `user_round_progress` where `round_no` = '1' and `user_id` = '23745' and `name` = 'completedConversations' limit 1;
/*==================================================*/
/* Query 10 - 2025-08-12 08:12:40 [7.28ms]  */
update `user_round_progress` set `value` = '28', `updated_at` = '2025-08-12 08:12:40' where `id` = '593793';
/*==================================================*/
/* Query 11 - 2025-08-12 08:12:40 [1.33ms]  */
select * from `user_coachee_round_progress` where `stl_coachee_id` = '1' and `round_no` = '1' and `user_id` = '23745' and `name` = 'completedConversations' limit 1;
/*==================================================*/
/* Query 12 - 2025-08-12 08:12:40 [6.67ms]  */
update `user_coachee_round_progress` set `value` = '28', `updated_at` = '2025-08-12 08:12:40' where `id` = '866264';
/*==================================================*/
/* Query 13 - 2025-08-12 08:12:40 [1.49ms]  */
select * from `user_coachee_round_phase_details` where `stl_coachee_id` = '1' and `stl_round_phase_id` = '5' and `user_id` = '23745' limit 1;
/*==================================================*/
/* Query 14 - 2025-08-12 08:12:40 [7.69ms]  */
update `user_coachee_round_phase_details` set `completed_conversations` = '4', `updated_at` = '2025-08-12 08:12:40' where `id` = '641066';
/*==================================================*/
/* Query 15 - 2025-08-12 08:12:40 [1.63ms]  */
select `name`, `value`, `round_no`, `stl_coachee_id` from `user_coachee_round_progress` where `user_id` = '23745';
/*==================================================*/
/* Query 16 - 2025-08-12 08:12:40 [1.4ms]  */
select `name`, `value`, `round_no` from `user_round_progress` where `user_id` = '23745';
/*==================================================*/
/* Query 17 - 2025-08-12 08:12:40 [1.35ms]  */
select * from `events`;
/*==================================================*/
/* Query 18 - 2025-08-12 08:12:40 [1.22ms]  */
select * from `event_conditions`;
/*==================================================*/
/* Query 19 - 2025-08-12 08:12:40 [1.06ms]  */
select * from `event_types`;
/*==================================================*/
/* Query 20 - 2025-08-12 08:12:40 [1.4ms]  */
select * from `event_sources`;
/*==================================================*/
/* Query 21 - 2025-08-12 08:12:40 [1.41ms]  */
select * from `event_options`;
/*==================================================*/
/* Query 22 - 2025-08-12 08:12:40 [1.22ms]  */
select * from `event_option_response`;
/*==================================================*/
/* Query 23 - 2025-08-12 08:12:40 [1.24ms]  */
select * from `stl_events` where `stl_id` = '1' and `round_no` = '1';
/*==================================================*/
/* Query 24 - 2025-08-12 08:12:40 [1.46ms]  */
select * from `user_conversation_metrics` where `user_id` = '23745' and `round_no` = '1';
/*==================================================*/
/* Query 25 - 2025-08-12 08:12:40 [1.43ms]  */
select * from `user_events` where `user_id` = '23745' and `round_no` = '1';
/*==================================================*/
/* Query 26 - 2025-08-12 08:12:40 [1.49ms]  */
select `name`, `value` from `user_round_progress` where `user_id` = '23745' and `round_no` = '1';
/*==================================================*/
/* Query 1 - 2025-08-12 08:12:41 [1.66ms]  */
select * from `user_timer_details` where `user_id` = '23746' limit 1;
/*==================================================*/
/* Query 2 - 2025-08-12 08:12:41 [7.93ms]  */
update `user_timer_details` set `time_remaining` = '3225', `updated_at` = '2025-08-12 08:12:41' where `id` = '22725';
/*==================================================*/
/* Query 1 - 2025-08-12 08:12:42 [2.44ms]  */
select * from `stl_models` where `stl_id` = '1' limit 1;
/*==================================================*/
/* Query 2 - 2025-08-12 08:12:42 [1.72ms]  */
select * from `model_details` where `model_id` = '1';
/*==================================================*/
/* Query 3 - 2025-08-12 08:12:42 [1.71ms]  */
select * from `statement_option_responses` where `option_id` = '131';
/*==================================================*/
/* Query 4 - 2025-08-12 08:12:42 [1.79ms]  */
select * from `statement_option_metrics` where `option_id` = '131';
/*==================================================*/
/* Query 5 - 2025-08-12 08:12:42 [1.83ms]  */
select * from `user_metrics` where `user_id` = '23736';
/*==================================================*/
/* Query 6 - 2025-08-12 08:12:42 [1.81ms]  */
select * from `user_coachee_metrics` where `user_id` = '23736' and `stl_coachee_id` = '2';
/*==================================================*/
/* Query 7 - 2025-08-12 08:12:42 [7.51ms]  */
insert into `user_coachee_conversation_metrics` (`actual_delta`, `delta`, `previous_value`, `round_no`, `stl_coachee_id`, `stl_conversation_id`, `stl_metric_id`, `stl_phase_id`, `updated_value`, `user_id`) values ('6', '5', '66', '1', '2', '271', '1', '5', '71', '23736');
/*==================================================*/
/* Query 8 - 2025-08-12 08:12:42 [7.7ms]  */
INSERT INTO user_coachee_metrics (user_id, stl_coachee_id, stl_metric_id, value) VALUES  (23736, 2, 1, 71)   ON DUPLICATE KEY UPDATE `value` = VALUES(`value`);
/*==================================================*/
/* Query 9 - 2025-08-12 08:12:42 [7.78ms]  */
INSERT INTO user_coachee_round_metrics (user_id, round_no, stl_coachee_id, stl_metric_id, value) VALUES  (23736, 1, 2, 1, 71)   ON DUPLICATE KEY UPDATE `value` = VALUES(`value`);
/*==================================================*/
/* Query 10 - 2025-08-12 08:12:42 [7.65ms]  */
insert into `user_conversation_metrics` (`actual_delta`, `delta`, `previous_value`, `round_no`, `stl_coachee_id`, `stl_conversation_id`, `stl_metric_id`, `stl_phase_id`, `updated_value`, `user_id`) values ('6', '6', '28', '1', '2', '271', '2', '5', '34', '23736');
/*==================================================*/
/* Query 11 - 2025-08-12 08:12:42 [8.4ms]  */
INSERT INTO user_metrics (user_id, stl_metric_id, value) VALUES  (23736, 2, 34)   ON DUPLICATE KEY UPDATE `value` = VALUES(`value`);
/*==================================================*/
/* Query 12 - 2025-08-12 08:12:42 [6.54ms]  */
INSERT INTO user_round_metrics (user_id, round_no, stl_metric_id, value) VALUES  (23736, 1, 2, 34)   ON DUPLICATE KEY UPDATE `value` = VALUES(`value`);
/*==================================================*/
/* Query 13 - 2025-08-12 08:12:42 [6.15ms]  */
insert into `user_conversations` (`user_id`, `stl_conversation_id`) values ('23736', '271');
/*==================================================*/
/* Query 14 - 2025-08-12 08:12:42 [8.4ms]  */
insert into `user_selected_statement_options` (`response_id`, `stl_statement_id`, `stl_conversation_id`, `option_id`, `user_id`) values ('117', '72', '271', '131', '23736');
/*==================================================*/
/* Query 15 - 2025-08-12 08:12:42 [1.78ms]  */
select * from `user_round_progress` where `round_no` = '1' and `user_id` = '23736' and `name` = 'completedConversations' limit 1;
/*==================================================*/
/* Query 16 - 2025-08-12 08:12:42 [7.01ms]  */
update `user_round_progress` set `value` = '39', `updated_at` = '2025-08-12 08:12:42' where `id` = '593649';
/*==================================================*/
/* Query 17 - 2025-08-12 08:12:42 [1.89ms]  */
select * from `user_coachee_round_progress` where `stl_coachee_id` = '2' and `round_no` = '1' and `user_id` = '23736' and `name` = 'completedConversations' limit 1;
/*==================================================*/
/* Query 18 - 2025-08-12 08:12:42 [9.78ms]  */
update `user_coachee_round_progress` set `value` = '24', `updated_at` = '2025-08-12 08:12:42' where `id` = '866051';
/*==================================================*/
/* Query 19 - 2025-08-12 08:12:42 [2.11ms]  */
select * from `user_coachee_round_phase_details` where `stl_coachee_id` = '2' and `stl_round_phase_id` = '5' and `user_id` = '23736' limit 1;
/*==================================================*/
/* Query 20 - 2025-08-12 08:12:42 [8.45ms]  */
update `user_coachee_round_phase_details` set `completed_conversations` = '1', `updated_at` = '2025-08-12 08:12:42' where `id` = '640832';
/*==================================================*/
/* Query 21 - 2025-08-12 08:12:42 [2ms]  */
select `name`, `value`, `round_no`, `stl_coachee_id` from `user_coachee_round_progress` where `user_id` = '23736';
/*==================================================*/
/* Query 22 - 2025-08-12 08:12:42 [1.78ms]  */
select `name`, `value`, `round_no` from `user_round_progress` where `user_id` = '23736';
/*==================================================*/
/* Query 23 - 2025-08-12 08:12:42 [1.71ms]  */
select * from `events`;
/*==================================================*/
/* Query 24 - 2025-08-12 08:12:42 [1.65ms]  */
select * from `event_conditions`;
/*==================================================*/
/* Query 25 - 2025-08-12 08:12:42 [1.63ms]  */
select * from `event_types`;
/*==================================================*/
/* Query 26 - 2025-08-12 08:12:42 [1.57ms]  */
select * from `event_sources`;
/*==================================================*/
/* Query 27 - 2025-08-12 08:12:42 [1.59ms]  */
select * from `event_options`;
/*==================================================*/
/* Query 28 - 2025-08-12 08:12:42 [1.67ms]  */
select * from `event_option_response`;
/*==================================================*/
/* Query 29 - 2025-08-12 08:12:42 [1.74ms]  */
select * from `stl_events` where `stl_id` = '1' and `round_no` = '1';
/*==================================================*/
/* Query 30 - 2025-08-12 08:12:42 [1.81ms]  */
select * from `user_conversation_metrics` where `user_id` = '23736' and `round_no` = '1';
/*==================================================*/
/* Query 31 - 2025-08-12 08:12:42 [1.88ms]  */
select * from `user_events` where `user_id` = '23736' and `round_no` = '1';
/*==================================================*/
/* Query 32 - 2025-08-12 08:12:42 [1.7ms]  */
select `name`, `value` from `user_round_progress` where `user_id` = '23736' and `round_no` = '1';
/*==================================================*/
/* Query 1 - 2025-08-12 08:12:47 [1.51ms]  */
select * from `stl_models` where `stl_id` = '1' limit 1;
/*==================================================*/
/* Query 2 - 2025-08-12 08:12:47 [1.52ms]  */
select * from `model_details` where `model_id` = '1';
/*==================================================*/
/* Query 3 - 2025-08-12 08:12:47 [1.39ms]  */
select * from `statement_option_responses` where `option_id` = '217';
/*==================================================*/
/* Query 4 - 2025-08-12 08:12:47 [1.52ms]  */
select * from `statement_option_metrics` where `option_id` = '217';
/*==================================================*/
/* Query 5 - 2025-08-12 08:12:47 [1.41ms]  */
select * from `user_metrics` where `user_id` = '23749';
/*==================================================*/
/* Query 6 - 2025-08-12 08:12:47 [1.37ms]  */
select * from `user_coachee_metrics` where `user_id` = '23749' and `stl_coachee_id` = '3';
/*==================================================*/
/* Query 7 - 2025-08-12 08:12:47 [7.55ms]  */
insert into `user_conversations` (`user_id`, `stl_conversation_id`) values ('23749', '419');
/*==================================================*/
/* Query 8 - 2025-08-12 08:12:47 [6.63ms]  */
insert into `user_selected_statement_options` (`response_id`, `stl_statement_id`, `stl_conversation_id`, `option_id`, `user_id`) values ('', '120', '419', '217', '23749');
/*==================================================*/
/* Query 9 - 2025-08-12 08:12:47 [1.47ms]  */
select * from `user_round_progress` where `round_no` = '1' and `user_id` = '23749' and `name` = 'completedConversations' limit 1;
/*==================================================*/
/* Query 10 - 2025-08-12 08:12:47 [6.65ms]  */
update `user_round_progress` set `value` = '25', `updated_at` = '2025-08-12 08:12:47' where `id` = '593857';
/*==================================================*/
/* Query 11 - 2025-08-12 08:12:47 [1.33ms]  */
select * from `user_coachee_round_progress` where `stl_coachee_id` = '3' and `round_no` = '1' and `user_id` = '23749' and `name` = 'completedConversations' limit 1;
/*==================================================*/
/* Query 12 - 2025-08-12 08:12:47 [6.96ms]  */
update `user_coachee_round_progress` set `value` = '25', `updated_at` = '2025-08-12 08:12:47' where `id` = '866366';
/*==================================================*/
/* Query 13 - 2025-08-12 08:12:47 [1.5ms]  */
select * from `user_coachee_round_phase_details` where `stl_coachee_id` = '3' and `stl_round_phase_id` = '5' and `user_id` = '23749' limit 1;
/*==================================================*/
/* Query 14 - 2025-08-12 08:12:47 [6.96ms]  */
update `user_coachee_round_phase_details` set `completed_conversations` = '4', `updated_at` = '2025-08-12 08:12:47' where `id` = '641192';
/*==================================================*/
/* Query 15 - 2025-08-12 08:12:47 [1.38ms]  */
select `name`, `value`, `round_no`, `stl_coachee_id` from `user_coachee_round_progress` where `user_id` = '23749';
/*==================================================*/
/* Query 16 - 2025-08-12 08:12:47 [1.33ms]  */
select `name`, `value`, `round_no` from `user_round_progress` where `user_id` = '23749';
/*==================================================*/
/* Query 17 - 2025-08-12 08:12:47 [1.32ms]  */
select * from `events`;
/*==================================================*/
/* Query 18 - 2025-08-12 08:12:47 [1.19ms]  */
select * from `event_conditions`;
/*==================================================*/
/* Query 19 - 2025-08-12 08:12:47 [1.09ms]  */
select * from `event_types`;
/*==================================================*/
/* Query 20 - 2025-08-12 08:12:47 [1.11ms]  */
select * from `event_sources`;
/*==================================================*/
/* Query 21 - 2025-08-12 08:12:47 [1.2ms]  */
select * from `event_options`;
/*==================================================*/
/* Query 22 - 2025-08-12 08:12:47 [1.18ms]  */
select * from `event_option_response`;
/*==================================================*/
/* Query 23 - 2025-08-12 08:12:47 [1.37ms]  */
select * from `stl_events` where `stl_id` = '1' and `round_no` = '1';
/*==================================================*/
/* Query 24 - 2025-08-12 08:12:47 [1.31ms]  */
select * from `user_conversation_metrics` where `user_id` = '23749' and `round_no` = '1';
/*==================================================*/
/* Query 25 - 2025-08-12 08:12:47 [1.26ms]  */
select * from `user_events` where `user_id` = '23749' and `round_no` = '1';
/*==================================================*/
/* Query 26 - 2025-08-12 08:12:47 [1.28ms]  */
select `name`, `value` from `user_round_progress` where `user_id` = '23749' and `round_no` = '1';
/*==================================================*/
/* Query 1 - 2025-08-12 08:12:49 [1.46ms]  */
select * from `stl_models` where `stl_id` = '1' limit 1;
/*==================================================*/
/* Query 2 - 2025-08-12 08:12:49 [1.39ms]  */
select * from `model_details` where `model_id` = '1';
/*==================================================*/
/* Query 3 - 2025-08-12 08:12:49 [1.32ms]  */
select * from `statement_option_responses` where `option_id` = '97';
/*==================================================*/
/* Query 4 - 2025-08-12 08:12:49 [1.3ms]  */
select * from `statement_option_metrics` where `option_id` = '97';
/*==================================================*/
/* Query 5 - 2025-08-12 08:12:49 [1.31ms]  */
select * from `user_metrics` where `user_id` = '23739';
/*==================================================*/
/* Query 6 - 2025-08-12 08:12:49 [1.25ms]  */
select * from `user_coachee_metrics` where `user_id` = '23739' and `stl_coachee_id` = '2';
/*==================================================*/
/* Query 7 - 2025-08-12 08:12:49 [6.93ms]  */
insert into `user_conversations` (`user_id`, `stl_conversation_id`) values ('23739', '255');
/*==================================================*/
/* Query 8 - 2025-08-12 08:12:49 [7.04ms]  */
insert into `user_selected_statement_options` (`response_id`, `stl_statement_id`, `stl_conversation_id`, `option_id`, `user_id`) values ('83', '55', '255', '97', '23739');
/*==================================================*/
/* Query 9 - 2025-08-12 08:12:49 [1.3ms]  */
select * from `user_round_progress` where `round_no` = '1' and `user_id` = '23739' and `name` = 'completedConversations' limit 1;
/*==================================================*/
/* Query 10 - 2025-08-12 08:12:49 [6.74ms]  */
update `user_round_progress` set `value` = '36', `updated_at` = '2025-08-12 08:12:49' where `id` = '593695';
/*==================================================*/
/* Query 11 - 2025-08-12 08:12:49 [1.32ms]  */
select * from `user_coachee_round_progress` where `stl_coachee_id` = '2' and `round_no` = '1' and `user_id` = '23739' and `name` = 'completedConversations' limit 1;
/*==================================================*/
/* Query 12 - 2025-08-12 08:12:49 [7.14ms]  */
update `user_coachee_round_progress` set `value` = '7', `updated_at` = '2025-08-12 08:12:49' where `id` = '866105';
/*==================================================*/
/* Query 13 - 2025-08-12 08:12:49 [1.56ms]  */
select * from `user_coachee_round_phase_details` where `stl_coachee_id` = '2' and `stl_round_phase_id` = '2' and `user_id` = '23739' limit 1;
/*==================================================*/
/* Query 14 - 2025-08-12 08:12:49 [7ms]  */
update `user_coachee_round_phase_details` set `completed_conversations` = '5', `updated_at` = '2025-08-12 08:12:49' where `id` = '640910';
/*==================================================*/
/* Query 15 - 2025-08-12 08:12:49 [1.49ms]  */
select `name`, `value`, `round_no`, `stl_coachee_id` from `user_coachee_round_progress` where `user_id` = '23739';
/*==================================================*/
/* Query 16 - 2025-08-12 08:12:49 [1.3ms]  */
select `name`, `value`, `round_no` from `user_round_progress` where `user_id` = '23739';
/*==================================================*/
/* Query 17 - 2025-08-12 08:12:49 [1.23ms]  */
select * from `events`;
/*==================================================*/
/* Query 18 - 2025-08-12 08:12:49 [1.18ms]  */
select * from `event_conditions`;
/*==================================================*/
/* Query 19 - 2025-08-12 08:12:49 [1.16ms]  */
select * from `event_types`;
/*==================================================*/
/* Query 20 - 2025-08-12 08:12:49 [1.2ms]  */
select * from `event_sources`;
/*==================================================*/
/* Query 21 - 2025-08-12 08:12:49 [1.31ms]  */
select * from `event_options`;
/*==================================================*/
/* Query 22 - 2025-08-12 08:12:49 [1.16ms]  */
select * from `event_option_response`;
/*==================================================*/
/* Query 23 - 2025-08-12 08:12:49 [1.3ms]  */
select * from `stl_events` where `stl_id` = '1' and `round_no` = '1';
/*==================================================*/
/* Query 24 - 2025-08-12 08:12:49 [1.5ms]  */
select * from `user_conversation_metrics` where `user_id` = '23739' and `round_no` = '1';
/*==================================================*/
/* Query 25 - 2025-08-12 08:12:49 [1.36ms]  */
select * from `user_events` where `user_id` = '23739' and `round_no` = '1';
/*==================================================*/
/* Query 26 - 2025-08-12 08:12:49 [1.42ms]  */
select `name`, `value` from `user_round_progress` where `user_id` = '23739' and `round_no` = '1';
/*==================================================*/
/* Query 1 - 2025-08-12 08:12:49 [1.66ms]  */
select * from `stl_models` where `stl_id` = '1' limit 1;
/*==================================================*/
/* Query 2 - 2025-08-12 08:12:49 [1.67ms]  */
select * from `model_details` where `model_id` = '1';
/*==================================================*/
/* Query 3 - 2025-08-12 08:12:49 [1.5ms]  */
select * from `statement_option_responses` where `option_id` = '209';
/*==================================================*/
/* Query 4 - 2025-08-12 08:12:49 [1.53ms]  */
select * from `statement_option_metrics` where `option_id` = '209';
/*==================================================*/
/* Query 5 - 2025-08-12 08:12:49 [1.64ms]  */
select * from `user_metrics` where `user_id` = '23748';
/*==================================================*/
/* Query 6 - 2025-08-12 08:12:49 [1.72ms]  */
select * from `user_coachee_metrics` where `user_id` = '23748' and `stl_coachee_id` = '3';
/*==================================================*/
/* Query 7 - 2025-08-12 08:12:49 [10.2ms]  */
insert into `user_conversations` (`user_id`, `stl_conversation_id`) values ('23748', '415');
/*==================================================*/
/* Query 8 - 2025-08-12 08:12:49 [7.47ms]  */
insert into `user_selected_statement_options` (`response_id`, `stl_statement_id`, `stl_conversation_id`, `option_id`, `user_id`) values ('184', '116', '415', '209', '23748');
/*==================================================*/
/* Query 9 - 2025-08-12 08:12:49 [1.7ms]  */
select * from `user_round_progress` where `round_no` = '1' and `user_id` = '23748' and `name` = 'completedConversations' limit 1;
/*==================================================*/
/* Query 10 - 2025-08-12 08:12:49 [7.12ms]  */
update `user_round_progress` set `value` = '20', `updated_at` = '2025-08-12 08:12:49' where `id` = '593841';
/*==================================================*/
/* Query 11 - 2025-08-12 08:12:49 [1.72ms]  */
select * from `user_coachee_round_progress` where `stl_coachee_id` = '3' and `round_no` = '1' and `user_id` = '23748' and `name` = 'completedConversations' limit 1;
/*==================================================*/
/* Query 12 - 2025-08-12 08:12:49 [7.34ms]  */
update `user_coachee_round_progress` set `value` = '20', `updated_at` = '2025-08-12 08:12:49' where `id` = '866342';
/*==================================================*/
/* Query 13 - 2025-08-12 08:12:49 [1.81ms]  */
select * from `user_coachee_round_phase_details` where `stl_coachee_id` = '3' and `stl_round_phase_id` = '4' and `user_id` = '23748' limit 1;
/*==================================================*/
/* Query 14 - 2025-08-12 08:12:50 [6.9ms]  */
update `user_coachee_round_phase_details` set `completed_conversations` = '3', `updated_at` = '2025-08-12 08:12:49' where `id` = '641164';
/*==================================================*/
/* Query 15 - 2025-08-12 08:12:50 [1.76ms]  */
select `name`, `value`, `round_no`, `stl_coachee_id` from `user_coachee_round_progress` where `user_id` = '23748';
/*==================================================*/
/* Query 16 - 2025-08-12 08:12:50 [1.8ms]  */
select `name`, `value`, `round_no` from `user_round_progress` where `user_id` = '23748';
/*==================================================*/
/* Query 17 - 2025-08-12 08:12:50 [1.92ms]  */
select * from `events`;
/*==================================================*/
/* Query 18 - 2025-08-12 08:12:50 [1.6ms]  */
select * from `event_conditions`;
/*==================================================*/
/* Query 19 - 2025-08-12 08:12:50 [1.57ms]  */
select * from `event_types`;
/*==================================================*/
/* Query 20 - 2025-08-12 08:12:50 [1.62ms]  */
select * from `event_sources`;
/*==================================================*/
/* Query 21 - 2025-08-12 08:12:50 [1.62ms]  */
select * from `event_options`;
/*==================================================*/
/* Query 22 - 2025-08-12 08:12:50 [1.72ms]  */
select * from `event_option_response`;
/*==================================================*/
/* Query 23 - 2025-08-12 08:12:50 [1.74ms]  */
select * from `stl_events` where `stl_id` = '1' and `round_no` = '1';
/*==================================================*/
/* Query 24 - 2025-08-12 08:12:50 [1.69ms]  */
select * from `user_conversation_metrics` where `user_id` = '23748' and `round_no` = '1';
/*==================================================*/
/* Query 25 - 2025-08-12 08:12:50 [1.67ms]  */
select * from `user_events` where `user_id` = '23748' and `round_no` = '1';
/*==================================================*/
/* Query 26 - 2025-08-12 08:12:50 [1.71ms]  */
select `name`, `value` from `user_round_progress` where `user_id` = '23748' and `round_no` = '1';
/*==================================================*/
/* Query 1 - 2025-08-12 08:12:51 [1.39ms]  */
select * from `user_timer_details` where `user_id` = '23747' limit 1;
/*==================================================*/
/* Query 2 - 2025-08-12 08:12:51 [7.86ms]  */
update `user_timer_details` set `time_remaining` = '3300', `updated_at` = '2025-08-12 08:12:51' where `id` = '22726';
/*==================================================*/
/* Query 1 - 2025-08-12 08:12:54 [6.79ms]  */
INSERT INTO user_coachee_round_progress (user_id, stl_coachee_id, round_no, name, value) VALUES  (23736, 3, 1, 'isCoachingStarted', 1) , (23736, 3, 1, 'stlCoacheeId', 3) , (23736, 3, 1, 'roundNo', 1)   ON DUPLICATE KEY UPDATE `value` = VALUES(`value`);
/*==================================================*/
/* Query 2 - 2025-08-12 08:12:54 [1.38ms]  */
select `name`, `value`, `round_no`, `stl_coachee_id` from `user_coachee_round_progress` where `user_id` = '23736';
/*==================================================*/
/* Query 1 - 2025-08-12 08:12:55 [1.67ms]  */
select * from `stl_models` where `stl_id` = '1' limit 1;
/*==================================================*/
/* Query 2 - 2025-08-12 08:12:55 [1.3ms]  */
select * from `model_details` where `model_id` = '1';
/*==================================================*/
/* Query 3 - 2025-08-12 08:12:55 [1.34ms]  */
select * from `statement_option_responses` where `option_id` = '210';
/*==================================================*/
/* Query 4 - 2025-08-12 08:12:55 [1.35ms]  */
select * from `statement_option_metrics` where `option_id` = '210';
/*==================================================*/
/* Query 5 - 2025-08-12 08:12:55 [1.36ms]  */
select * from `user_metrics` where `user_id` = '23748';
/*==================================================*/
/* Query 6 - 2025-08-12 08:12:55 [1.39ms]  */
select * from `user_coachee_metrics` where `user_id` = '23748' and `stl_coachee_id` = '3';
/*==================================================*/
/* Query 7 - 2025-08-12 08:12:55 [6.93ms]  */
insert into `user_conversations` (`user_id`, `stl_conversation_id`) values ('23748', '416');
/*==================================================*/
/* Query 8 - 2025-08-12 08:12:55 [12.96ms]  */
insert into `user_selected_statement_options` (`response_id`, `stl_statement_id`, `stl_conversation_id`, `option_id`, `user_id`) values ('', '117', '416', '210', '23748');
/*==================================================*/
/* Query 9 - 2025-08-12 08:12:55 [1.61ms]  */
select * from `user_round_progress` where `round_no` = '1' and `user_id` = '23748' and `name` = 'completedConversations' limit 1;
/*==================================================*/
/* Query 10 - 2025-08-12 08:12:55 [9.73ms]  */
update `user_round_progress` set `value` = '21', `updated_at` = '2025-08-12 08:12:55' where `id` = '593841';
/*==================================================*/
/* Query 11 - 2025-08-12 08:12:55 [1.47ms]  */
select * from `user_coachee_round_progress` where `stl_coachee_id` = '3' and `round_no` = '1' and `user_id` = '23748' and `name` = 'completedConversations' limit 1;
/*==================================================*/
/* Query 12 - 2025-08-12 08:12:55 [10.74ms]  */
update `user_coachee_round_progress` set `value` = '21', `updated_at` = '2025-08-12 08:12:55' where `id` = '866342';
/*==================================================*/
/* Query 13 - 2025-08-12 08:12:55 [1.62ms]  */
select * from `user_coachee_round_phase_details` where `stl_coachee_id` = '3' and `stl_round_phase_id` = '4' and `user_id` = '23748' limit 1;
/*==================================================*/
/* Query 14 - 2025-08-12 08:12:55 [7.68ms]  */
update `user_coachee_round_phase_details` set `completed_conversations` = '4', `updated_at` = '2025-08-12 08:12:55' where `id` = '641164';
/*==================================================*/
/* Query 15 - 2025-08-12 08:12:55 [1.69ms]  */
select `name`, `value`, `round_no`, `stl_coachee_id` from `user_coachee_round_progress` where `user_id` = '23748';
/*==================================================*/
/* Query 16 - 2025-08-12 08:12:55 [1.45ms]  */
select `name`, `value`, `round_no` from `user_round_progress` where `user_id` = '23748';
/*==================================================*/
/* Query 17 - 2025-08-12 08:12:55 [1.34ms]  */
select * from `events`;
/*==================================================*/
/* Query 18 - 2025-08-12 08:12:55 [1.47ms]  */
select * from `event_conditions`;
/*==================================================*/
/* Query 19 - 2025-08-12 08:12:55 [1.28ms]  */
select * from `event_types`;
/*==================================================*/
/* Query 20 - 2025-08-12 08:12:56 [1.3ms]  */
select * from `event_sources`;
/*==================================================*/
/* Query 21 - 2025-08-12 08:12:56 [1.6ms]  */
select * from `event_options`;
/*==================================================*/
/* Query 22 - 2025-08-12 08:12:56 [1.41ms]  */
select * from `event_option_response`;
/*==================================================*/
/* Query 23 - 2025-08-12 08:12:56 [1.34ms]  */
select * from `stl_events` where `stl_id` = '1' and `round_no` = '1';
/*==================================================*/
/* Query 24 - 2025-08-12 08:12:56 [1.46ms]  */
select * from `user_conversation_metrics` where `user_id` = '23748' and `round_no` = '1';
/*==================================================*/
/* Query 25 - 2025-08-12 08:12:56 [1.3ms]  */
select * from `user_events` where `user_id` = '23748' and `round_no` = '1';
/*==================================================*/
/* Query 26 - 2025-08-12 08:12:56 [1.34ms]  */
select `name`, `value` from `user_round_progress` where `user_id` = '23748' and `round_no` = '1';
/*==================================================*/
/* Query 1 - 2025-08-12 08:12:56 [1.51ms]  */
select * from `user_timer_details` where `user_id` = '23746' limit 1;
/*==================================================*/
/* Query 2 - 2025-08-12 08:12:56 [7.49ms]  */
update `user_timer_details` set `time_remaining` = '3210', `updated_at` = '2025-08-12 08:12:56' where `id` = '22725';
/*==================================================*/
/* Query 1 - 2025-08-12 08:12:59 [6.36ms]  */
INSERT INTO user_coachee_round_progress (user_id, stl_coachee_id, round_no, name, value) VALUES  (23745, 2, 1, 'isCoachingStarted', 1) , (23745, 2, 1, 'stlCoacheeId', 2) , (23745, 2, 1, 'roundNo', 1)   ON DUPLICATE KEY UPDATE `value` = VALUES(`value`);
/*==================================================*/
/* Query 2 - 2025-08-12 08:12:59 [1.36ms]  */
select `name`, `value`, `round_no`, `stl_coachee_id` from `user_coachee_round_progress` where `user_id` = '23745';
/*==================================================*/
/* Query 1 - 2025-08-12 08:13:00 [1.65ms]  */
select * from `stl_models` where `stl_id` = '1' limit 1;
/*==================================================*/
/* Query 2 - 2025-08-12 08:13:00 [1.8ms]  */
select * from `model_details` where `model_id` = '1';
/*==================================================*/
/* Query 3 - 2025-08-12 08:13:00 [1.69ms]  */
select * from `statement_option_responses` where `option_id` = '21';
/*==================================================*/
/* Query 4 - 2025-08-12 08:13:00 [1.58ms]  */
select * from `statement_option_metrics` where `option_id` = '21';
/*==================================================*/
/* Query 5 - 2025-08-12 08:13:00 [1.74ms]  */
select * from `user_metrics` where `user_id` = '23757';
/*==================================================*/
/* Query 6 - 2025-08-12 08:13:00 [1.66ms]  */
select * from `user_coachee_metrics` where `user_id` = '23757' and `stl_coachee_id` = '1';
/*==================================================*/
/* Query 7 - 2025-08-12 08:13:00 [7.84ms]  */
insert into `user_conversations` (`user_id`, `stl_conversation_id`) values ('23757', '115');
/*==================================================*/
/* Query 8 - 2025-08-12 08:13:00 [7.45ms]  */
insert into `user_selected_statement_options` (`response_id`, `stl_statement_id`, `stl_conversation_id`, `option_id`, `user_id`) values ('', '15', '115', '21', '23757');
/*==================================================*/
/* Query 9 - 2025-08-12 08:13:00 [1.75ms]  */
select * from `user_round_progress` where `round_no` = '1' and `user_id` = '23757' and `name` = 'completedConversations' limit 1;
/*==================================================*/
/* Query 10 - 2025-08-12 08:13:00 [7.73ms]  */
update `user_round_progress` set `value` = '13', `updated_at` = '2025-08-12 08:13:00' where `id` = '594021';
/*==================================================*/
/* Query 11 - 2025-08-12 08:13:00 [1.8ms]  */
select * from `user_coachee_round_progress` where `stl_coachee_id` = '1' and `round_no` = '1' and `user_id` = '23757' and `name` = 'completedConversations' limit 1;
/*==================================================*/
/* Query 12 - 2025-08-12 08:13:00 [6.57ms]  */
update `user_coachee_round_progress` set `value` = '13', `updated_at` = '2025-08-12 08:13:00' where `id` = '866600';
/*==================================================*/
/* Query 13 - 2025-08-12 08:13:00 [1.86ms]  */
select * from `user_coachee_round_phase_details` where `stl_coachee_id` = '1' and `stl_round_phase_id` = '2' and `user_id` = '23757' limit 1;
/*==================================================*/
/* Query 14 - 2025-08-12 08:13:00 [8.23ms]  */
update `user_coachee_round_phase_details` set `completed_conversations` = '11', `updated_at` = '2025-08-12 08:13:00' where `id` = '641387';
/*==================================================*/
/* Query 15 - 2025-08-12 08:13:00 [2.16ms]  */
select `name`, `value`, `round_no`, `stl_coachee_id` from `user_coachee_round_progress` where `user_id` = '23757';
/*==================================================*/
/* Query 16 - 2025-08-12 08:13:00 [1.74ms]  */
select `name`, `value`, `round_no` from `user_round_progress` where `user_id` = '23757';
/*==================================================*/
/* Query 17 - 2025-08-12 08:13:00 [1.82ms]  */
select * from `events`;
/*==================================================*/
/* Query 18 - 2025-08-12 08:13:00 [1.59ms]  */
select * from `event_conditions`;
/*==================================================*/
/* Query 19 - 2025-08-12 08:13:00 [1.52ms]  */
select * from `event_types`;
/*==================================================*/
/* Query 20 - 2025-08-12 08:13:00 [1.65ms]  */
select * from `event_sources`;
/*==================================================*/
/* Query 21 - 2025-08-12 08:13:00 [1.65ms]  */
select * from `event_options`;
/*==================================================*/
/* Query 22 - 2025-08-12 08:13:00 [1.66ms]  */
select * from `event_option_response`;
/*==================================================*/
/* Query 23 - 2025-08-12 08:13:00 [1.64ms]  */
select * from `stl_events` where `stl_id` = '1' and `round_no` = '1';
/*==================================================*/
/* Query 24 - 2025-08-12 08:13:00 [1.8ms]  */
select * from `user_conversation_metrics` where `user_id` = '23757' and `round_no` = '1';
/*==================================================*/
/* Query 25 - 2025-08-12 08:13:00 [1.84ms]  */
select * from `user_events` where `user_id` = '23757' and `round_no` = '1';
/*==================================================*/
/* Query 26 - 2025-08-12 08:13:00 [1.86ms]  */
select `name`, `value` from `user_round_progress` where `user_id` = '23757' and `round_no` = '1';
/*==================================================*/
/* Query 1 - 2025-08-12 08:13:03 [1.51ms]  */
select * from `user_timer_details` where `user_id` = '23749' limit 1;
/*==================================================*/
/* Query 2 - 2025-08-12 08:13:03 [11.28ms]  */
update `user_timer_details` set `time_remaining` = '3225', `updated_at` = '2025-08-12 08:13:03' where `id` = '22728';
/*==================================================*/
/* Query 1 - 2025-08-12 08:13:05 [1.63ms]  */
select * from `user_timer_details` where `user_id` = '23742' limit 1;
/*==================================================*/
/* Query 2 - 2025-08-12 08:13:05 [7.35ms]  */
update `user_timer_details` set `time_remaining` = '3255', `updated_at` = '2025-08-12 08:13:05' where `id` = '22721';
/*==================================================*/
/* Query 1 - 2025-08-12 08:13:07 [1.39ms]  */
select * from `user_timer_details` where `user_id` = '23748' limit 1;
/*==================================================*/
/* Query 2 - 2025-08-12 08:13:07 [6.42ms]  */
update `user_timer_details` set `time_remaining` = '3195', `updated_at` = '2025-08-12 08:13:07' where `id` = '22727';
/*==================================================*/
/* Query 1 - 2025-08-12 08:13:08 [1.61ms]  */
select * from `user_timer_details` where `user_id` = '23755' limit 1;
/*==================================================*/
/* Query 2 - 2025-08-12 08:13:08 [7.82ms]  */
update `user_timer_details` set `time_remaining` = '3240', `updated_at` = '2025-08-12 08:13:08' where `id` = '22734';
/*==================================================*/
/* Query 1 - 2025-08-12 08:13:10 [1.62ms]  */
select * from `user_timer_details` where `user_id` = '23741' limit 1;
/*==================================================*/
/* Query 2 - 2025-08-12 08:13:10 [7.12ms]  */
update `user_timer_details` set `time_remaining` = '3195', `updated_at` = '2025-08-12 08:13:10' where `id` = '22720';
/*==================================================*/
/* Query 1 - 2025-08-12 08:13:12 [1.26ms]  */
select * from `user_timer_details` where `user_id` = '23738' limit 1;
/*==================================================*/
/* Query 2 - 2025-08-12 08:13:12 [6.75ms]  */
update `user_timer_details` set `time_remaining` = '3210', `updated_at` = '2025-08-12 08:13:12' where `id` = '22717';
/*==================================================*/
/* Query 1 - 2025-08-12 08:13:14 [1.3ms]  */
select * from `stl_models` where `stl_id` = '1' limit 1;
/*==================================================*/
/* Query 2 - 2025-08-12 08:13:14 [1.31ms]  */
select * from `model_details` where `model_id` = '1';
/*==================================================*/
/* Query 3 - 2025-08-12 08:13:14 [1.24ms]  */
select * from `statement_option_responses` where `option_id` = '175';
/*==================================================*/
/* Query 4 - 2025-08-12 08:13:14 [1.24ms]  */
select * from `statement_option_metrics` where `option_id` = '175';
/*==================================================*/
/* Query 5 - 2025-08-12 08:13:14 [1.29ms]  */
select * from `user_metrics` where `user_id` = '23752';
/*==================================================*/
/* Query 6 - 2025-08-12 08:13:14 [1.2ms]  */
select * from `user_coachee_metrics` where `user_id` = '23752' and `stl_coachee_id` = '3';
/*==================================================*/
/* Query 7 - 2025-08-12 08:13:14 [7.85ms]  */
insert into `user_conversations` (`user_id`, `stl_conversation_id`) values ('23752', '395');
/*==================================================*/
/* Query 8 - 2025-08-12 08:13:14 [6.75ms]  */
insert into `user_selected_statement_options` (`response_id`, `stl_statement_id`, `stl_conversation_id`, `option_id`, `user_id`) values ('152', '96', '395', '175', '23752');
/*==================================================*/
/* Query 9 - 2025-08-12 08:13:14 [1.12ms]  */
select * from `user_round_progress` where `round_no` = '1' and `user_id` = '23752' and `name` = 'completedConversations' limit 1;
/*==================================================*/
/* Query 10 - 2025-08-12 08:13:14 [6.93ms]  */
update `user_round_progress` set `value` = '33', `updated_at` = '2025-08-12 08:13:14' where `id` = '593905';
/*==================================================*/
/* Query 11 - 2025-08-12 08:13:14 [1.19ms]  */
select * from `user_coachee_round_progress` where `stl_coachee_id` = '3' and `round_no` = '1' and `user_id` = '23752' and `name` = 'completedConversations' limit 1;
/*==================================================*/
/* Query 12 - 2025-08-12 08:13:14 [7.28ms]  */
update `user_coachee_round_progress` set `value` = '4', `updated_at` = '2025-08-12 08:13:14' where `id` = '866438';
/*==================================================*/
/* Query 13 - 2025-08-12 08:13:14 [1.29ms]  */
select * from `user_coachee_round_phase_details` where `stl_coachee_id` = '3' and `stl_round_phase_id` = '2' and `user_id` = '23752' limit 1;
/*==================================================*/
/* Query 14 - 2025-08-12 08:13:14 [7.05ms]  */
update `user_coachee_round_phase_details` set `completed_conversations` = '2', `updated_at` = '2025-08-12 08:13:14' where `id` = '641270';
/*==================================================*/
/* Query 15 - 2025-08-12 08:13:14 [1.38ms]  */
select `name`, `value`, `round_no`, `stl_coachee_id` from `user_coachee_round_progress` where `user_id` = '23752';
/*==================================================*/
/* Query 16 - 2025-08-12 08:13:14 [1.31ms]  */
select `name`, `value`, `round_no` from `user_round_progress` where `user_id` = '23752';
/*==================================================*/
/* Query 17 - 2025-08-12 08:13:14 [1.28ms]  */
select * from `events`;
/*==================================================*/
/* Query 18 - 2025-08-12 08:13:14 [1.19ms]  */
select * from `event_conditions`;
/*==================================================*/
/* Query 19 - 2025-08-12 08:13:14 [1.19ms]  */
select * from `event_types`;
/*==================================================*/
/* Query 20 - 2025-08-12 08:13:14 [1.11ms]  */
select * from `event_sources`;
/*==================================================*/
/* Query 21 - 2025-08-12 08:13:15 [1.22ms]  */
select * from `event_options`;
/*==================================================*/
/* Query 22 - 2025-08-12 08:13:15 [1.2ms]  */
select * from `event_option_response`;
/*==================================================*/
/* Query 23 - 2025-08-12 08:13:15 [2.69ms]  */
select * from `stl_events` where `stl_id` = '1' and `round_no` = '1';
/*==================================================*/
/* Query 24 - 2025-08-12 08:13:15 [1.44ms]  */
select * from `user_conversation_metrics` where `user_id` = '23752' and `round_no` = '1';
/*==================================================*/
/* Query 25 - 2025-08-12 08:13:15 [1.61ms]  */
select * from `user_events` where `user_id` = '23752' and `round_no` = '1';
/*==================================================*/
/* Query 26 - 2025-08-12 08:13:15 [1.19ms]  */
select `name`, `value` from `user_round_progress` where `user_id` = '23752' and `round_no` = '1';
/*==================================================*/
/* Query 1 - 2025-08-12 08:13:16 [1.37ms]  */
select * from `stl_models` where `stl_id` = '1' limit 1;
/*==================================================*/
/* Query 2 - 2025-08-12 08:13:16 [1.23ms]  */
select * from `model_details` where `model_id` = '1';
/*==================================================*/
/* Query 3 - 2025-08-12 08:13:16 [1.26ms]  */
select * from `statement_option_responses` where `option_id` = '93';
/*==================================================*/
/* Query 4 - 2025-08-12 08:13:16 [1.26ms]  */
select * from `statement_option_metrics` where `option_id` = '93';
/*==================================================*/
/* Query 5 - 2025-08-12 08:13:16 [1.19ms]  */
select * from `user_metrics` where `user_id` = '23737';
/*==================================================*/
/* Query 6 - 2025-08-12 08:13:16 [1.11ms]  */
select * from `user_coachee_metrics` where `user_id` = '23737' and `stl_coachee_id` = '2';
/*==================================================*/
/* Query 7 - 2025-08-12 08:13:16 [10.19ms]  */
insert into `user_conversations` (`user_id`, `stl_conversation_id`) values ('23737', '251');
/*==================================================*/
/* Query 8 - 2025-08-12 08:13:16 [7.71ms]  */
insert into `user_selected_statement_options` (`response_id`, `stl_statement_id`, `stl_conversation_id`, `option_id`, `user_id`) values ('79', '51', '251', '93', '23737');
/*==================================================*/
/* Query 9 - 2025-08-12 08:13:16 [1.34ms]  */
select * from `user_round_progress` where `round_no` = '1' and `user_id` = '23737' and `name` = 'completedConversations' limit 1;
/*==================================================*/
/* Query 10 - 2025-08-12 08:13:16 [7.16ms]  */
update `user_round_progress` set `value` = '30', `updated_at` = '2025-08-12 08:13:16' where `id` = '593665';
/*==================================================*/
/* Query 11 - 2025-08-12 08:13:16 [1.3ms]  */
select * from `user_coachee_round_progress` where `stl_coachee_id` = '2' and `round_no` = '1' and `user_id` = '23737' and `name` = 'completedConversations' limit 1;
/*==================================================*/
/* Query 12 - 2025-08-12 08:13:16 [6.64ms]  */
update `user_coachee_round_progress` set `value` = '4', `updated_at` = '2025-08-12 08:13:16' where `id` = '866075';
/*==================================================*/
/* Query 13 - 2025-08-12 08:13:16 [1.14ms]  */
select * from `user_coachee_round_phase_details` where `stl_coachee_id` = '2' and `stl_round_phase_id` = '2' and `user_id` = '23737' limit 1;
/*==================================================*/
/* Query 14 - 2025-08-12 08:13:16 [6.62ms]  */
update `user_coachee_round_phase_details` set `completed_conversations` = '2', `updated_at` = '2025-08-12 08:13:16' where `id` = '640856';
/*==================================================*/
/* Query 15 - 2025-08-12 08:13:16 [1.32ms]  */
select `name`, `value`, `round_no`, `stl_coachee_id` from `user_coachee_round_progress` where `user_id` = '23737';
/*==================================================*/
/* Query 16 - 2025-08-12 08:13:16 [2.57ms]  */
select `name`, `value`, `round_no` from `user_round_progress` where `user_id` = '23737';
/*==================================================*/
/* Query 17 - 2025-08-12 08:13:16 [1.28ms]  */
select * from `events`;
/*==================================================*/
/* Query 18 - 2025-08-12 08:13:16 [0.96ms]  */
select * from `event_conditions`;
/*==================================================*/
/* Query 19 - 2025-08-12 08:13:16 [0.99ms]  */
select * from `event_types`;
/*==================================================*/
/* Query 20 - 2025-08-12 08:13:16 [0.9ms]  */
select * from `event_sources`;
/*==================================================*/
/* Query 21 - 2025-08-12 08:13:16 [1.06ms]  */
select * from `event_options`;
/*==================================================*/
/* Query 22 - 2025-08-12 08:13:16 [1.07ms]  */
select * from `event_option_response`;
/*==================================================*/
/* Query 23 - 2025-08-12 08:13:16 [1.16ms]  */
select * from `stl_events` where `stl_id` = '1' and `round_no` = '1';
/*==================================================*/
/* Query 24 - 2025-08-12 08:13:16 [1.3ms]  */
select * from `user_conversation_metrics` where `user_id` = '23737' and `round_no` = '1';
/*==================================================*/
/* Query 25 - 2025-08-12 08:13:16 [1.18ms]  */
select * from `user_events` where `user_id` = '23737' and `round_no` = '1';
/*==================================================*/
/* Query 26 - 2025-08-12 08:13:16 [1.13ms]  */
select `name`, `value` from `user_round_progress` where `user_id` = '23737' and `round_no` = '1';
/*==================================================*/
/* Query 1 - 2025-08-12 08:13:18 [1.99ms]  */
select * from `stl_models` where `stl_id` = '1' limit 1;
/*==================================================*/
/* Query 2 - 2025-08-12 08:13:18 [1.91ms]  */
select * from `model_details` where `model_id` = '1';
/*==================================================*/
/* Query 3 - 2025-08-12 08:13:18 [1.85ms]  */
select * from `statement_option_responses` where `option_id` = '28';
/*==================================================*/
/* Query 4 - 2025-08-12 08:13:18 [1.73ms]  */
select * from `statement_option_metrics` where `option_id` = '28';
/*==================================================*/
/* Query 5 - 2025-08-12 08:13:18 [1.72ms]  */
select * from `user_metrics` where `user_id` = '23746';
/*==================================================*/
/* Query 6 - 2025-08-12 08:13:18 [1.72ms]  */
select * from `user_coachee_metrics` where `user_id` = '23746' and `stl_coachee_id` = '1';
/*==================================================*/
/* Query 7 - 2025-08-12 08:13:18 [7.78ms]  */
insert into `user_conversations` (`user_id`, `stl_conversation_id`) values ('23746', '118');
/*==================================================*/
/* Query 8 - 2025-08-12 08:13:18 [7.38ms]  */
insert into `user_selected_statement_options` (`response_id`, `stl_statement_id`, `stl_conversation_id`, `option_id`, `user_id`) values ('22', '18', '118', '28', '23746');
/*==================================================*/
/* Query 9 - 2025-08-12 08:13:18 [1.85ms]  */
select * from `user_round_progress` where `round_no` = '1' and `user_id` = '23746' and `name` = 'completedConversations' limit 1;
/*==================================================*/
/* Query 10 - 2025-08-12 08:13:18 [7.04ms]  */
update `user_round_progress` set `value` = '16', `updated_at` = '2025-08-12 08:13:18' where `id` = '593809';
/*==================================================*/
/* Query 11 - 2025-08-12 08:13:18 [1.73ms]  */
select * from `user_coachee_round_progress` where `stl_coachee_id` = '1' and `round_no` = '1' and `user_id` = '23746' and `name` = 'completedConversations' limit 1;
/*==================================================*/
/* Query 12 - 2025-08-12 08:13:18 [7.68ms]  */
update `user_coachee_round_progress` set `value` = '16', `updated_at` = '2025-08-12 08:13:18' where `id` = '866288';
/*==================================================*/
/* Query 13 - 2025-08-12 08:13:18 [1.86ms]  */
select * from `user_coachee_round_phase_details` where `stl_coachee_id` = '1' and `stl_round_phase_id` = '2' and `user_id` = '23746' limit 1;
/*==================================================*/
/* Query 14 - 2025-08-12 08:13:18 [7.93ms]  */
update `user_coachee_round_phase_details` set `completed_conversations` = '14', `updated_at` = '2025-08-12 08:13:18' where `id` = '641090';
/*==================================================*/
/* Query 15 - 2025-08-12 08:13:18 [1.77ms]  */
select `name`, `value`, `round_no`, `stl_coachee_id` from `user_coachee_round_progress` where `user_id` = '23746';
/*==================================================*/
/* Query 16 - 2025-08-12 08:13:18 [1.72ms]  */
select `name`, `value`, `round_no` from `user_round_progress` where `user_id` = '23746';
/*==================================================*/
/* Query 17 - 2025-08-12 08:13:18 [1.79ms]  */
select * from `events`;
/*==================================================*/
/* Query 18 - 2025-08-12 08:13:18 [1.67ms]  */
select * from `event_conditions`;
/*==================================================*/
/* Query 19 - 2025-08-12 08:13:18 [1.66ms]  */
select * from `event_types`;
/*==================================================*/
/* Query 20 - 2025-08-12 08:13:18 [1.61ms]  */
select * from `event_sources`;
/*==================================================*/
/* Query 21 - 2025-08-12 08:13:18 [1.71ms]  */
select * from `event_options`;
/*==================================================*/
/* Query 22 - 2025-08-12 08:13:18 [1.57ms]  */
select * from `event_option_response`;
/*==================================================*/
/* Query 23 - 2025-08-12 08:13:18 [1.69ms]  */
select * from `stl_events` where `stl_id` = '1' and `round_no` = '1';
/*==================================================*/
/* Query 24 - 2025-08-12 08:13:18 [1.87ms]  */
select * from `user_conversation_metrics` where `user_id` = '23746' and `round_no` = '1';
/*==================================================*/
/* Query 25 - 2025-08-12 08:13:18 [2.01ms]  */
select * from `user_events` where `user_id` = '23746' and `round_no` = '1';
/*==================================================*/
/* Query 26 - 2025-08-12 08:13:18 [1.99ms]  */
select `name`, `value` from `user_round_progress` where `user_id` = '23746' and `round_no` = '1';
/*==================================================*/
/* Query 1 - 2025-08-12 08:13:19 [1.39ms]  */
select * from `user_timer_details` where `user_id` = '23734' limit 1;
/*==================================================*/
/* Query 2 - 2025-08-12 08:13:19 [13.53ms]  */
update `user_timer_details` set `time_remaining` = '3180', `updated_at` = '2025-08-12 08:13:19' where `id` = '22713';
/*==================================================*/
/* Query 1 - 2025-08-12 08:13:19 [0.96ms]  */
select * from `stl_models` where `stl_id` = '1' limit 1;
/*==================================================*/
/* Query 2 - 2025-08-12 08:13:19 [0.85ms]  */
select * from `model_details` where `model_id` = '1';
/*==================================================*/
/* Query 3 - 2025-08-12 08:13:19 [4.32ms]  */
select * from `statement_option_responses` where `option_id` = '176';
/*==================================================*/
/* Query 4 - 2025-08-12 08:13:19 [3.64ms]  */
select * from `statement_option_metrics` where `option_id` = '176';
/*==================================================*/
/* Query 5 - 2025-08-12 08:13:19 [0.93ms]  */
select * from `user_metrics` where `user_id` = '23752';
/*==================================================*/
/* Query 6 - 2025-08-12 08:13:19 [0.84ms]  */
select * from `user_coachee_metrics` where `user_id` = '23752' and `stl_coachee_id` = '3';
/*==================================================*/
/* Query 7 - 2025-08-12 08:13:19 [6.09ms]  */
insert into `user_conversations` (`user_id`, `stl_conversation_id`) values ('23752', '396');
/*==================================================*/
/* Query 8 - 2025-08-12 08:13:19 [5.85ms]  */
insert into `user_selected_statement_options` (`response_id`, `stl_statement_id`, `stl_conversation_id`, `option_id`, `user_id`) values ('153', '97', '396', '176', '23752');
/*==================================================*/
/* Query 9 - 2025-08-12 08:13:19 [0.94ms]  */
select * from `user_round_progress` where `round_no` = '1' and `user_id` = '23752' and `name` = 'completedConversations' limit 1;
/*==================================================*/
/* Query 10 - 2025-08-12 08:13:19 [6.41ms]  */
update `user_round_progress` set `value` = '34', `updated_at` = '2025-08-12 08:13:19' where `id` = '593905';
/*==================================================*/
/* Query 11 - 2025-08-12 08:13:19 [1.04ms]  */
select * from `user_coachee_round_progress` where `stl_coachee_id` = '3' and `round_no` = '1' and `user_id` = '23752' and `name` = 'completedConversations' limit 1;
/*==================================================*/
/* Query 12 - 2025-08-12 08:13:19 [6.92ms]  */
update `user_coachee_round_progress` set `value` = '5', `updated_at` = '2025-08-12 08:13:19' where `id` = '866438';
/*==================================================*/
/* Query 13 - 2025-08-12 08:13:19 [1.03ms]  */
select * from `user_coachee_round_phase_details` where `stl_coachee_id` = '3' and `stl_round_phase_id` = '2' and `user_id` = '23752' limit 1;
/*==================================================*/
/* Query 14 - 2025-08-12 08:13:19 [6.19ms]  */
update `user_coachee_round_phase_details` set `completed_conversations` = '3', `updated_at` = '2025-08-12 08:13:19' where `id` = '641270';
/*==================================================*/
/* Query 15 - 2025-08-12 08:13:19 [1.04ms]  */
select `name`, `value`, `round_no`, `stl_coachee_id` from `user_coachee_round_progress` where `user_id` = '23752';
/*==================================================*/
/* Query 16 - 2025-08-12 08:13:19 [0.89ms]  */
select `name`, `value`, `round_no` from `user_round_progress` where `user_id` = '23752';
/*==================================================*/
/* Query 17 - 2025-08-12 08:13:19 [0.91ms]  */
select * from `events`;
/*==================================================*/
/* Query 18 - 2025-08-12 08:13:19 [0.75ms]  */
select * from `event_conditions`;
/*==================================================*/
/* Query 19 - 2025-08-12 08:13:19 [0.72ms]  */
select * from `event_types`;
/*==================================================*/
/* Query 20 - 2025-08-12 08:13:19 [0.78ms]  */
select * from `event_sources`;
/*==================================================*/
/* Query 21 - 2025-08-12 08:13:19 [0.87ms]  */
select * from `event_options`;
/*==================================================*/
/* Query 22 - 2025-08-12 08:13:19 [0.74ms]  */
select * from `event_option_response`;
/*==================================================*/
/* Query 23 - 2025-08-12 08:13:19 [0.83ms]  */
select * from `stl_events` where `stl_id` = '1' and `round_no` = '1';
/*==================================================*/
/* Query 24 - 2025-08-12 08:13:19 [0.96ms]  */
select * from `user_conversation_metrics` where `user_id` = '23752' and `round_no` = '1';
/*==================================================*/
/* Query 25 - 2025-08-12 08:13:19 [0.92ms]  */
select * from `user_events` where `user_id` = '23752' and `round_no` = '1';
/*==================================================*/
/* Query 26 - 2025-08-12 08:13:19 [0.85ms]  */
select `name`, `value` from `user_round_progress` where `user_id` = '23752' and `round_no` = '1';
/*==================================================*/
/* Query 1 - 2025-08-12 08:13:19 [1.03ms]  */
select * from `user_timer_details` where `user_id` = '23762' limit 1;
/*==================================================*/
/* Query 2 - 2025-08-12 08:13:19 [6.35ms]  */
update `user_timer_details` set `time_remaining` = '3300', `updated_at` = '2025-08-12 08:13:19' where `id` = '22741';
/*==================================================*/
/* Query 1 - 2025-08-12 08:13:22 [1.76ms]  */
select * from `user_timer_details` where `user_id` = '23739' limit 1;
/*==================================================*/
/* Query 2 - 2025-08-12 08:13:22 [7.67ms]  */
update `user_timer_details` set `time_remaining` = '3195', `updated_at` = '2025-08-12 08:13:22' where `id` = '22718';
/*==================================================*/
/* Query 1 - 2025-08-12 08:13:22 [1.31ms]  */
select * from `user_timer_details` where `user_id` = '23743' limit 1;
/*==================================================*/
/* Query 2 - 2025-08-12 08:13:22 [6.97ms]  */
update `user_timer_details` set `time_remaining` = '3180', `updated_at` = '2025-08-12 08:13:22' where `id` = '22722';
/*==================================================*/
/* Query 1 - 2025-08-12 08:13:25 [1.18ms]  */
select * from `stl_models` where `stl_id` = '1' limit 1;
/*==================================================*/
/* Query 2 - 2025-08-12 08:13:25 [1.13ms]  */
select * from `model_details` where `model_id` = '1';
/*==================================================*/
/* Query 3 - 2025-08-12 08:13:25 [1.04ms]  */
select * from `statement_option_responses` where `option_id` = '208';
/*==================================================*/
/* Query 4 - 2025-08-12 08:13:25 [1.04ms]  */
select * from `statement_option_metrics` where `option_id` = '208';
/*==================================================*/
/* Query 5 - 2025-08-12 08:13:25 [0.99ms]  */
select * from `user_metrics` where `user_id` = '23733';
/*==================================================*/
/* Query 6 - 2025-08-12 08:13:25 [1.11ms]  */
select * from `user_coachee_metrics` where `user_id` = '23733' and `stl_coachee_id` = '3';
/*==================================================*/
/* Query 7 - 2025-08-12 08:13:25 [7.21ms]  */
insert into `user_coachee_conversation_metrics` (`actual_delta`, `delta`, `previous_value`, `round_no`, `stl_coachee_id`, `stl_conversation_id`, `stl_metric_id`, `stl_phase_id`, `updated_value`, `user_id`) values ('6', '4', '45', '1', '3', '414', '1', '4', '49', '23733');
/*==================================================*/
/* Query 8 - 2025-08-12 08:13:25 [6.36ms]  */
INSERT INTO user_coachee_metrics (user_id, stl_coachee_id, stl_metric_id, value) VALUES  (23733, 3, 1, 49)   ON DUPLICATE KEY UPDATE `value` = VALUES(`value`);
/*==================================================*/
/* Query 9 - 2025-08-12 08:13:25 [6.16ms]  */
INSERT INTO user_coachee_round_metrics (user_id, round_no, stl_coachee_id, stl_metric_id, value) VALUES  (23733, 1, 3, 1, 49)   ON DUPLICATE KEY UPDATE `value` = VALUES(`value`);
/*==================================================*/
/* Query 10 - 2025-08-12 08:13:25 [6.14ms]  */
insert into `user_conversation_metrics` (`actual_delta`, `delta`, `previous_value`, `round_no`, `stl_coachee_id`, `stl_conversation_id`, `stl_metric_id`, `stl_phase_id`, `updated_value`, `user_id`) values ('6', '6', '18', '1', '3', '414', '2', '4', '24', '23733');
/*==================================================*/
/* Query 11 - 2025-08-12 08:13:25 [6.14ms]  */
INSERT INTO user_metrics (user_id, stl_metric_id, value) VALUES  (23733, 2, 24)   ON DUPLICATE KEY UPDATE `value` = VALUES(`value`);
/*==================================================*/
/* Query 12 - 2025-08-12 08:13:25 [5.91ms]  */
INSERT INTO user_round_metrics (user_id, round_no, stl_metric_id, value) VALUES  (23733, 1, 2, 24)   ON DUPLICATE KEY UPDATE `value` = VALUES(`value`);
/*==================================================*/
/* Query 13 - 2025-08-12 08:13:25 [5.87ms]  */
insert into `user_conversations` (`user_id`, `stl_conversation_id`) values ('23733', '414');
/*==================================================*/
/* Query 14 - 2025-08-12 08:13:25 [5.84ms]  */
insert into `user_selected_statement_options` (`response_id`, `stl_statement_id`, `stl_conversation_id`, `option_id`, `user_id`) values ('183', '115', '414', '208', '23733');
/*==================================================*/
/* Query 15 - 2025-08-12 08:13:25 [1.1ms]  */
select * from `user_round_progress` where `round_no` = '1' and `user_id` = '23733' and `name` = 'completedConversations' limit 1;
/*==================================================*/
/* Query 16 - 2025-08-12 08:13:25 [6.26ms]  */
update `user_round_progress` set `value` = '19', `updated_at` = '2025-08-12 08:13:25' where `id` = '593601';
/*==================================================*/
/* Query 17 - 2025-08-12 08:13:25 [1.25ms]  */
select * from `user_coachee_round_progress` where `stl_coachee_id` = '3' and `round_no` = '1' and `user_id` = '23733' and `name` = 'completedConversations' limit 1;
/*==================================================*/
/* Query 18 - 2025-08-12 08:13:25 [10.41ms]  */
update `user_coachee_round_progress` set `value` = '19', `updated_at` = '2025-08-12 08:13:25' where `id` = '865982';
/*==================================================*/
/* Query 19 - 2025-08-12 08:13:25 [1.39ms]  */
select * from `user_coachee_round_phase_details` where `stl_coachee_id` = '3' and `stl_round_phase_id` = '4' and `user_id` = '23733' limit 1;
/*==================================================*/
/* Query 20 - 2025-08-12 08:13:25 [6.41ms]  */
update `user_coachee_round_phase_details` set `completed_conversations` = '2', `updated_at` = '2025-08-12 08:13:25' where `id` = '640759';
/*==================================================*/
/* Query 21 - 2025-08-12 08:13:25 [1.31ms]  */
select `name`, `value`, `round_no`, `stl_coachee_id` from `user_coachee_round_progress` where `user_id` = '23733';
/*==================================================*/
/* Query 22 - 2025-08-12 08:13:25 [1.12ms]  */
select `name`, `value`, `round_no` from `user_round_progress` where `user_id` = '23733';
/*==================================================*/
/* Query 23 - 2025-08-12 08:13:25 [1.2ms]  */
select * from `events`;
/*==================================================*/
/* Query 24 - 2025-08-12 08:13:25 [1ms]  */
select * from `event_conditions`;
/*==================================================*/
/* Query 25 - 2025-08-12 08:13:25 [1.06ms]  */
select * from `event_types`;
/*==================================================*/
/* Query 26 - 2025-08-12 08:13:25 [0.94ms]  */
select * from `event_sources`;
/*==================================================*/
/* Query 27 - 2025-08-12 08:13:25 [1.12ms]  */
select * from `event_options`;
/*==================================================*/
/* Query 28 - 2025-08-12 08:13:25 [1.01ms]  */
select * from `event_option_response`;
/*==================================================*/
/* Query 29 - 2025-08-12 08:13:25 [1.04ms]  */
select * from `stl_events` where `stl_id` = '1' and `round_no` = '1';
/*==================================================*/
/* Query 30 - 2025-08-12 08:13:25 [1.06ms]  */
select * from `user_conversation_metrics` where `user_id` = '23733' and `round_no` = '1';
/*==================================================*/
/* Query 31 - 2025-08-12 08:13:25 [1.24ms]  */
select * from `user_events` where `user_id` = '23733' and `round_no` = '1';
/*==================================================*/
/* Query 32 - 2025-08-12 08:13:25 [1.11ms]  */
select `name`, `value` from `user_round_progress` where `user_id` = '23733' and `round_no` = '1';
/*==================================================*/
/* Query 1 - 2025-08-12 08:13:26 [1.51ms]  */
select * from `stl_models` where `stl_id` = '1' limit 1;
/*==================================================*/
/* Query 2 - 2025-08-12 08:13:26 [1.58ms]  */
select * from `model_details` where `model_id` = '1';
/*==================================================*/
/* Query 3 - 2025-08-12 08:13:26 [1.58ms]  */
select * from `statement_option_responses` where `option_id` = '209';
/*==================================================*/
/* Query 4 - 2025-08-12 08:13:26 [1.55ms]  */
select * from `statement_option_metrics` where `option_id` = '209';
/*==================================================*/
/* Query 5 - 2025-08-12 08:13:26 [1.62ms]  */
select * from `user_metrics` where `user_id` = '23762';
/*==================================================*/
/* Query 6 - 2025-08-12 08:13:26 [1.72ms]  */
select * from `user_coachee_metrics` where `user_id` = '23762' and `stl_coachee_id` = '3';
/*==================================================*/
/* Query 7 - 2025-08-12 08:13:26 [7.37ms]  */
insert into `user_conversations` (`user_id`, `stl_conversation_id`) values ('23762', '415');
/*==================================================*/
/* Query 8 - 2025-08-12 08:13:26 [7.14ms]  */
insert into `user_selected_statement_options` (`response_id`, `stl_statement_id`, `stl_conversation_id`, `option_id`, `user_id`) values ('184', '116', '415', '209', '23762');
/*==================================================*/
/* Query 9 - 2025-08-12 08:13:26 [1.82ms]  */
select * from `user_round_progress` where `round_no` = '1' and `user_id` = '23762' and `name` = 'completedConversations' limit 1;
/*==================================================*/
/* Query 10 - 2025-08-12 08:13:26 [7.41ms]  */
update `user_round_progress` set `value` = '20', `updated_at` = '2025-08-12 08:13:26' where `id` = '594107';
/*==================================================*/
/* Query 11 - 2025-08-12 08:13:26 [1.8ms]  */
select * from `user_coachee_round_progress` where `stl_coachee_id` = '3' and `round_no` = '1' and `user_id` = '23762' and `name` = 'completedConversations' limit 1;
/*==================================================*/
/* Query 12 - 2025-08-12 08:13:26 [10.49ms]  */
update `user_coachee_round_progress` set `value` = '20', `updated_at` = '2025-08-12 08:13:26' where `id` = '866738';
/*==================================================*/
/* Query 13 - 2025-08-12 08:13:26 [2.49ms]  */
select * from `user_coachee_round_phase_details` where `stl_coachee_id` = '3' and `stl_round_phase_id` = '4' and `user_id` = '23762' limit 1;
/*==================================================*/
/* Query 14 - 2025-08-12 08:13:26 [6.84ms]  */
update `user_coachee_round_phase_details` set `completed_conversations` = '3', `updated_at` = '2025-08-12 08:13:26' where `id` = '641542';
/*==================================================*/
/* Query 15 - 2025-08-12 08:13:26 [1.65ms]  */
select `name`, `value`, `round_no`, `stl_coachee_id` from `user_coachee_round_progress` where `user_id` = '23762';
/*==================================================*/
/* Query 16 - 2025-08-12 08:13:26 [1.49ms]  */
select `name`, `value`, `round_no` from `user_round_progress` where `user_id` = '23762';
/*==================================================*/
/* Query 17 - 2025-08-12 08:13:26 [1.63ms]  */
select * from `events`;
/*==================================================*/
/* Query 18 - 2025-08-12 08:13:26 [1.61ms]  */
select * from `event_conditions`;
/*==================================================*/
/* Query 19 - 2025-08-12 08:13:26 [1.51ms]  */
select * from `event_types`;
/*==================================================*/
/* Query 20 - 2025-08-12 08:13:26 [1.55ms]  */
select * from `event_sources`;
/*==================================================*/
/* Query 21 - 2025-08-12 08:13:26 [1.61ms]  */
select * from `event_options`;
/*==================================================*/
/* Query 22 - 2025-08-12 08:13:26 [1.52ms]  */
select * from `event_option_response`;
/*==================================================*/
/* Query 23 - 2025-08-12 08:13:26 [1.62ms]  */
select * from `stl_events` where `stl_id` = '1' and `round_no` = '1';
/*==================================================*/
/* Query 24 - 2025-08-12 08:13:26 [1.59ms]  */
select * from `user_conversation_metrics` where `user_id` = '23762' and `round_no` = '1';
/*==================================================*/
/* Query 25 - 2025-08-12 08:13:26 [1.83ms]  */
select * from `user_events` where `user_id` = '23762' and `round_no` = '1';
/*==================================================*/
/* Query 26 - 2025-08-12 08:13:26 [1.56ms]  */
select `name`, `value` from `user_round_progress` where `user_id` = '23762' and `round_no` = '1';
/*==================================================*/
/* Query 1 - 2025-08-12 08:13:26 [1.38ms]  */
select * from `stl_models` where `stl_id` = '1' limit 1;
/*==================================================*/
/* Query 2 - 2025-08-12 08:13:26 [1.34ms]  */
select * from `model_details` where `model_id` = '1';
/*==================================================*/
/* Query 3 - 2025-08-12 08:13:26 [1.35ms]  */
select * from `statement_option_responses` where `option_id` = '215';
/*==================================================*/
/* Query 4 - 2025-08-12 08:13:26 [1.42ms]  */
select * from `statement_option_metrics` where `option_id` = '215';
/*==================================================*/
/* Query 5 - 2025-08-12 08:13:26 [1.98ms]  */
select * from `user_metrics` where `user_id` = '23748';
/*==================================================*/
/* Query 6 - 2025-08-12 08:13:26 [1.32ms]  */
select * from `user_coachee_metrics` where `user_id` = '23748' and `stl_coachee_id` = '3';
/*==================================================*/
/* Query 7 - 2025-08-12 08:13:26 [6.87ms]  */
insert into `user_coachee_conversation_metrics` (`actual_delta`, `delta`, `previous_value`, `round_no`, `stl_coachee_id`, `stl_conversation_id`, `stl_metric_id`, `stl_phase_id`, `updated_value`, `user_id`) values ('6', '4', '47', '1', '3', '417', '1', '5', '51', '23748');
/*==================================================*/
/* Query 8 - 2025-08-12 08:13:26 [6.61ms]  */
INSERT INTO user_coachee_metrics (user_id, stl_coachee_id, stl_metric_id, value) VALUES  (23748, 3, 1, 51)   ON DUPLICATE KEY UPDATE `value` = VALUES(`value`);
/*==================================================*/
/* Query 9 - 2025-08-12 08:13:26 [6.22ms]  */
INSERT INTO user_coachee_round_metrics (user_id, round_no, stl_coachee_id, stl_metric_id, value) VALUES  (23748, 1, 3, 1, 51)   ON DUPLICATE KEY UPDATE `value` = VALUES(`value`);
/*==================================================*/
/* Query 10 - 2025-08-12 08:13:26 [6.7ms]  */
insert into `user_conversation_metrics` (`actual_delta`, `delta`, `previous_value`, `round_no`, `stl_coachee_id`, `stl_conversation_id`, `stl_metric_id`, `stl_phase_id`, `updated_value`, `user_id`) values ('6', '6', '24', '1', '3', '417', '2', '5', '30', '23748');
/*==================================================*/
/* Query 11 - 2025-08-12 08:13:26 [6.55ms]  */
INSERT INTO user_metrics (user_id, stl_metric_id, value) VALUES  (23748, 2, 30)   ON DUPLICATE KEY UPDATE `value` = VALUES(`value`);
/*==================================================*/
/* Query 12 - 2025-08-12 08:13:26 [6.43ms]  */
INSERT INTO user_round_metrics (user_id, round_no, stl_metric_id, value) VALUES  (23748, 1, 2, 30)   ON DUPLICATE KEY UPDATE `value` = VALUES(`value`);
/*==================================================*/
/* Query 13 - 2025-08-12 08:13:26 [6.73ms]  */
insert into `user_conversations` (`user_id`, `stl_conversation_id`) values ('23748', '417');
/*==================================================*/
/* Query 14 - 2025-08-12 08:13:26 [6.49ms]  */
insert into `user_selected_statement_options` (`response_id`, `stl_statement_id`, `stl_conversation_id`, `option_id`, `user_id`) values ('190', '118', '417', '215', '23748');
/*==================================================*/
/* Query 15 - 2025-08-12 08:13:26 [1.56ms]  */
select * from `user_round_progress` where `round_no` = '1' and `user_id` = '23748' and `name` = 'completedConversations' limit 1;
/*==================================================*/
/* Query 16 - 2025-08-12 08:13:26 [6.44ms]  */
update `user_round_progress` set `value` = '23', `updated_at` = '2025-08-12 08:13:26' where `id` = '593841';
/*==================================================*/
/* Query 17 - 2025-08-12 08:13:26 [1.54ms]  */
select * from `user_coachee_round_progress` where `stl_coachee_id` = '3' and `round_no` = '1' and `user_id` = '23748' and `name` = 'completedConversations' limit 1;
/*==================================================*/
/* Query 18 - 2025-08-12 08:13:26 [6.44ms]  */
update `user_coachee_round_progress` set `value` = '23', `updated_at` = '2025-08-12 08:13:26' where `id` = '866342';
/*==================================================*/
/* Query 19 - 2025-08-12 08:13:26 [1.46ms]  */
select * from `user_coachee_round_phase_details` where `stl_coachee_id` = '3' and `stl_round_phase_id` = '5' and `user_id` = '23748' limit 1;
/*==================================================*/
/* Query 20 - 2025-08-12 08:13:26 [6.74ms]  */
update `user_coachee_round_phase_details` set `completed_conversations` = '2', `updated_at` = '2025-08-12 08:13:26' where `id` = '641165';
/*==================================================*/
/* Query 21 - 2025-08-12 08:13:26 [1.54ms]  */
select `name`, `value`, `round_no`, `stl_coachee_id` from `user_coachee_round_progress` where `user_id` = '23748';
/*==================================================*/
/* Query 22 - 2025-08-12 08:13:26 [1.72ms]  */
select `name`, `value`, `round_no` from `user_round_progress` where `user_id` = '23748';
/*==================================================*/
/* Query 23 - 2025-08-12 08:13:26 [1.51ms]  */
select * from `events`;
/*==================================================*/
/* Query 24 - 2025-08-12 08:13:26 [1.3ms]  */
select * from `event_conditions`;
/*==================================================*/
/* Query 25 - 2025-08-12 08:13:26 [1.41ms]  */
select * from `event_types`;
/*==================================================*/
/* Query 26 - 2025-08-12 08:13:26 [1.31ms]  */
select * from `event_sources`;
/*==================================================*/
/* Query 27 - 2025-08-12 08:13:26 [1.34ms]  */
select * from `event_options`;
/*==================================================*/
/* Query 28 - 2025-08-12 08:13:26 [1.31ms]  */
select * from `event_option_response`;
/*==================================================*/
/* Query 29 - 2025-08-12 08:13:26 [1.4ms]  */
select * from `stl_events` where `stl_id` = '1' and `round_no` = '1';
/*==================================================*/
/* Query 30 - 2025-08-12 08:13:26 [1.46ms]  */
select * from `user_conversation_metrics` where `user_id` = '23748' and `round_no` = '1';
/*==================================================*/
/* Query 31 - 2025-08-12 08:13:26 [1.37ms]  */
select * from `user_events` where `user_id` = '23748' and `round_no` = '1';
/*==================================================*/
/* Query 32 - 2025-08-12 08:13:26 [1.38ms]  */
select `name`, `value` from `user_round_progress` where `user_id` = '23748' and `round_no` = '1';
/*==================================================*/
/* Query 1 - 2025-08-12 08:13:28 [1.59ms]  */
select * from `stl_models` where `stl_id` = '1' limit 1;
/*==================================================*/
/* Query 2 - 2025-08-12 08:13:28 [1.44ms]  */
select * from `model_details` where `model_id` = '1';
/*==================================================*/
/* Query 3 - 2025-08-12 08:13:28 [1.45ms]  */
select * from `statement_option_responses` where `option_id` = '201';
/*==================================================*/
/* Query 4 - 2025-08-12 08:13:28 [1.33ms]  */
select * from `statement_option_metrics` where `option_id` = '201';
/*==================================================*/
/* Query 5 - 2025-08-12 08:13:28 [1.39ms]  */
select * from `user_metrics` where `user_id` = '23759';
/*==================================================*/
/* Query 6 - 2025-08-12 08:13:28 [1.48ms]  */
select * from `user_coachee_metrics` where `user_id` = '23759' and `stl_coachee_id` = '3';
/*==================================================*/
/* Query 7 - 2025-08-12 08:13:28 [7.08ms]  */
insert into `user_conversations` (`user_id`, `stl_conversation_id`) values ('23759', '411');
/*==================================================*/
/* Query 8 - 2025-08-12 08:13:28 [7.81ms]  */
insert into `user_selected_statement_options` (`response_id`, `stl_statement_id`, `stl_conversation_id`, `option_id`, `user_id`) values ('177', '112', '411', '201', '23759');
/*==================================================*/
/* Query 9 - 2025-08-12 08:13:28 [1.57ms]  */
select * from `user_round_progress` where `round_no` = '1' and `user_id` = '23759' and `name` = 'completedConversations' limit 1;
/*==================================================*/
/* Query 10 - 2025-08-12 08:13:28 [7.46ms]  */
update `user_round_progress` set `value` = '16', `updated_at` = '2025-08-12 08:13:28' where `id` = '594055';
/*==================================================*/
/* Query 11 - 2025-08-12 08:13:28 [1.59ms]  */
select * from `user_coachee_round_progress` where `stl_coachee_id` = '3' and `round_no` = '1' and `user_id` = '23759' and `name` = 'completedConversations' limit 1;
/*==================================================*/
/* Query 12 - 2025-08-12 08:13:29 [8.69ms]  */
update `user_coachee_round_progress` set `value` = '16', `updated_at` = '2025-08-12 08:13:28' where `id` = '866660';
/*==================================================*/
/* Query 13 - 2025-08-12 08:13:29 [1.71ms]  */
select * from `user_coachee_round_phase_details` where `stl_coachee_id` = '3' and `stl_round_phase_id` = '3' and `user_id` = '23759' limit 1;
/*==================================================*/
/* Query 14 - 2025-08-12 08:13:29 [7.82ms]  */
update `user_coachee_round_phase_details` set `completed_conversations` = '2', `updated_at` = '2025-08-12 08:13:29' where `id` = '641460';
/*==================================================*/
/* Query 15 - 2025-08-12 08:13:29 [1.59ms]  */
select `name`, `value`, `round_no`, `stl_coachee_id` from `user_coachee_round_progress` where `user_id` = '23759';
/*==================================================*/
/* Query 16 - 2025-08-12 08:13:29 [1.69ms]  */
select `name`, `value`, `round_no` from `user_round_progress` where `user_id` = '23759';
/*==================================================*/
/* Query 17 - 2025-08-12 08:13:29 [1.5ms]  */
select * from `events`;
/*==================================================*/
/* Query 18 - 2025-08-12 08:13:29 [1.33ms]  */
select * from `event_conditions`;
/*==================================================*/
/* Query 19 - 2025-08-12 08:13:29 [1.35ms]  */
select * from `event_types`;
/*==================================================*/
/* Query 20 - 2025-08-12 08:13:29 [1.56ms]  */
select * from `event_sources`;
/*==================================================*/
/* Query 21 - 2025-08-12 08:13:29 [1.4ms]  */
select * from `event_options`;
/*==================================================*/
/* Query 22 - 2025-08-12 08:13:29 [1.31ms]  */
select * from `event_option_response`;
/*==================================================*/
/* Query 23 - 2025-08-12 08:13:29 [1.36ms]  */
select * from `stl_events` where `stl_id` = '1' and `round_no` = '1';
/*==================================================*/
/* Query 24 - 2025-08-12 08:13:29 [1.46ms]  */
select * from `user_conversation_metrics` where `user_id` = '23759' and `round_no` = '1';
/*==================================================*/
/* Query 25 - 2025-08-12 08:13:29 [1.42ms]  */
select * from `user_events` where `user_id` = '23759' and `round_no` = '1';
/*==================================================*/
/* Query 26 - 2025-08-12 08:13:29 [1.39ms]  */
select `name`, `value` from `user_round_progress` where `user_id` = '23759' and `round_no` = '1';
/*==================================================*/
/* Query 1 - 2025-08-12 08:13:32 [1.08ms]  */
select * from `user_timer_details` where `user_id` = '23733' limit 1;
/*==================================================*/
/* Query 2 - 2025-08-12 08:13:32 [6.72ms]  */
update `user_timer_details` set `time_remaining` = '3180', `updated_at` = '2025-08-12 08:13:32' where `id` = '22712';
/*==================================================*/
/* Query 1 - 2025-08-12 08:13:32 [2.19ms]  */
select * from `stl_models` where `stl_id` = '1' limit 1;
/*==================================================*/
/* Query 2 - 2025-08-12 08:13:32 [2.1ms]  */
select * from `model_details` where `model_id` = '1';
/*==================================================*/
/* Query 3 - 2025-08-12 08:13:32 [1.27ms]  */
select * from `statement_option_responses` where `option_id` = '210';
/*==================================================*/
/* Query 4 - 2025-08-12 08:13:32 [1.17ms]  */
select * from `statement_option_metrics` where `option_id` = '210';
/*==================================================*/
/* Query 5 - 2025-08-12 08:13:32 [1.3ms]  */
select * from `user_metrics` where `user_id` = '23762';
/*==================================================*/
/* Query 6 - 2025-08-12 08:13:32 [1.29ms]  */
select * from `user_coachee_metrics` where `user_id` = '23762' and `stl_coachee_id` = '3';
/*==================================================*/
/* Query 7 - 2025-08-12 08:13:32 [7.02ms]  */
insert into `user_conversations` (`user_id`, `stl_conversation_id`) values ('23762', '416');
/*==================================================*/
/* Query 8 - 2025-08-12 08:13:32 [6.38ms]  */
insert into `user_selected_statement_options` (`response_id`, `stl_statement_id`, `stl_conversation_id`, `option_id`, `user_id`) values ('', '117', '416', '210', '23762');
/*==================================================*/
/* Query 9 - 2025-08-12 08:13:32 [1.42ms]  */
select * from `user_round_progress` where `round_no` = '1' and `user_id` = '23762' and `name` = 'completedConversations' limit 1;
/*==================================================*/
/* Query 10 - 2025-08-12 08:13:32 [6.9ms]  */
update `user_round_progress` set `value` = '21', `updated_at` = '2025-08-12 08:13:32' where `id` = '594107';
/*==================================================*/
/* Query 11 - 2025-08-12 08:13:32 [1.38ms]  */
select * from `user_coachee_round_progress` where `stl_coachee_id` = '3' and `round_no` = '1' and `user_id` = '23762' and `name` = 'completedConversations' limit 1;
/*==================================================*/
/* Query 12 - 2025-08-12 08:13:32 [6.64ms]  */
update `user_coachee_round_progress` set `value` = '21', `updated_at` = '2025-08-12 08:13:32' where `id` = '866738';
/*==================================================*/
/* Query 13 - 2025-08-12 08:13:32 [1.54ms]  */
select * from `user_coachee_round_phase_details` where `stl_coachee_id` = '3' and `stl_round_phase_id` = '4' and `user_id` = '23762' limit 1;
/*==================================================*/
/* Query 14 - 2025-08-12 08:13:32 [6.78ms]  */
update `user_coachee_round_phase_details` set `completed_conversations` = '4', `updated_at` = '2025-08-12 08:13:32' where `id` = '641542';
/*==================================================*/
/* Query 15 - 2025-08-12 08:13:32 [1.39ms]  */
select `name`, `value`, `round_no`, `stl_coachee_id` from `user_coachee_round_progress` where `user_id` = '23762';
/*==================================================*/
/* Query 16 - 2025-08-12 08:13:32 [1.19ms]  */
select `name`, `value`, `round_no` from `user_round_progress` where `user_id` = '23762';
/*==================================================*/
/* Query 17 - 2025-08-12 08:13:32 [1.23ms]  */
select * from `events`;
/*==================================================*/
/* Query 18 - 2025-08-12 08:13:32 [1.18ms]  */
select * from `event_conditions`;
/*==================================================*/
/* Query 19 - 2025-08-12 08:13:32 [1.14ms]  */
select * from `event_types`;
/*==================================================*/
/* Query 20 - 2025-08-12 08:13:32 [1.08ms]  */
select * from `event_sources`;
/*==================================================*/
/* Query 21 - 2025-08-12 08:13:32 [1.55ms]  */
select * from `event_options`;
/*==================================================*/
/* Query 22 - 2025-08-12 08:13:32 [1.09ms]  */
select * from `event_option_response`;
/*==================================================*/
/* Query 23 - 2025-08-12 08:13:32 [1.29ms]  */
select * from `stl_events` where `stl_id` = '1' and `round_no` = '1';
/*==================================================*/
/* Query 24 - 2025-08-12 08:13:32 [1.23ms]  */
select * from `user_conversation_metrics` where `user_id` = '23762' and `round_no` = '1';
/*==================================================*/
/* Query 25 - 2025-08-12 08:13:32 [1.31ms]  */
select * from `user_events` where `user_id` = '23762' and `round_no` = '1';
/*==================================================*/
/* Query 26 - 2025-08-12 08:13:32 [1.22ms]  */
select `name`, `value` from `user_round_progress` where `user_id` = '23762' and `round_no` = '1';
/*==================================================*/
/* Query 1 - 2025-08-12 08:13:33 [1.7ms]  */
select * from `stl_models` where `stl_id` = '1' limit 1;
/*==================================================*/
/* Query 2 - 2025-08-12 08:13:33 [1.71ms]  */
select * from `model_details` where `model_id` = '1';
/*==================================================*/
/* Query 3 - 2025-08-12 08:13:33 [1.57ms]  */
select * from `statement_option_responses` where `option_id` = '177';
/*==================================================*/
/* Query 4 - 2025-08-12 08:13:33 [1.29ms]  */
select * from `statement_option_metrics` where `option_id` = '177';
/*==================================================*/
/* Query 5 - 2025-08-12 08:13:33 [1.95ms]  */
select * from `user_metrics` where `user_id` = '23752';
/*==================================================*/
/* Query 6 - 2025-08-12 08:13:33 [1.43ms]  */
select * from `user_coachee_metrics` where `user_id` = '23752' and `stl_coachee_id` = '3';
/*==================================================*/
/* Query 7 - 2025-08-12 08:13:33 [7.26ms]  */
insert into `user_conversations` (`user_id`, `stl_conversation_id`) values ('23752', '397');
/*==================================================*/
/* Query 8 - 2025-08-12 08:13:33 [6.76ms]  */
insert into `user_selected_statement_options` (`response_id`, `stl_statement_id`, `stl_conversation_id`, `option_id`, `user_id`) values ('154', '98', '397', '177', '23752');
/*==================================================*/
/* Query 9 - 2025-08-12 08:13:33 [1.49ms]  */
select * from `user_round_progress` where `round_no` = '1' and `user_id` = '23752' and `name` = 'completedConversations' limit 1;
/*==================================================*/
/* Query 10 - 2025-08-12 08:13:33 [6.93ms]  */
update `user_round_progress` set `value` = '35', `updated_at` = '2025-08-12 08:13:33' where `id` = '593905';
/*==================================================*/
/* Query 11 - 2025-08-12 08:13:33 [1.51ms]  */
select * from `user_coachee_round_progress` where `stl_coachee_id` = '3' and `round_no` = '1' and `user_id` = '23752' and `name` = 'completedConversations' limit 1;
/*==================================================*/
/* Query 12 - 2025-08-12 08:13:33 [6.65ms]  */
update `user_coachee_round_progress` set `value` = '6', `updated_at` = '2025-08-12 08:13:33' where `id` = '866438';
/*==================================================*/
/* Query 13 - 2025-08-12 08:13:33 [1.61ms]  */
select * from `user_coachee_round_phase_details` where `stl_coachee_id` = '3' and `stl_round_phase_id` = '2' and `user_id` = '23752' limit 1;
/*==================================================*/
/* Query 14 - 2025-08-12 08:13:33 [7.19ms]  */
update `user_coachee_round_phase_details` set `completed_conversations` = '4', `updated_at` = '2025-08-12 08:13:33' where `id` = '641270';
/*==================================================*/
/* Query 15 - 2025-08-12 08:13:33 [1.48ms]  */
select `name`, `value`, `round_no`, `stl_coachee_id` from `user_coachee_round_progress` where `user_id` = '23752';
/*==================================================*/
/* Query 16 - 2025-08-12 08:13:33 [1.4ms]  */
select `name`, `value`, `round_no` from `user_round_progress` where `user_id` = '23752';
/*==================================================*/
/* Query 17 - 2025-08-12 08:13:33 [1.42ms]  */
select * from `events`;
/*==================================================*/
/* Query 18 - 2025-08-12 08:13:33 [1.21ms]  */
select * from `event_conditions`;
/*==================================================*/
/* Query 19 - 2025-08-12 08:13:33 [1.26ms]  */
select * from `event_types`;
/*==================================================*/
/* Query 20 - 2025-08-12 08:13:33 [1.16ms]  */
select * from `event_sources`;
/*==================================================*/
/* Query 21 - 2025-08-12 08:13:33 [1.89ms]  */
select * from `event_options`;
/*==================================================*/
/* Query 22 - 2025-08-12 08:13:33 [1.24ms]  */
select * from `event_option_response`;
/*==================================================*/
/* Query 23 - 2025-08-12 08:13:33 [1.31ms]  */
select * from `stl_events` where `stl_id` = '1' and `round_no` = '1';
/*==================================================*/
/* Query 24 - 2025-08-12 08:13:33 [1.32ms]  */
select * from `user_conversation_metrics` where `user_id` = '23752' and `round_no` = '1';
/*==================================================*/
/* Query 25 - 2025-08-12 08:13:33 [1.26ms]  */
select * from `user_events` where `user_id` = '23752' and `round_no` = '1';
/*==================================================*/
/* Query 26 - 2025-08-12 08:13:33 [1.23ms]  */
select `name`, `value` from `user_round_progress` where `user_id` = '23752' and `round_no` = '1';
/*==================================================*/
/* Query 1 - 2025-08-12 08:13:34 [1.27ms]  */
select * from `user_timer_details` where `user_id` = '23742' limit 1;
/*==================================================*/
/* Query 2 - 2025-08-12 08:13:35 [7.32ms]  */
update `user_timer_details` set `time_remaining` = '3225', `updated_at` = '2025-08-12 08:13:34' where `id` = '22721';
/*==================================================*/
/* Query 1 - 2025-08-12 08:13:36 [1.34ms]  */
select * from `user_timer_details` where `user_id` = '23747' limit 1;
/*==================================================*/
/* Query 2 - 2025-08-12 08:13:36 [6.98ms]  */
update `user_timer_details` set `time_remaining` = '3255', `updated_at` = '2025-08-12 08:13:36' where `id` = '22726';
/*==================================================*/
/* Query 1 - 2025-08-12 08:13:38 [1.52ms]  */
select * from `stl_models` where `stl_id` = '1' limit 1;
/*==================================================*/
/* Query 2 - 2025-08-12 08:13:38 [1.42ms]  */
select * from `model_details` where `model_id` = '1';
/*==================================================*/
/* Query 3 - 2025-08-12 08:13:38 [1.25ms]  */
select * from `statement_option_responses` where `option_id` = '44';
/*==================================================*/
/* Query 4 - 2025-08-12 08:13:38 [1.46ms]  */
select * from `statement_option_metrics` where `option_id` = '44';
/*==================================================*/
/* Query 5 - 2025-08-12 08:13:38 [1.47ms]  */
select * from `user_metrics` where `user_id` = '23758';
/*==================================================*/
/* Query 6 - 2025-08-12 08:13:38 [1.5ms]  */
select * from `user_coachee_metrics` where `user_id` = '23758' and `stl_coachee_id` = '1';
/*==================================================*/
/* Query 7 - 2025-08-12 08:13:38 [7.02ms]  */
insert into `user_conversations` (`user_id`, `stl_conversation_id`) values ('23758', '126');
/*==================================================*/
/* Query 8 - 2025-08-12 08:13:38 [6.34ms]  */
insert into `user_selected_statement_options` (`response_id`, `stl_statement_id`, `stl_conversation_id`, `option_id`, `user_id`) values ('', '26', '126', '44', '23758');
/*==================================================*/
/* Query 9 - 2025-08-12 08:13:38 [1.53ms]  */
select * from `user_round_progress` where `round_no` = '1' and `user_id` = '23758' and `name` = 'completedConversations' limit 1;
/*==================================================*/
/* Query 10 - 2025-08-12 08:13:38 [6.71ms]  */
update `user_round_progress` set `value` = '24', `updated_at` = '2025-08-12 08:13:38' where `id` = '594037';
/*==================================================*/
/* Query 11 - 2025-08-12 08:13:38 [1.42ms]  */
select * from `user_coachee_round_progress` where `stl_coachee_id` = '1' and `round_no` = '1' and `user_id` = '23758' and `name` = 'completedConversations' limit 1;
/*==================================================*/
/* Query 12 - 2025-08-12 08:13:38 [6.85ms]  */
update `user_coachee_round_progress` set `value` = '24', `updated_at` = '2025-08-12 08:13:38' where `id` = '866624';
/*==================================================*/
/* Query 13 - 2025-08-12 08:13:38 [1.69ms]  */
select * from `user_coachee_round_phase_details` where `stl_coachee_id` = '1' and `stl_round_phase_id` = '4' and `user_id` = '23758' limit 1;
/*==================================================*/
/* Query 1 - 2025-08-12 08:13:38 [1.89ms]  */
select * from `user_timer_details` where `user_id` = '23758' limit 1;
/*==================================================*/
/* Query 14 - 2025-08-12 08:13:38 [6.86ms]  */
update `user_coachee_round_phase_details` set `completed_conversations` = '3', `updated_at` = '2025-08-12 08:13:38' where `id` = '641416';
/*==================================================*/
/* Query 15 - 2025-08-12 08:13:38 [2.33ms]  */
select `name`, `value`, `round_no`, `stl_coachee_id` from `user_coachee_round_progress` where `user_id` = '23758';
/*==================================================*/
/* Query 16 - 2025-08-12 08:13:38 [2.13ms]  */
select `name`, `value`, `round_no` from `user_round_progress` where `user_id` = '23758';
/*==================================================*/
/* Query 2 - 2025-08-12 08:13:38 [7.11ms]  */
update `user_timer_details` set `time_remaining` = '3240', `updated_at` = '2025-08-12 08:13:38' where `id` = '22737';
/*==================================================*/
/* Query 17 - 2025-08-12 08:13:38 [1.52ms]  */
select * from `events`;
/*==================================================*/
/* Query 18 - 2025-08-12 08:13:38 [1.41ms]  */
select * from `event_conditions`;
/*==================================================*/
/* Query 19 - 2025-08-12 08:13:38 [1.37ms]  */
select * from `event_types`;
/*==================================================*/
/* Query 20 - 2025-08-12 08:13:38 [1.25ms]  */
select * from `event_sources`;
/*==================================================*/
/* Query 21 - 2025-08-12 08:13:38 [1.29ms]  */
select * from `event_options`;
/*==================================================*/
/* Query 22 - 2025-08-12 08:13:38 [1.35ms]  */
select * from `event_option_response`;
/*==================================================*/
/* Query 23 - 2025-08-12 08:13:38 [1.37ms]  */
select * from `stl_events` where `stl_id` = '1' and `round_no` = '1';
/*==================================================*/
/* Query 24 - 2025-08-12 08:13:38 [1.4ms]  */
select * from `user_conversation_metrics` where `user_id` = '23758' and `round_no` = '1';
/*==================================================*/
/* Query 25 - 2025-08-12 08:13:38 [1.49ms]  */
select * from `user_events` where `user_id` = '23758' and `round_no` = '1';
/*==================================================*/
/* Query 26 - 2025-08-12 08:13:38 [1.45ms]  */
select `name`, `value` from `user_round_progress` where `user_id` = '23758' and `round_no` = '1';
/*==================================================*/
/* Query 1 - 2025-08-12 08:13:38 [2.22ms]  */
select * from `stl_models` where `stl_id` = '1' limit 1;
/*==================================================*/
/* Query 2 - 2025-08-12 08:13:38 [1.77ms]  */
select * from `model_details` where `model_id` = '1';
/*==================================================*/
/* Query 3 - 2025-08-12 08:13:38 [1.76ms]  */
select * from `statement_option_responses` where `option_id` = '52';
/*==================================================*/
/* Query 4 - 2025-08-12 08:13:38 [1.76ms]  */
select * from `statement_option_metrics` where `option_id` = '52';
/*==================================================*/
/* Query 5 - 2025-08-12 08:13:39 [1.89ms]  */
select * from `user_metrics` where `user_id` = '23760';
/*==================================================*/
/* Query 6 - 2025-08-12 08:13:39 [2.25ms]  */
select * from `user_coachee_metrics` where `user_id` = '23760' and `stl_coachee_id` = '1';
/*==================================================*/
/* Query 7 - 2025-08-12 08:13:39 [9.97ms]  */
insert into `user_conversations` (`user_id`, `stl_conversation_id`) values ('23760', '130');
/*==================================================*/
/* Query 8 - 2025-08-12 08:13:39 [7.27ms]  */
insert into `user_selected_statement_options` (`response_id`, `stl_statement_id`, `stl_conversation_id`, `option_id`, `user_id`) values ('', '30', '130', '52', '23760');
/*==================================================*/
/* Query 9 - 2025-08-12 08:13:39 [1.93ms]  */
select * from `user_round_progress` where `round_no` = '1' and `user_id` = '23760' and `name` = 'completedConversations' limit 1;
/*==================================================*/
/* Query 10 - 2025-08-12 08:13:39 [7.21ms]  */
update `user_round_progress` set `value` = '29', `updated_at` = '2025-08-12 08:13:39' where `id` = '594071';
/*==================================================*/
/* Query 11 - 2025-08-12 08:13:39 [1.77ms]  */
select * from `user_coachee_round_progress` where `stl_coachee_id` = '1' and `round_no` = '1' and `user_id` = '23760' and `name` = 'completedConversations' limit 1;
/*==================================================*/
/* Query 12 - 2025-08-12 08:13:39 [7.76ms]  */
update `user_coachee_round_progress` set `value` = '29', `updated_at` = '2025-08-12 08:13:39' where `id` = '866678';
/*==================================================*/
/* Query 13 - 2025-08-12 08:13:39 [1.89ms]  */
select * from `user_coachee_round_phase_details` where `stl_coachee_id` = '1' and `stl_round_phase_id` = '5' and `user_id` = '23760' limit 1;
/*==================================================*/
/* Query 14 - 2025-08-12 08:13:39 [7.29ms]  */
update `user_coachee_round_phase_details` set `completed_conversations` = '5', `updated_at` = '2025-08-12 08:13:39' where `id` = '641471';
/*==================================================*/
/* Query 15 - 2025-08-12 08:13:39 [1.92ms]  */
select `name`, `value`, `round_no`, `stl_coachee_id` from `user_coachee_round_progress` where `user_id` = '23760';
/*==================================================*/
/* Query 16 - 2025-08-12 08:13:39 [1.65ms]  */
select `name`, `value`, `round_no` from `user_round_progress` where `user_id` = '23760';
/*==================================================*/
/* Query 17 - 2025-08-12 08:13:39 [1.77ms]  */
select * from `events`;
/*==================================================*/
/* Query 18 - 2025-08-12 08:13:39 [1.89ms]  */
select * from `event_conditions`;
/*==================================================*/
/* Query 19 - 2025-08-12 08:13:39 [1.62ms]  */
select * from `event_types`;
/*==================================================*/
/* Query 20 - 2025-08-12 08:13:39 [1.6ms]  */
select * from `event_sources`;
/*==================================================*/
/* Query 21 - 2025-08-12 08:13:39 [1.76ms]  */
select * from `event_options`;
/*==================================================*/
/* Query 22 - 2025-08-12 08:13:39 [1.58ms]  */
select * from `event_option_response`;
/*==================================================*/
/* Query 23 - 2025-08-12 08:13:39 [1.81ms]  */
select * from `stl_events` where `stl_id` = '1' and `round_no` = '1';
/*==================================================*/
/* Query 24 - 2025-08-12 08:13:39 [1.88ms]  */
select * from `user_conversation_metrics` where `user_id` = '23760' and `round_no` = '1';
/*==================================================*/
/* Query 25 - 2025-08-12 08:13:39 [1.84ms]  */
select * from `user_events` where `user_id` = '23760' and `round_no` = '1';
/*==================================================*/
/* Query 26 - 2025-08-12 08:13:39 [1.95ms]  */
select `name`, `value` from `user_round_progress` where `user_id` = '23760' and `round_no` = '1';
/*==================================================*/
/* Query 1 - 2025-08-12 08:13:40 [1.18ms]  */
select * from `user_timer_details` where `user_id` = '23754' limit 1;
/*==================================================*/
/* Query 2 - 2025-08-12 08:13:40 [10.73ms]  */
update `user_timer_details` set `time_remaining` = '3255', `updated_at` = '2025-08-12 08:13:40' where `id` = '22733';
/*==================================================*/
/* Query 1 - 2025-08-12 08:13:42 [1.95ms]  */
select * from `stl_models` where `stl_id` = '1' limit 1;
/*==================================================*/
/* Query 2 - 2025-08-12 08:13:42 [1.71ms]  */
select * from `model_details` where `model_id` = '1';
/*==================================================*/
/* Query 1 - 2025-08-12 08:13:42 [1.7ms]  */
select * from `stl_models` where `stl_id` = '1' limit 1;
/*==================================================*/
/* Query 2 - 2025-08-12 08:13:42 [1.61ms]  */
select * from `model_details` where `model_id` = '1';
/*==================================================*/
/* Query 3 - 2025-08-12 08:13:42 [1.63ms]  */
select * from `statement_option_responses` where `option_id` = '37';
/*==================================================*/
/* Query 4 - 2025-08-12 08:13:42 [1.68ms]  */
select * from `statement_option_metrics` where `option_id` = '37';
/*==================================================*/
/* Query 3 - 2025-08-12 08:13:42 [1.83ms]  */
select * from `statement_option_responses` where `option_id` = '174';
/*==================================================*/
/* Query 5 - 2025-08-12 08:13:42 [1.63ms]  */
select * from `user_metrics` where `user_id` = '23761';
/*==================================================*/
/* Query 4 - 2025-08-12 08:13:42 [1.73ms]  */
select * from `statement_option_metrics` where `option_id` = '174';
/*==================================================*/
/* Query 6 - 2025-08-12 08:13:42 [1.72ms]  */
select * from `user_coachee_metrics` where `user_id` = '23761' and `stl_coachee_id` = '1';
/*==================================================*/
/* Query 5 - 2025-08-12 08:13:42 [1.61ms]  */
select * from `user_metrics` where `user_id` = '23736';
/*==================================================*/
/* Query 6 - 2025-08-12 08:13:42 [1.73ms]  */
select * from `user_coachee_metrics` where `user_id` = '23736' and `stl_coachee_id` = '3';
/*==================================================*/
/* Query 7 - 2025-08-12 08:13:42 [6.84ms]  */
insert into `user_conversations` (`user_id`, `stl_conversation_id`) values ('23761', '123');
/*==================================================*/
/* Query 7 - 2025-08-12 08:13:42 [6.96ms]  */
insert into `user_conversations` (`user_id`, `stl_conversation_id`) values ('23736', '394');
/*==================================================*/
/* Query 8 - 2025-08-12 08:13:42 [6.49ms]  */
insert into `user_selected_statement_options` (`response_id`, `stl_statement_id`, `stl_conversation_id`, `option_id`, `user_id`) values ('', '23', '123', '37', '23761');
/*==================================================*/
/* Query 9 - 2025-08-12 08:13:42 [1.86ms]  */
select * from `user_round_progress` where `round_no` = '1' and `user_id` = '23761' and `name` = 'completedConversations' limit 1;
/*==================================================*/
/* Query 8 - 2025-08-12 08:13:42 [6.51ms]  */
insert into `user_selected_statement_options` (`response_id`, `stl_statement_id`, `stl_conversation_id`, `option_id`, `user_id`) values ('151', '95', '394', '174', '23736');
/*==================================================*/
/* Query 9 - 2025-08-12 08:13:42 [1.66ms]  */
select * from `user_round_progress` where `round_no` = '1' and `user_id` = '23736' and `name` = 'completedConversations' limit 1;
/*==================================================*/
/* Query 10 - 2025-08-12 08:13:42 [6.74ms]  */
update `user_round_progress` set `value` = '21', `updated_at` = '2025-08-12 08:13:42' where `id` = '594091';
/*==================================================*/
/* Query 11 - 2025-08-12 08:13:42 [1.73ms]  */
select * from `user_coachee_round_progress` where `stl_coachee_id` = '1' and `round_no` = '1' and `user_id` = '23761' and `name` = 'completedConversations' limit 1;
/*==================================================*/
/* Query 10 - 2025-08-12 08:13:42 [6.98ms]  */
update `user_round_progress` set `value` = '42', `updated_at` = '2025-08-12 08:13:42' where `id` = '593649';
/*==================================================*/
/* Query 11 - 2025-08-12 08:13:42 [1.63ms]  */
select * from `user_coachee_round_progress` where `stl_coachee_id` = '3' and `round_no` = '1' and `user_id` = '23736' and `name` = 'completedConversations' limit 1;
/*==================================================*/
/* Query 12 - 2025-08-12 08:13:42 [6.52ms]  */
update `user_coachee_round_progress` set `value` = '21', `updated_at` = '2025-08-12 08:13:42' where `id` = '866705';
/*==================================================*/
/* Query 13 - 2025-08-12 08:13:42 [1.91ms]  */
select * from `user_coachee_round_phase_details` where `stl_coachee_id` = '1' and `stl_round_phase_id` = '3' and `user_id` = '23761' limit 1;
/*==================================================*/
/* Query 12 - 2025-08-12 08:13:42 [6.83ms]  */
update `user_coachee_round_progress` set `value` = '3', `updated_at` = '2025-08-12 08:13:42' where `id` = '866054';
/*==================================================*/
/* Query 13 - 2025-08-12 08:13:42 [1.7ms]  */
select * from `user_coachee_round_phase_details` where `stl_coachee_id` = '3' and `stl_round_phase_id` = '2' and `user_id` = '23736' limit 1;
/*==================================================*/
/* Query 14 - 2025-08-12 08:13:42 [7.09ms]  */
update `user_coachee_round_phase_details` set `completed_conversations` = '4', `updated_at` = '2025-08-12 08:13:42' where `id` = '641496';
/*==================================================*/
/* Query 15 - 2025-08-12 08:13:42 [1.88ms]  */
select `name`, `value`, `round_no`, `stl_coachee_id` from `user_coachee_round_progress` where `user_id` = '23761';
/*==================================================*/
/* Query 14 - 2025-08-12 08:13:42 [7.64ms]  */
update `user_coachee_round_phase_details` set `completed_conversations` = '1', `updated_at` = '2025-08-12 08:13:42' where `id` = '640838';
/*==================================================*/
/* Query 16 - 2025-08-12 08:13:42 [1.75ms]  */
select `name`, `value`, `round_no` from `user_round_progress` where `user_id` = '23761';
/*==================================================*/
/* Query 15 - 2025-08-12 08:13:42 [1.71ms]  */
select `name`, `value`, `round_no`, `stl_coachee_id` from `user_coachee_round_progress` where `user_id` = '23736';
/*==================================================*/
/* Query 16 - 2025-08-12 08:13:42 [1.69ms]  */
select `name`, `value`, `round_no` from `user_round_progress` where `user_id` = '23736';
/*==================================================*/
/* Query 17 - 2025-08-12 08:13:42 [1.8ms]  */
select * from `events`;
/*==================================================*/
/* Query 17 - 2025-08-12 08:13:42 [1.59ms]  */
select * from `events`;
/*==================================================*/
/* Query 18 - 2025-08-12 08:13:42 [1.56ms]  */
select * from `event_conditions`;
/*==================================================*/
/* Query 18 - 2025-08-12 08:13:42 [1.55ms]  */
select * from `event_conditions`;
/*==================================================*/
/* Query 19 - 2025-08-12 08:13:42 [1.61ms]  */
select * from `event_types`;
/*==================================================*/
/* Query 19 - 2025-08-12 08:13:42 [1.47ms]  */
select * from `event_types`;
/*==================================================*/
/* Query 20 - 2025-08-12 08:13:42 [1.63ms]  */
select * from `event_sources`;
/*==================================================*/
/* Query 20 - 2025-08-12 08:13:42 [1.46ms]  */
select * from `event_sources`;
/*==================================================*/
/* Query 21 - 2025-08-12 08:13:42 [1.6ms]  */
select * from `event_options`;
/*==================================================*/
/* Query 21 - 2025-08-12 08:13:42 [1.62ms]  */
select * from `event_options`;
/*==================================================*/
/* Query 22 - 2025-08-12 08:13:42 [1.59ms]  */
select * from `event_option_response`;
/*==================================================*/
/* Query 22 - 2025-08-12 08:13:42 [1.53ms]  */
select * from `event_option_response`;
/*==================================================*/
/* Query 23 - 2025-08-12 08:13:42 [1.67ms]  */
select * from `stl_events` where `stl_id` = '1' and `round_no` = '1';
/*==================================================*/
/* Query 23 - 2025-08-12 08:13:42 [1.63ms]  */
select * from `stl_events` where `stl_id` = '1' and `round_no` = '1';
/*==================================================*/
/* Query 24 - 2025-08-12 08:13:42 [1.73ms]  */
select * from `user_conversation_metrics` where `user_id` = '23761' and `round_no` = '1';
/*==================================================*/
/* Query 24 - 2025-08-12 08:13:42 [1.76ms]  */
select * from `user_conversation_metrics` where `user_id` = '23736' and `round_no` = '1';
/*==================================================*/
/* Query 25 - 2025-08-12 08:13:42 [1.81ms]  */
select * from `user_events` where `user_id` = '23761' and `round_no` = '1';
/*==================================================*/
/* Query 25 - 2025-08-12 08:13:42 [1.86ms]  */
select * from `user_events` where `user_id` = '23736' and `round_no` = '1';
/*==================================================*/
/* Query 26 - 2025-08-12 08:13:42 [1.74ms]  */
select `name`, `value` from `user_round_progress` where `user_id` = '23761' and `round_no` = '1';
/*==================================================*/
/* Query 26 - 2025-08-12 08:13:42 [1.76ms]  */
select `name`, `value` from `user_round_progress` where `user_id` = '23736' and `round_no` = '1';
/*==================================================*/
/* Query 1 - 2025-08-12 08:13:43 [1.47ms]  */
select * from `stl_models` where `stl_id` = '1' limit 1;
/*==================================================*/
/* Query 2 - 2025-08-12 08:13:43 [1.4ms]  */
select * from `model_details` where `model_id` = '1';
/*==================================================*/
/* Query 3 - 2025-08-12 08:13:43 [1.61ms]  */
select * from `statement_option_responses` where `option_id` = '29';
/*==================================================*/
/* Query 4 - 2025-08-12 08:13:43 [1.47ms]  */
select * from `statement_option_metrics` where `option_id` = '29';
/*==================================================*/
/* Query 5 - 2025-08-12 08:13:43 [1.5ms]  */
select * from `user_metrics` where `user_id` = '23754';
/*==================================================*/
/* Query 6 - 2025-08-12 08:13:43 [1.43ms]  */
select * from `user_coachee_metrics` where `user_id` = '23754' and `stl_coachee_id` = '1';
/*==================================================*/
/* Query 7 - 2025-08-12 08:13:43 [6.68ms]  */
insert into `user_conversations` (`user_id`, `stl_conversation_id`) values ('23754', '119');
/*==================================================*/
/* Query 8 - 2025-08-12 08:13:43 [6.46ms]  */
insert into `user_selected_statement_options` (`response_id`, `stl_statement_id`, `stl_conversation_id`, `option_id`, `user_id`) values ('23', '19', '119', '29', '23754');
/*==================================================*/
/* Query 9 - 2025-08-12 08:13:43 [1.59ms]  */
select * from `user_round_progress` where `round_no` = '1' and `user_id` = '23754' and `name` = 'completedConversations' limit 1;
/*==================================================*/
/* Query 10 - 2025-08-12 08:13:43 [6.48ms]  */
update `user_round_progress` set `value` = '17', `updated_at` = '2025-08-12 08:13:43' where `id` = '593937';
/*==================================================*/
/* Query 11 - 2025-08-12 08:13:43 [2.2ms]  */
select * from `user_coachee_round_progress` where `stl_coachee_id` = '1' and `round_no` = '1' and `user_id` = '23754' and `name` = 'completedConversations' limit 1;
/*==================================================*/
/* Query 12 - 2025-08-12 08:13:43 [7.79ms]  */
update `user_coachee_round_progress` set `value` = '17', `updated_at` = '2025-08-12 08:13:43' where `id` = '866480';
/*==================================================*/
/* Query 13 - 2025-08-12 08:13:43 [1.54ms]  */
select * from `user_coachee_round_phase_details` where `stl_coachee_id` = '1' and `stl_round_phase_id` = '2' and `user_id` = '23754' limit 1;
/*==================================================*/
/* Query 14 - 2025-08-12 08:13:43 [6.18ms]  */
update `user_coachee_round_phase_details` set `completed_conversations` = '15', `updated_at` = '2025-08-12 08:13:43' where `id` = '641306';
/*==================================================*/
/* Query 15 - 2025-08-12 08:13:43 [1.56ms]  */
select `name`, `value`, `round_no`, `stl_coachee_id` from `user_coachee_round_progress` where `user_id` = '23754';
/*==================================================*/
/* Query 16 - 2025-08-12 08:13:43 [1.54ms]  */
select `name`, `value`, `round_no` from `user_round_progress` where `user_id` = '23754';
/*==================================================*/
/* Query 17 - 2025-08-12 08:13:43 [1.42ms]  */
select * from `events`;
/*==================================================*/
/* Query 18 - 2025-08-12 08:13:43 [1.27ms]  */
select * from `event_conditions`;
/*==================================================*/
/* Query 19 - 2025-08-12 08:13:43 [1.38ms]  */
select * from `event_types`;
/*==================================================*/
/* Query 20 - 2025-08-12 08:13:43 [1.26ms]  */
select * from `event_sources`;
/*==================================================*/
/* Query 21 - 2025-08-12 08:13:43 [1.4ms]  */
select * from `event_options`;
/*==================================================*/
/* Query 22 - 2025-08-12 08:13:43 [1.25ms]  */
select * from `event_option_response`;
/*==================================================*/
/* Query 23 - 2025-08-12 08:13:43 [1.38ms]  */
select * from `stl_events` where `stl_id` = '1' and `round_no` = '1';
/*==================================================*/
/* Query 24 - 2025-08-12 08:13:43 [1.51ms]  */
select * from `user_conversation_metrics` where `user_id` = '23754' and `round_no` = '1';
/*==================================================*/
/* Query 25 - 2025-08-12 08:13:43 [1.45ms]  */
select * from `user_events` where `user_id` = '23754' and `round_no` = '1';
/*==================================================*/
/* Query 26 - 2025-08-12 08:13:43 [1.45ms]  */
select `name`, `value` from `user_round_progress` where `user_id` = '23754' and `round_no` = '1';
/*==================================================*/
/* Query 1 - 2025-08-12 08:13:45 [1.41ms]  */
select * from `stl_models` where `stl_id` = '1' limit 1;
/*==================================================*/
/* Query 2 - 2025-08-12 08:13:45 [1.34ms]  */
select * from `model_details` where `model_id` = '1';
/*==================================================*/
/* Query 3 - 2025-08-12 08:13:45 [1.25ms]  */
select * from `statement_option_responses` where `option_id` = '99';
/*==================================================*/
/* Query 4 - 2025-08-12 08:13:45 [1.2ms]  */
select * from `statement_option_metrics` where `option_id` = '99';
/*==================================================*/
/* Query 5 - 2025-08-12 08:13:45 [1.3ms]  */
select * from `user_metrics` where `user_id` = '23737';
/*==================================================*/
/* Query 6 - 2025-08-12 08:13:45 [1.49ms]  */
select * from `user_coachee_metrics` where `user_id` = '23737' and `stl_coachee_id` = '2';
/*==================================================*/
/* Query 7 - 2025-08-12 08:13:45 [6.79ms]  */
insert into `user_conversations` (`user_id`, `stl_conversation_id`) values ('23737', '257');
/*==================================================*/
/* Query 8 - 2025-08-12 08:13:45 [5.89ms]  */
insert into `user_selected_statement_options` (`response_id`, `stl_statement_id`, `stl_conversation_id`, `option_id`, `user_id`) values ('229', '57', '257', '99', '23737');
/*==================================================*/
/* Query 9 - 2025-08-12 08:13:45 [1.32ms]  */
select * from `user_round_progress` where `round_no` = '1' and `user_id` = '23737' and `name` = 'completedConversations' limit 1;
/*==================================================*/
/* Query 10 - 2025-08-12 08:13:45 [6.18ms]  */
update `user_round_progress` set `value` = '35', `updated_at` = '2025-08-12 08:13:45' where `id` = '593665';
/*==================================================*/
/* Query 11 - 2025-08-12 08:13:45 [2.04ms]  */
select * from `user_coachee_round_progress` where `stl_coachee_id` = '2' and `round_no` = '1' and `user_id` = '23737' and `name` = 'completedConversations' limit 1;
/*==================================================*/
/* Query 12 - 2025-08-12 08:13:45 [7.73ms]  */
update `user_coachee_round_progress` set `value` = '9', `updated_at` = '2025-08-12 08:13:45' where `id` = '866075';
/*==================================================*/
/* Query 13 - 2025-08-12 08:13:45 [1.53ms]  */
select * from `user_coachee_round_phase_details` where `stl_coachee_id` = '2' and `stl_round_phase_id` = '2' and `user_id` = '23737' limit 1;
/*==================================================*/
/* Query 14 - 2025-08-12 08:13:45 [6.68ms]  */
update `user_coachee_round_phase_details` set `completed_conversations` = '7', `updated_at` = '2025-08-12 08:13:45' where `id` = '640856';
/*==================================================*/
/* Query 15 - 2025-08-12 08:13:45 [1.57ms]  */
select `name`, `value`, `round_no`, `stl_coachee_id` from `user_coachee_round_progress` where `user_id` = '23737';
/*==================================================*/
/* Query 16 - 2025-08-12 08:13:45 [1.35ms]  */
select `name`, `value`, `round_no` from `user_round_progress` where `user_id` = '23737';
/*==================================================*/
/* Query 17 - 2025-08-12 08:13:45 [1.43ms]  */
select * from `events`;
/*==================================================*/
/* Query 18 - 2025-08-12 08:13:45 [1.24ms]  */
select * from `event_conditions`;
/*==================================================*/
/* Query 19 - 2025-08-12 08:13:45 [1.24ms]  */
select * from `event_types`;
/*==================================================*/
/* Query 20 - 2025-08-12 08:13:45 [1.19ms]  */
select * from `event_sources`;
/*==================================================*/
/* Query 21 - 2025-08-12 08:13:45 [1.27ms]  */
select * from `event_options`;
/*==================================================*/
/* Query 22 - 2025-08-12 08:13:45 [1.29ms]  */
select * from `event_option_response`;
/*==================================================*/
/* Query 23 - 2025-08-12 08:13:45 [1.36ms]  */
select * from `stl_events` where `stl_id` = '1' and `round_no` = '1';
/*==================================================*/
/* Query 24 - 2025-08-12 08:13:45 [1.37ms]  */
select * from `user_conversation_metrics` where `user_id` = '23737' and `round_no` = '1';
/*==================================================*/
/* Query 25 - 2025-08-12 08:13:45 [1.49ms]  */
select * from `user_events` where `user_id` = '23737' and `round_no` = '1';
/*==================================================*/
/* Query 26 - 2025-08-12 08:13:45 [1.32ms]  */
select `name`, `value` from `user_round_progress` where `user_id` = '23737' and `round_no` = '1';
/*==================================================*/
/* Query 1 - 2025-08-12 08:13:48 [1.6ms]  */
select * from `stl_models` where `stl_id` = '1' limit 1;
/*==================================================*/
/* Query 2 - 2025-08-12 08:13:48 [1.52ms]  */
select * from `model_details` where `model_id` = '1';
/*==================================================*/
/* Query 3 - 2025-08-12 08:13:48 [1.43ms]  */
select * from `statement_option_responses` where `option_id` = '262';
/*==================================================*/
/* Query 4 - 2025-08-12 08:13:48 [1.33ms]  */
select * from `statement_option_metrics` where `option_id` = '262';
/*==================================================*/
/* Query 5 - 2025-08-12 08:13:48 [1.37ms]  */
select * from `user_metrics` where `user_id` = '23733';
/*==================================================*/
/* Query 6 - 2025-08-12 08:13:48 [1.39ms]  */
select * from `user_coachee_metrics` where `user_id` = '23733' and `stl_coachee_id` = '3';
/*==================================================*/
/* Query 7 - 2025-08-12 08:13:48 [7.16ms]  */
insert into `user_coachee_conversation_metrics` (`actual_delta`, `delta`, `previous_value`, `round_no`, `stl_coachee_id`, `stl_conversation_id`, `stl_metric_id`, `stl_phase_id`, `updated_value`, `user_id`) values ('-0', '-2', '49', '1', '3', '445', '1', '5', '47', '23733');
/*==================================================*/
/* Query 8 - 2025-08-12 08:13:48 [7.07ms]  */
INSERT INTO user_coachee_metrics (user_id, stl_coachee_id, stl_metric_id, value) VALUES  (23733, 3, 1, 47)   ON DUPLICATE KEY UPDATE `value` = VALUES(`value`);
/*==================================================*/
/* Query 9 - 2025-08-12 08:13:48 [6.76ms]  */
INSERT INTO user_coachee_round_metrics (user_id, round_no, stl_coachee_id, stl_metric_id, value) VALUES  (23733, 1, 3, 1, 47)   ON DUPLICATE KEY UPDATE `value` = VALUES(`value`);
/*==================================================*/
/* Query 10 - 2025-08-12 08:13:48 [6.57ms]  */
insert into `user_conversations` (`user_id`, `stl_conversation_id`) values ('23733', '445');
/*==================================================*/
/* Query 11 - 2025-08-12 08:13:48 [6.43ms]  */
insert into `user_selected_statement_options` (`response_id`, `stl_statement_id`, `stl_conversation_id`, `option_id`, `user_id`) values ('', '161', '445', '262', '23733');
/*==================================================*/
/* Query 12 - 2025-08-12 08:13:48 [1.44ms]  */
select * from `user_round_progress` where `round_no` = '1' and `user_id` = '23733' and `name` = 'completedConversations' limit 1;
/*==================================================*/
/* Query 13 - 2025-08-12 08:13:48 [6.33ms]  */
update `user_round_progress` set `value` = '22', `updated_at` = '2025-08-12 08:13:48' where `id` = '593601';
/*==================================================*/
/* Query 14 - 2025-08-12 08:13:48 [1.4ms]  */
select * from `user_coachee_round_progress` where `stl_coachee_id` = '3' and `round_no` = '1' and `user_id` = '23733' and `name` = 'completedConversations' limit 1;
/*==================================================*/
/* Query 15 - 2025-08-12 08:13:48 [7.47ms]  */
update `user_coachee_round_progress` set `value` = '22', `updated_at` = '2025-08-12 08:13:48' where `id` = '865982';
/*==================================================*/
/* Query 16 - 2025-08-12 08:13:48 [1.65ms]  */
select * from `user_coachee_round_phase_details` where `stl_coachee_id` = '3' and `stl_round_phase_id` = '5' and `user_id` = '23733' limit 1;
/*==================================================*/
/* Query 17 - 2025-08-12 08:13:48 [7.48ms]  */
update `user_coachee_round_phase_details` set `completed_conversations` = '1', `updated_at` = '2025-08-12 08:13:48' where `id` = '640760';
/*==================================================*/
/* Query 18 - 2025-08-12 08:13:48 [1.96ms]  */
select `name`, `value`, `round_no`, `stl_coachee_id` from `user_coachee_round_progress` where `user_id` = '23733';
/*==================================================*/
/* Query 19 - 2025-08-12 08:13:48 [2.19ms]  */
select `name`, `value`, `round_no` from `user_round_progress` where `user_id` = '23733';
/*==================================================*/
/* Query 20 - 2025-08-12 08:13:48 [1.42ms]  */
select * from `events`;
/*==================================================*/
/* Query 21 - 2025-08-12 08:13:48 [1.37ms]  */
select * from `event_conditions`;
/*==================================================*/
/* Query 22 - 2025-08-12 08:13:48 [1.3ms]  */
select * from `event_types`;
/*==================================================*/
/* Query 23 - 2025-08-12 08:13:48 [1.44ms]  */
select * from `event_sources`;
/*==================================================*/
/* Query 24 - 2025-08-12 08:13:48 [1.49ms]  */
select * from `event_options`;
/*==================================================*/
/* Query 25 - 2025-08-12 08:13:48 [1.3ms]  */
select * from `event_option_response`;
/*==================================================*/
/* Query 26 - 2025-08-12 08:13:48 [1.3ms]  */
select * from `stl_events` where `stl_id` = '1' and `round_no` = '1';
/*==================================================*/
/* Query 27 - 2025-08-12 08:13:48 [1.44ms]  */
select * from `user_conversation_metrics` where `user_id` = '23733' and `round_no` = '1';
/*==================================================*/
/* Query 28 - 2025-08-12 08:13:48 [1.47ms]  */
select * from `user_events` where `user_id` = '23733' and `round_no` = '1';
/*==================================================*/
/* Query 29 - 2025-08-12 08:13:48 [1.77ms]  */
select `name`, `value` from `user_round_progress` where `user_id` = '23733' and `round_no` = '1';
/*==================================================*/
/* Query 1 - 2025-08-12 08:13:49 [1.05ms]  */
select * from `user_timer_details` where `user_id` = '23750' limit 1;
/*==================================================*/
/* Query 2 - 2025-08-12 08:13:49 [10.38ms]  */
update `user_timer_details` set `time_remaining` = '3180', `updated_at` = '2025-08-12 08:13:49' where `id` = '22729';
/*==================================================*/
/* Query 1 - 2025-08-12 08:13:49 [1.69ms]  */
select * from `user_timer_details` where `user_id` = '23742' limit 1;
/*==================================================*/
/* Query 2 - 2025-08-12 08:13:50 [7.41ms]  */
update `user_timer_details` set `time_remaining` = '3210', `updated_at` = '2025-08-12 08:13:49' where `id` = '22721';
/*==================================================*/
/* Query 1 - 2025-08-12 08:13:50 [1.36ms]  */
select * from `stl_models` where `stl_id` = '1' limit 1;
/*==================================================*/
/* Query 2 - 2025-08-12 08:13:50 [1.32ms]  */
select * from `model_details` where `model_id` = '1';
/*==================================================*/
/* Query 3 - 2025-08-12 08:13:50 [1.27ms]  */
select * from `statement_option_responses` where `option_id` = '101';
/*==================================================*/
/* Query 4 - 2025-08-12 08:13:50 [1.24ms]  */
select * from `statement_option_metrics` where `option_id` = '101';
/*==================================================*/
/* Query 5 - 2025-08-12 08:13:50 [1.22ms]  */
select * from `user_metrics` where `user_id` = '23737';
/*==================================================*/
/* Query 6 - 2025-08-12 08:13:50 [1.38ms]  */
select * from `user_coachee_metrics` where `user_id` = '23737' and `stl_coachee_id` = '2';
/*==================================================*/
/* Query 7 - 2025-08-12 08:13:50 [7.25ms]  */
insert into `user_conversations` (`user_id`, `stl_conversation_id`) values ('23737', '259');
/*==================================================*/
/* Query 8 - 2025-08-12 08:13:50 [7.02ms]  */
insert into `user_selected_statement_options` (`response_id`, `stl_statement_id`, `stl_conversation_id`, `option_id`, `user_id`) values ('87', '59', '259', '101', '23737');
/*==================================================*/
/* Query 9 - 2025-08-12 08:13:50 [1.5ms]  */
select * from `user_round_progress` where `round_no` = '1' and `user_id` = '23737' and `name` = 'completedConversations' limit 1;
/*==================================================*/
/* Query 10 - 2025-08-12 08:13:50 [6.64ms]  */
update `user_round_progress` set `value` = '36', `updated_at` = '2025-08-12 08:13:50' where `id` = '593665';
/*==================================================*/
/* Query 11 - 2025-08-12 08:13:50 [1.66ms]  */
select * from `user_coachee_round_progress` where `stl_coachee_id` = '2' and `round_no` = '1' and `user_id` = '23737' and `name` = 'completedConversations' limit 1;
/*==================================================*/
/* Query 12 - 2025-08-12 08:13:50 [6.7ms]  */
update `user_coachee_round_progress` set `value` = '10', `updated_at` = '2025-08-12 08:13:50' where `id` = '866075';
/*==================================================*/
/* Query 13 - 2025-08-12 08:13:50 [1.55ms]  */
select * from `user_coachee_round_phase_details` where `stl_coachee_id` = '2' and `stl_round_phase_id` = '2' and `user_id` = '23737' limit 1;
/*==================================================*/
/* Query 14 - 2025-08-12 08:13:50 [6.74ms]  */
update `user_coachee_round_phase_details` set `completed_conversations` = '8', `updated_at` = '2025-08-12 08:13:50' where `id` = '640856';
/*==================================================*/
/* Query 15 - 2025-08-12 08:13:50 [1.36ms]  */
select `name`, `value`, `round_no`, `stl_coachee_id` from `user_coachee_round_progress` where `user_id` = '23737';
/*==================================================*/
/* Query 16 - 2025-08-12 08:13:50 [1.29ms]  */
select `name`, `value`, `round_no` from `user_round_progress` where `user_id` = '23737';
/*==================================================*/
/* Query 17 - 2025-08-12 08:13:50 [1.19ms]  */
select * from `events`;
/*==================================================*/
/* Query 18 - 2025-08-12 08:13:50 [1.11ms]  */
select * from `event_conditions`;
/*==================================================*/
/* Query 19 - 2025-08-12 08:13:50 [1.12ms]  */
select * from `event_types`;
/*==================================================*/
/* Query 20 - 2025-08-12 08:13:50 [1.14ms]  */
select * from `event_sources`;
/*==================================================*/
/* Query 21 - 2025-08-12 08:13:50 [1.16ms]  */
select * from `event_options`;
/*==================================================*/
/* Query 22 - 2025-08-12 08:13:50 [1.11ms]  */
select * from `event_option_response`;
/*==================================================*/
/* Query 23 - 2025-08-12 08:13:50 [1.19ms]  */
select * from `stl_events` where `stl_id` = '1' and `round_no` = '1';
/*==================================================*/
/* Query 24 - 2025-08-12 08:13:50 [1.26ms]  */
select * from `user_conversation_metrics` where `user_id` = '23737' and `round_no` = '1';
/*==================================================*/
/* Query 25 - 2025-08-12 08:13:50 [1.21ms]  */
select * from `user_events` where `user_id` = '23737' and `round_no` = '1';
/*==================================================*/
/* Query 26 - 2025-08-12 08:13:50 [1.24ms]  */
select `name`, `value` from `user_round_progress` where `user_id` = '23737' and `round_no` = '1';
/*==================================================*/
/* Query 1 - 2025-08-12 08:13:52 [1.42ms]  */
select * from `stl_models` where `stl_id` = '1' limit 1;
/*==================================================*/
/* Query 2 - 2025-08-12 08:13:52 [1.42ms]  */
select * from `model_details` where `model_id` = '1';
/*==================================================*/
/* Query 3 - 2025-08-12 08:13:52 [1.27ms]  */
select * from `statement_option_responses` where `option_id` = '52';
/*==================================================*/
/* Query 4 - 2025-08-12 08:13:52 [1.26ms]  */
select * from `statement_option_metrics` where `option_id` = '52';
/*==================================================*/
/* Query 5 - 2025-08-12 08:13:52 [1.27ms]  */
select * from `user_metrics` where `user_id` = '23744';
/*==================================================*/
/* Query 6 - 2025-08-12 08:13:52 [1.27ms]  */
select * from `user_coachee_metrics` where `user_id` = '23744' and `stl_coachee_id` = '1';
/*==================================================*/
/* Query 7 - 2025-08-12 08:13:52 [7.2ms]  */
insert into `user_conversations` (`user_id`, `stl_conversation_id`) values ('23744', '130');
/*==================================================*/
/* Query 8 - 2025-08-12 08:13:53 [7.02ms]  */
insert into `user_selected_statement_options` (`response_id`, `stl_statement_id`, `stl_conversation_id`, `option_id`, `user_id`) values ('', '30', '130', '52', '23744');
/*==================================================*/
/* Query 9 - 2025-08-12 08:13:53 [1.42ms]  */
select * from `user_round_progress` where `round_no` = '1' and `user_id` = '23744' and `name` = 'completedConversations' limit 1;
/*==================================================*/
/* Query 10 - 2025-08-12 08:13:53 [7.39ms]  */
update `user_round_progress` set `value` = '29', `updated_at` = '2025-08-12 08:13:53' where `id` = '593777';
/*==================================================*/
/* Query 11 - 2025-08-12 08:13:53 [1.37ms]  */
select * from `user_coachee_round_progress` where `stl_coachee_id` = '1' and `round_no` = '1' and `user_id` = '23744' and `name` = 'completedConversations' limit 1;
/*==================================================*/
/* Query 12 - 2025-08-12 08:13:53 [6.21ms]  */
update `user_coachee_round_progress` set `value` = '29', `updated_at` = '2025-08-12 08:13:53' where `id` = '866240';
/*==================================================*/
/* Query 13 - 2025-08-12 08:13:53 [1.5ms]  */
select * from `user_coachee_round_phase_details` where `stl_coachee_id` = '1' and `stl_round_phase_id` = '5' and `user_id` = '23744' limit 1;
/*==================================================*/
/* Query 14 - 2025-08-12 08:13:53 [7.29ms]  */
update `user_coachee_round_phase_details` set `completed_conversations` = '5', `updated_at` = '2025-08-12 08:13:53' where `id` = '641039';
/*==================================================*/
/* Query 15 - 2025-08-12 08:13:53 [1.35ms]  */
select `name`, `value`, `round_no`, `stl_coachee_id` from `user_coachee_round_progress` where `user_id` = '23744';
/*==================================================*/
/* Query 16 - 2025-08-12 08:13:53 [1.32ms]  */
select `name`, `value`, `round_no` from `user_round_progress` where `user_id` = '23744';
/*==================================================*/
/* Query 17 - 2025-08-12 08:13:53 [1.43ms]  */
select * from `events`;
/*==================================================*/
/* Query 18 - 2025-08-12 08:13:53 [1.2ms]  */
select * from `event_conditions`;
/*==================================================*/
/* Query 19 - 2025-08-12 08:13:53 [1.15ms]  */
select * from `event_types`;
/*==================================================*/
/* Query 20 - 2025-08-12 08:13:53 [1.28ms]  */
select * from `event_sources`;
/*==================================================*/
/* Query 21 - 2025-08-12 08:13:53 [1.28ms]  */
select * from `event_options`;
/*==================================================*/
/* Query 22 - 2025-08-12 08:13:53 [1.19ms]  */
select * from `event_option_response`;
/*==================================================*/
/* Query 23 - 2025-08-12 08:13:53 [1.25ms]  */
select * from `stl_events` where `stl_id` = '1' and `round_no` = '1';
/*==================================================*/
/* Query 24 - 2025-08-12 08:13:53 [1.43ms]  */
select * from `user_conversation_metrics` where `user_id` = '23744' and `round_no` = '1';
/*==================================================*/
/* Query 25 - 2025-08-12 08:13:53 [1.31ms]  */
select * from `user_events` where `user_id` = '23744' and `round_no` = '1';
/*==================================================*/
/* Query 26 - 2025-08-12 08:13:53 [1.29ms]  */
select `name`, `value` from `user_round_progress` where `user_id` = '23744' and `round_no` = '1';
/*==================================================*/
/* Query 1 - 2025-08-12 08:13:53 [1.3ms]  */
select * from `stl_models` where `stl_id` = '1' limit 1;
/*==================================================*/
/* Query 2 - 2025-08-12 08:13:53 [1.4ms]  */
select * from `model_details` where `model_id` = '1';
/*==================================================*/
/* Query 3 - 2025-08-12 08:13:53 [1.45ms]  */
select * from `statement_option_responses` where `option_id` = '179';
/*==================================================*/
/* Query 4 - 2025-08-12 08:13:53 [1.2ms]  */
select * from `statement_option_metrics` where `option_id` = '179';
/*==================================================*/
/* Query 5 - 2025-08-12 08:13:53 [1.3ms]  */
select * from `user_metrics` where `user_id` = '23743';
/*==================================================*/
/* Query 6 - 2025-08-12 08:13:53 [1.4ms]  */
select * from `user_coachee_metrics` where `user_id` = '23743' and `stl_coachee_id` = '3';
/*==================================================*/
/* Query 7 - 2025-08-12 08:13:53 [7.8ms]  */
insert into `user_conversations` (`user_id`, `stl_conversation_id`) values ('23743', '399');
/*==================================================*/
/* Query 8 - 2025-08-12 08:13:53 [7.01ms]  */
insert into `user_selected_statement_options` (`response_id`, `stl_statement_id`, `stl_conversation_id`, `option_id`, `user_id`) values ('156', '100', '399', '179', '23743');
/*==================================================*/
/* Query 9 - 2025-08-12 08:13:53 [1.33ms]  */
select * from `user_round_progress` where `round_no` = '1' and `user_id` = '23743' and `name` = 'completedConversations' limit 1;
/*==================================================*/
/* Query 10 - 2025-08-12 08:13:53 [6.38ms]  */
update `user_round_progress` set `value` = '37', `updated_at` = '2025-08-12 08:13:53' where `id` = '593761';
/*==================================================*/
/* Query 11 - 2025-08-12 08:13:53 [1.3ms]  */
select * from `user_coachee_round_progress` where `stl_coachee_id` = '3' and `round_no` = '1' and `user_id` = '23743' and `name` = 'completedConversations' limit 1;
/*==================================================*/
/* Query 12 - 2025-08-12 08:13:53 [7.13ms]  */
update `user_coachee_round_progress` set `value` = '8', `updated_at` = '2025-08-12 08:13:53' where `id` = '866222';
/*==================================================*/
/* Query 13 - 2025-08-12 08:13:53 [1.43ms]  */
select * from `user_coachee_round_phase_details` where `stl_coachee_id` = '3' and `stl_round_phase_id` = '2' and `user_id` = '23743' limit 1;
/*==================================================*/
/* Query 14 - 2025-08-12 08:13:53 [6.75ms]  */
update `user_coachee_round_phase_details` set `completed_conversations` = '6', `updated_at` = '2025-08-12 08:13:53' where `id` = '641027';
/*==================================================*/
/* Query 15 - 2025-08-12 08:13:53 [1.43ms]  */
select `name`, `value`, `round_no`, `stl_coachee_id` from `user_coachee_round_progress` where `user_id` = '23743';
/*==================================================*/
/* Query 16 - 2025-08-12 08:13:53 [1.4ms]  */
select `name`, `value`, `round_no` from `user_round_progress` where `user_id` = '23743';
/*==================================================*/
/* Query 17 - 2025-08-12 08:13:53 [1.52ms]  */
select * from `events`;
/*==================================================*/
/* Query 18 - 2025-08-12 08:13:53 [1.47ms]  */
select * from `event_conditions`;
/*==================================================*/
/* Query 19 - 2025-08-12 08:13:53 [1.22ms]  */
select * from `event_types`;
/*==================================================*/
/* Query 20 - 2025-08-12 08:13:53 [1.27ms]  */
select * from `event_sources`;
/*==================================================*/
/* Query 21 - 2025-08-12 08:13:53 [1.32ms]  */
select * from `event_options`;
/*==================================================*/
/* Query 22 - 2025-08-12 08:13:53 [1.31ms]  */
select * from `event_option_response`;
/*==================================================*/
/* Query 23 - 2025-08-12 08:13:53 [1.32ms]  */
select * from `stl_events` where `stl_id` = '1' and `round_no` = '1';
/*==================================================*/
/* Query 24 - 2025-08-12 08:13:53 [1.39ms]  */
select * from `user_conversation_metrics` where `user_id` = '23743' and `round_no` = '1';
/*==================================================*/
/* Query 25 - 2025-08-12 08:13:53 [1.25ms]  */
select * from `user_events` where `user_id` = '23743' and `round_no` = '1';
/*==================================================*/
/* Query 26 - 2025-08-12 08:13:53 [1.26ms]  */
select `name`, `value` from `user_round_progress` where `user_id` = '23743' and `round_no` = '1';
/*==================================================*/
/* Query 1 - 2025-08-12 08:13:57 [1.77ms]  */
select * from `user_timer_details` where `user_id` = '23738' limit 1;
/*==================================================*/
/* Query 2 - 2025-08-12 08:13:57 [7.04ms]  */
update `user_timer_details` set `time_remaining` = '3165', `updated_at` = '2025-08-12 08:13:57' where `id` = '22717';
/*==================================================*/
/* Query 1 - 2025-08-12 08:13:57 [1.7ms]  */
select * from `user_timer_details` where `user_id` = '23757' limit 1;
/*==================================================*/
/* Query 2 - 2025-08-12 08:13:57 [7.3ms]  */
update `user_timer_details` set `time_remaining` = '3255', `updated_at` = '2025-08-12 08:13:57' where `id` = '22736';
/*==================================================*/
/* Query 1 - 2025-08-12 08:14:01 [1.33ms]  */
select * from `stl_models` where `stl_id` = '1' limit 1;
/*==================================================*/
/* Query 2 - 2025-08-12 08:14:01 [1.88ms]  */
select * from `model_details` where `model_id` = '1';
/*==================================================*/
/* Query 3 - 2025-08-12 08:14:01 [1.24ms]  */
select * from `statement_option_responses` where `option_id` = '110';
/*==================================================*/
/* Query 4 - 2025-08-12 08:14:01 [1.23ms]  */
select * from `statement_option_metrics` where `option_id` = '110';
/*==================================================*/
/* Query 5 - 2025-08-12 08:14:01 [1.38ms]  */
select * from `user_metrics` where `user_id` = '23739';
/*==================================================*/
/* Query 6 - 2025-08-12 08:14:01 [1.4ms]  */
select * from `user_coachee_metrics` where `user_id` = '23739' and `stl_coachee_id` = '2';
/*==================================================*/
/* Query 7 - 2025-08-12 08:14:01 [6.6ms]  */
insert into `user_coachee_conversation_metrics` (`actual_delta`, `delta`, `previous_value`, `round_no`, `stl_coachee_id`, `stl_conversation_id`, `stl_metric_id`, `stl_phase_id`, `updated_value`, `user_id`) values ('6', '5', '53', '1', '2', '262', '1', '2', '58', '23739');
/*==================================================*/
/* Query 8 - 2025-08-12 08:14:01 [6.69ms]  */
INSERT INTO user_coachee_metrics (user_id, stl_coachee_id, stl_metric_id, value) VALUES  (23739, 2, 1, 58)   ON DUPLICATE KEY UPDATE `value` = VALUES(`value`);
/*==================================================*/
/* Query 9 - 2025-08-12 08:14:01 [5.76ms]  */
INSERT INTO user_coachee_round_metrics (user_id, round_no, stl_coachee_id, stl_metric_id, value) VALUES  (23739, 1, 2, 1, 58)   ON DUPLICATE KEY UPDATE `value` = VALUES(`value`);
/*==================================================*/
/* Query 10 - 2025-08-12 08:14:01 [6.95ms]  */
insert into `user_conversation_metrics` (`actual_delta`, `delta`, `previous_value`, `round_no`, `stl_coachee_id`, `stl_conversation_id`, `stl_metric_id`, `stl_phase_id`, `updated_value`, `user_id`) values ('6', '6', '28', '1', '2', '262', '2', '2', '34', '23739');
/*==================================================*/
/* Query 11 - 2025-08-12 08:14:01 [8.37ms]  */
INSERT INTO user_metrics (user_id, stl_metric_id, value) VALUES  (23739, 2, 34)   ON DUPLICATE KEY UPDATE `value` = VALUES(`value`);
/*==================================================*/
/* Query 12 - 2025-08-12 08:14:01 [6.67ms]  */
INSERT INTO user_round_metrics (user_id, round_no, stl_metric_id, value) VALUES  (23739, 1, 2, 34)   ON DUPLICATE KEY UPDATE `value` = VALUES(`value`);
/*==================================================*/
/* Query 13 - 2025-08-12 08:14:01 [6.13ms]  */
insert into `user_conversations` (`user_id`, `stl_conversation_id`) values ('23739', '262');
/*==================================================*/
/* Query 14 - 2025-08-12 08:14:01 [6.18ms]  */
insert into `user_selected_statement_options` (`response_id`, `stl_statement_id`, `stl_conversation_id`, `option_id`, `user_id`) values ('96', '62', '262', '110', '23739');
/*==================================================*/
/* Query 15 - 2025-08-12 08:14:01 [1.33ms]  */
select * from `user_round_progress` where `round_no` = '1' and `user_id` = '23739' and `name` = 'completedConversations' limit 1;
/*==================================================*/
/* Query 16 - 2025-08-12 08:14:01 [6.19ms]  */
update `user_round_progress` set `value` = '44', `updated_at` = '2025-08-12 08:14:01' where `id` = '593695';
/*==================================================*/
/* Query 17 - 2025-08-12 08:14:01 [1.56ms]  */
select * from `user_coachee_round_progress` where `stl_coachee_id` = '2' and `round_no` = '1' and `user_id` = '23739' and `name` = 'completedConversations' limit 1;
/*==================================================*/
/* Query 18 - 2025-08-12 08:14:01 [6.04ms]  */
update `user_coachee_round_progress` set `value` = '15', `updated_at` = '2025-08-12 08:14:01' where `id` = '866105';
/*==================================================*/
/* Query 19 - 2025-08-12 08:14:01 [1.43ms]  */
select * from `user_coachee_round_phase_details` where `stl_coachee_id` = '2' and `stl_round_phase_id` = '2' and `user_id` = '23739' limit 1;
/*==================================================*/
/* Query 20 - 2025-08-12 08:14:01 [6.61ms]  */
update `user_coachee_round_phase_details` set `completed_conversations` = '13', `updated_at` = '2025-08-12 08:14:01' where `id` = '640910';
/*==================================================*/
/* Query 21 - 2025-08-12 08:14:01 [1.54ms]  */
select `name`, `value`, `round_no`, `stl_coachee_id` from `user_coachee_round_progress` where `user_id` = '23739';
/*==================================================*/
/* Query 22 - 2025-08-12 08:14:01 [1.41ms]  */
select `name`, `value`, `round_no` from `user_round_progress` where `user_id` = '23739';
/*==================================================*/
/* Query 23 - 2025-08-12 08:14:01 [1.34ms]  */
select * from `events`;
/*==================================================*/
/* Query 24 - 2025-08-12 08:14:01 [1.18ms]  */
select * from `event_conditions`;
/*==================================================*/
/* Query 25 - 2025-08-12 08:14:01 [1.11ms]  */
select * from `event_types`;
/*==================================================*/
/* Query 26 - 2025-08-12 08:14:01 [1.23ms]  */
select * from `event_sources`;
/*==================================================*/
/* Query 27 - 2025-08-12 08:14:01 [1.24ms]  */
select * from `event_options`;
/*==================================================*/
/* Query 28 - 2025-08-12 08:14:01 [1.18ms]  */
select * from `event_option_response`;
/*==================================================*/
/* Query 29 - 2025-08-12 08:14:01 [1.42ms]  */
select * from `stl_events` where `stl_id` = '1' and `round_no` = '1';
/*==================================================*/
/* Query 30 - 2025-08-12 08:14:01 [1.49ms]  */
select * from `user_conversation_metrics` where `user_id` = '23739' and `round_no` = '1';
/*==================================================*/
/* Query 31 - 2025-08-12 08:14:01 [1.43ms]  */
select * from `user_events` where `user_id` = '23739' and `round_no` = '1';
/*==================================================*/
/* Query 32 - 2025-08-12 08:14:01 [1.35ms]  */
select `name`, `value` from `user_round_progress` where `user_id` = '23739' and `round_no` = '1';
/*==================================================*/
/* Query 1 - 2025-08-12 08:14:03 [1.46ms]  */
select * from `user_timer_details` where `user_id` = '23737' limit 1;
/*==================================================*/
/* Query 2 - 2025-08-12 08:14:03 [7.02ms]  */
update `user_timer_details` set `time_remaining` = '3165', `updated_at` = '2025-08-12 08:14:03' where `id` = '22716';
/*==================================================*/
/* Query 1 - 2025-08-12 08:14:04 [1.74ms]  */
select * from `user_timer_details` where `user_id` = '23742' limit 1;
/*==================================================*/
/* Query 2 - 2025-08-12 08:14:04 [7.17ms]  */
update `user_timer_details` set `time_remaining` = '3195', `updated_at` = '2025-08-12 08:14:04' where `id` = '22721';
/*==================================================*/
/* Query 1 - 2025-08-12 08:14:06 [1.36ms]  */
select * from `user_timer_details` where `user_id` = '23745' limit 1;
/*==================================================*/
/* Query 2 - 2025-08-12 08:14:06 [7.26ms]  */
update `user_timer_details` set `time_remaining` = '3135', `updated_at` = '2025-08-12 08:14:06' where `id` = '22724';
/*==================================================*/
/* Query 1 - 2025-08-12 08:14:06 [0.96ms]  */
select * from `stl_models` where `stl_id` = '1' limit 1;
/*==================================================*/
/* Query 2 - 2025-08-12 08:14:06 [1.14ms]  */
select * from `model_details` where `model_id` = '1';
/*==================================================*/
/* Query 3 - 2025-08-12 08:14:06 [1ms]  */
select * from `statement_option_responses` where `option_id` = '94';
/*==================================================*/
/* Query 4 - 2025-08-12 08:14:06 [0.96ms]  */
select * from `statement_option_metrics` where `option_id` = '94';
/*==================================================*/
/* Query 5 - 2025-08-12 08:14:06 [1ms]  */
select * from `user_metrics` where `user_id` = '23749';
/*==================================================*/
/* Query 6 - 2025-08-12 08:14:06 [1.11ms]  */
select * from `user_coachee_metrics` where `user_id` = '23749' and `stl_coachee_id` = '2';
/*==================================================*/
/* Query 7 - 2025-08-12 08:14:06 [6.48ms]  */
insert into `user_conversations` (`user_id`, `stl_conversation_id`) values ('23749', '252');
/*==================================================*/
/* Query 8 - 2025-08-12 08:14:06 [8.26ms]  */
insert into `user_selected_statement_options` (`response_id`, `stl_statement_id`, `stl_conversation_id`, `option_id`, `user_id`) values ('80', '52', '252', '94', '23749');
/*==================================================*/
/* Query 9 - 2025-08-12 08:14:06 [1.27ms]  */
select * from `user_round_progress` where `round_no` = '1' and `user_id` = '23749' and `name` = 'completedConversations' limit 1;
/*==================================================*/
/* Query 10 - 2025-08-12 08:14:06 [8.77ms]  */
update `user_round_progress` set `value` = '31', `updated_at` = '2025-08-12 08:14:06' where `id` = '593857';
/*==================================================*/
/* Query 11 - 2025-08-12 08:14:06 [1.3ms]  */
select * from `user_coachee_round_progress` where `stl_coachee_id` = '2' and `round_no` = '1' and `user_id` = '23749' and `name` = 'completedConversations' limit 1;
/*==================================================*/
/* Query 12 - 2025-08-12 08:14:06 [6.51ms]  */
update `user_coachee_round_progress` set `value` = '5', `updated_at` = '2025-08-12 08:14:06' where `id` = '866363';
/*==================================================*/
/* Query 13 - 2025-08-12 08:14:06 [1.07ms]  */
select * from `user_coachee_round_phase_details` where `stl_coachee_id` = '2' and `stl_round_phase_id` = '2' and `user_id` = '23749' limit 1;
/*==================================================*/
/* Query 14 - 2025-08-12 08:14:06 [6.11ms]  */
update `user_coachee_round_phase_details` set `completed_conversations` = '3', `updated_at` = '2025-08-12 08:14:06' where `id` = '641180';
/*==================================================*/
/* Query 15 - 2025-08-12 08:14:06 [1.01ms]  */
select `name`, `value`, `round_no`, `stl_coachee_id` from `user_coachee_round_progress` where `user_id` = '23749';
/*==================================================*/
/* Query 16 - 2025-08-12 08:14:06 [0.86ms]  */
select `name`, `value`, `round_no` from `user_round_progress` where `user_id` = '23749';
/*==================================================*/
/* Query 17 - 2025-08-12 08:14:06 [0.98ms]  */
select * from `events`;
/*==================================================*/
/* Query 18 - 2025-08-12 08:14:06 [0.74ms]  */
select * from `event_conditions`;
/*==================================================*/
/* Query 19 - 2025-08-12 08:14:06 [0.72ms]  */
select * from `event_types`;
/*==================================================*/
/* Query 20 - 2025-08-12 08:14:06 [0.79ms]  */
select * from `event_sources`;
/*==================================================*/
/* Query 21 - 2025-08-12 08:14:06 [1.08ms]  */
select * from `event_options`;
/*==================================================*/
/* Query 22 - 2025-08-12 08:14:06 [1.04ms]  */
select * from `event_option_response`;
/*==================================================*/
/* Query 23 - 2025-08-12 08:14:06 [0.94ms]  */
select * from `stl_events` where `stl_id` = '1' and `round_no` = '1';
/*==================================================*/
/* Query 24 - 2025-08-12 08:14:06 [1.01ms]  */
select * from `user_conversation_metrics` where `user_id` = '23749' and `round_no` = '1';
/*==================================================*/
/* Query 25 - 2025-08-12 08:14:06 [1.07ms]  */
select * from `user_events` where `user_id` = '23749' and `round_no` = '1';
/*==================================================*/
/* Query 26 - 2025-08-12 08:14:06 [0.95ms]  */
select `name`, `value` from `user_round_progress` where `user_id` = '23749' and `round_no` = '1';
/*==================================================*/
/* Query 1 - 2025-08-12 08:14:06 [1.55ms]  */
select * from `user_timer_details` where `user_id` = '23748' limit 1;
/*==================================================*/
/* Query 2 - 2025-08-12 08:14:07 [7.59ms]  */
update `user_timer_details` set `time_remaining` = '3135', `updated_at` = '2025-08-12 08:14:06' where `id` = '22727';
/*==================================================*/
/* Query 1 - 2025-08-12 08:14:11 [1.55ms]  */
select * from `stl_models` where `stl_id` = '1' limit 1;
/*==================================================*/
/* Query 2 - 2025-08-12 08:14:11 [1.33ms]  */
select * from `model_details` where `model_id` = '1';
/*==================================================*/
/* Query 3 - 2025-08-12 08:14:11 [1.57ms]  */
select * from `statement_option_responses` where `option_id` = '98';
/*==================================================*/
/* Query 4 - 2025-08-12 08:14:11 [1.35ms]  */
select * from `statement_option_metrics` where `option_id` = '98';
/*==================================================*/
/* Query 5 - 2025-08-12 08:14:11 [1.36ms]  */
select * from `user_metrics` where `user_id` = '23745';
/*==================================================*/
/* Query 6 - 2025-08-12 08:14:11 [1.51ms]  */
select * from `user_coachee_metrics` where `user_id` = '23745' and `stl_coachee_id` = '2';
/*==================================================*/
/* Query 7 - 2025-08-12 08:14:11 [6.92ms]  */
insert into `user_conversations` (`user_id`, `stl_conversation_id`) values ('23745', '256');
/*==================================================*/
/* Query 8 - 2025-08-12 08:14:11 [6.63ms]  */
insert into `user_selected_statement_options` (`response_id`, `stl_statement_id`, `stl_conversation_id`, `option_id`, `user_id`) values ('84', '56', '256', '98', '23745');
/*==================================================*/
/* Query 9 - 2025-08-12 08:14:11 [1.42ms]  */
select * from `user_round_progress` where `round_no` = '1' and `user_id` = '23745' and `name` = 'completedConversations' limit 1;
/*==================================================*/
/* Query 10 - 2025-08-12 08:14:11 [7.31ms]  */
update `user_round_progress` set `value` = '37', `updated_at` = '2025-08-12 08:14:11' where `id` = '593793';
/*==================================================*/
/* Query 11 - 2025-08-12 08:14:11 [1.59ms]  */
select * from `user_coachee_round_progress` where `stl_coachee_id` = '2' and `round_no` = '1' and `user_id` = '23745' and `name` = 'completedConversations' limit 1;
/*==================================================*/
/* Query 12 - 2025-08-12 08:14:11 [6.95ms]  */
update `user_coachee_round_progress` set `value` = '8', `updated_at` = '2025-08-12 08:14:11' where `id` = '866267';
/*==================================================*/
/* Query 13 - 2025-08-12 08:14:11 [1.59ms]  */
select * from `user_coachee_round_phase_details` where `stl_coachee_id` = '2' and `stl_round_phase_id` = '2' and `user_id` = '23745' limit 1;
/*==================================================*/
/* Query 14 - 2025-08-12 08:14:11 [6.7ms]  */
update `user_coachee_round_phase_details` set `completed_conversations` = '6', `updated_at` = '2025-08-12 08:14:11' where `id` = '641072';
/*==================================================*/
/* Query 15 - 2025-08-12 08:14:11 [1.57ms]  */
select `name`, `value`, `round_no`, `stl_coachee_id` from `user_coachee_round_progress` where `user_id` = '23745';
/*==================================================*/
/* Query 16 - 2025-08-12 08:14:11 [1.54ms]  */
select `name`, `value`, `round_no` from `user_round_progress` where `user_id` = '23745';
/*==================================================*/
/* Query 17 - 2025-08-12 08:14:11 [1.52ms]  */
select * from `events`;
/*==================================================*/
/* Query 18 - 2025-08-12 08:14:11 [1.37ms]  */
select * from `event_conditions`;
/*==================================================*/
/* Query 19 - 2025-08-12 08:14:11 [1.26ms]  */
select * from `event_types`;
/*==================================================*/
/* Query 20 - 2025-08-12 08:14:11 [1.25ms]  */
select * from `event_sources`;
/*==================================================*/
/* Query 21 - 2025-08-12 08:14:11 [1.31ms]  */
select * from `event_options`;
/*==================================================*/
/* Query 22 - 2025-08-12 08:14:11 [1.5ms]  */
select * from `event_option_response`;
/*==================================================*/
/* Query 23 - 2025-08-12 08:14:11 [1.4ms]  */
select * from `stl_events` where `stl_id` = '1' and `round_no` = '1';
/*==================================================*/
/* Query 24 - 2025-08-12 08:14:11 [1.53ms]  */
select * from `user_conversation_metrics` where `user_id` = '23745' and `round_no` = '1';
/*==================================================*/
/* Query 25 - 2025-08-12 08:14:11 [1.67ms]  */
select * from `user_events` where `user_id` = '23745' and `round_no` = '1';
/*==================================================*/
/* Query 26 - 2025-08-12 08:14:11 [1.4ms]  */
select `name`, `value` from `user_round_progress` where `user_id` = '23745' and `round_no` = '1';
/*==================================================*/
/* Query 1 - 2025-08-12 08:14:12 [1.03ms]  */
select * from `stl_models` where `stl_id` = '1' limit 1;
/*==================================================*/
/* Query 2 - 2025-08-12 08:14:12 [1.14ms]  */
select * from `model_details` where `model_id` = '1';
/*==================================================*/
/* Query 3 - 2025-08-12 08:14:12 [1.09ms]  */
select * from `statement_option_responses` where `option_id` = '35';
/*==================================================*/
/* Query 4 - 2025-08-12 08:14:12 [1.12ms]  */
select * from `statement_option_metrics` where `option_id` = '35';
/*==================================================*/
/* Query 5 - 2025-08-12 08:14:12 [1.02ms]  */
select * from `user_metrics` where `user_id` = '23742';
/*==================================================*/
/* Query 6 - 2025-08-12 08:14:12 [1.38ms]  */
select * from `user_coachee_metrics` where `user_id` = '23742' and `stl_coachee_id` = '1';
/*==================================================*/
/* Query 7 - 2025-08-12 08:14:12 [6.72ms]  */
insert into `user_conversations` (`user_id`, `stl_conversation_id`) values ('23742', '121');
/*==================================================*/
/* Query 8 - 2025-08-12 08:14:13 [7.39ms]  */
insert into `user_selected_statement_options` (`response_id`, `stl_statement_id`, `stl_conversation_id`, `option_id`, `user_id`) values ('30', '21', '121', '35', '23742');
/*==================================================*/
/* Query 9 - 2025-08-12 08:14:13 [1.6ms]  */
select * from `user_round_progress` where `round_no` = '1' and `user_id` = '23742' and `name` = 'completedConversations' limit 1;
/*==================================================*/
/* Query 10 - 2025-08-12 08:14:13 [7.48ms]  */
update `user_round_progress` set `value` = '20', `updated_at` = '2025-08-12 08:14:13' where `id` = '593745';
/*==================================================*/
/* Query 11 - 2025-08-12 08:14:13 [1.27ms]  */
select * from `user_coachee_round_progress` where `stl_coachee_id` = '1' and `round_no` = '1' and `user_id` = '23742' and `name` = 'completedConversations' limit 1;
/*==================================================*/
/* Query 12 - 2025-08-12 08:14:13 [9.34ms]  */
update `user_coachee_round_progress` set `value` = '20', `updated_at` = '2025-08-12 08:14:13' where `id` = '866192';
/*==================================================*/
/* Query 13 - 2025-08-12 08:14:13 [1.87ms]  */
select * from `user_coachee_round_phase_details` where `stl_coachee_id` = '1' and `stl_round_phase_id` = '3' and `user_id` = '23742' limit 1;
/*==================================================*/
/* Query 14 - 2025-08-12 08:14:13 [6.62ms]  */
update `user_coachee_round_phase_details` set `completed_conversations` = '3', `updated_at` = '2025-08-12 08:14:13' where `id` = '640983';
/*==================================================*/
/* Query 15 - 2025-08-12 08:14:13 [1.28ms]  */
select `name`, `value`, `round_no`, `stl_coachee_id` from `user_coachee_round_progress` where `user_id` = '23742';
/*==================================================*/
/* Query 16 - 2025-08-12 08:14:13 [1.21ms]  */
select `name`, `value`, `round_no` from `user_round_progress` where `user_id` = '23742';
/*==================================================*/
/* Query 17 - 2025-08-12 08:14:13 [1.12ms]  */
select * from `events`;
/*==================================================*/
/* Query 18 - 2025-08-12 08:14:13 [1.35ms]  */
select * from `event_conditions`;
/*==================================================*/
/* Query 19 - 2025-08-12 08:14:13 [1.05ms]  */
select * from `event_types`;
/*==================================================*/
/* Query 20 - 2025-08-12 08:14:13 [1.29ms]  */
select * from `event_sources`;
/*==================================================*/
/* Query 21 - 2025-08-12 08:14:13 [1.13ms]  */
select * from `event_options`;
/*==================================================*/
/* Query 22 - 2025-08-12 08:14:13 [1.09ms]  */
select * from `event_option_response`;
/*==================================================*/
/* Query 23 - 2025-08-12 08:14:13 [1.25ms]  */
select * from `stl_events` where `stl_id` = '1' and `round_no` = '1';
/*==================================================*/
/* Query 24 - 2025-08-12 08:14:13 [1.2ms]  */
select * from `user_conversation_metrics` where `user_id` = '23742' and `round_no` = '1';
/*==================================================*/
/* Query 25 - 2025-08-12 08:14:13 [1.32ms]  */
select * from `user_events` where `user_id` = '23742' and `round_no` = '1';
/*==================================================*/
/* Query 26 - 2025-08-12 08:14:13 [1.07ms]  */
select `name`, `value` from `user_round_progress` where `user_id` = '23742' and `round_no` = '1';
/*==================================================*/
/* Query 1 - 2025-08-12 08:14:13 [1.08ms]  */
select * from `stl_models` where `stl_id` = '1' limit 1;
/*==================================================*/
/* Query 2 - 2025-08-12 08:14:13 [1.81ms]  */
select * from `model_details` where `model_id` = '1';
/*==================================================*/
/* Query 3 - 2025-08-12 08:14:13 [1.07ms]  */
select * from `statement_option_responses` where `option_id` = '50';
/*==================================================*/
/* Query 4 - 2025-08-12 08:14:13 [1.63ms]  */
select * from `statement_option_metrics` where `option_id` = '50';
/*==================================================*/
/* Query 5 - 2025-08-12 08:14:13 [0.98ms]  */
select * from `user_metrics` where `user_id` = '23756';
/*==================================================*/
/* Query 6 - 2025-08-12 08:14:13 [1.06ms]  */
select * from `user_coachee_metrics` where `user_id` = '23756' and `stl_coachee_id` = '1';
/*==================================================*/
/* Query 7 - 2025-08-12 08:14:13 [7.22ms]  */
insert into `user_conversations` (`user_id`, `stl_conversation_id`) values ('23756', '128');
/*==================================================*/
/* Query 8 - 2025-08-12 08:14:13 [7.15ms]  */
insert into `user_selected_statement_options` (`response_id`, `stl_statement_id`, `stl_conversation_id`, `option_id`, `user_id`) values ('42', '28', '128', '50', '23756');
/*==================================================*/
/* Query 9 - 2025-08-12 08:14:13 [1.26ms]  */
select * from `user_round_progress` where `round_no` = '1' and `user_id` = '23756' and `name` = 'completedConversations' limit 1;
/*==================================================*/
/* Query 10 - 2025-08-12 08:14:13 [7.5ms]  */
update `user_round_progress` set `value` = '27', `updated_at` = '2025-08-12 08:14:13' where `id` = '594005';
/*==================================================*/
/* Query 11 - 2025-08-12 08:14:13 [1.16ms]  */
select * from `user_coachee_round_progress` where `stl_coachee_id` = '1' and `round_no` = '1' and `user_id` = '23756' and `name` = 'completedConversations' limit 1;
/*==================================================*/
/* Query 12 - 2025-08-12 08:14:13 [6.65ms]  */
update `user_coachee_round_progress` set `value` = '27', `updated_at` = '2025-08-12 08:14:13' where `id` = '866573';
/*==================================================*/
/* Query 13 - 2025-08-12 08:14:13 [1.21ms]  */
select * from `user_coachee_round_phase_details` where `stl_coachee_id` = '1' and `stl_round_phase_id` = '5' and `user_id` = '23756' limit 1;
/*==================================================*/
/* Query 14 - 2025-08-12 08:14:13 [6.98ms]  */
update `user_coachee_round_phase_details` set `completed_conversations` = '3', `updated_at` = '2025-08-12 08:14:13' where `id` = '641363';
/*==================================================*/
/* Query 15 - 2025-08-12 08:14:13 [1.56ms]  */
select `name`, `value`, `round_no`, `stl_coachee_id` from `user_coachee_round_progress` where `user_id` = '23756';
/*==================================================*/
/* Query 16 - 2025-08-12 08:14:13 [1.18ms]  */
select `name`, `value`, `round_no` from `user_round_progress` where `user_id` = '23756';
/*==================================================*/
/* Query 17 - 2025-08-12 08:14:13 [1.07ms]  */
select * from `events`;
/*==================================================*/
/* Query 18 - 2025-08-12 08:14:13 [0.96ms]  */
select * from `event_conditions`;
/*==================================================*/
/* Query 19 - 2025-08-12 08:14:13 [1.18ms]  */
select * from `event_types`;
/*==================================================*/
/* Query 20 - 2025-08-12 08:14:13 [1ms]  */
select * from `event_sources`;
/*==================================================*/
/* Query 21 - 2025-08-12 08:14:13 [1.13ms]  */
select * from `event_options`;
/*==================================================*/
/* Query 22 - 2025-08-12 08:14:13 [1ms]  */
select * from `event_option_response`;
/*==================================================*/
/* Query 23 - 2025-08-12 08:14:13 [1.05ms]  */
select * from `stl_events` where `stl_id` = '1' and `round_no` = '1';
/*==================================================*/
/* Query 24 - 2025-08-12 08:14:13 [1.87ms]  */
select * from `user_conversation_metrics` where `user_id` = '23756' and `round_no` = '1';
/*==================================================*/
/* Query 25 - 2025-08-12 08:14:13 [1.12ms]  */
select * from `user_events` where `user_id` = '23756' and `round_no` = '1';
/*==================================================*/
/* Query 26 - 2025-08-12 08:14:13 [1.08ms]  */
select `name`, `value` from `user_round_progress` where `user_id` = '23756' and `round_no` = '1';
/*==================================================*/
/* Query 1 - 2025-08-12 08:14:13 [0.96ms]  */
select * from `stl_models` where `stl_id` = '1' limit 1;
/*==================================================*/
/* Query 2 - 2025-08-12 08:14:13 [1.01ms]  */
select * from `model_details` where `model_id` = '1';
/*==================================================*/
/* Query 3 - 2025-08-12 08:14:13 [0.94ms]  */
select * from `statement_option_responses` where `option_id` = '188';
/*==================================================*/
/* Query 4 - 2025-08-12 08:14:13 [0.83ms]  */
select * from `statement_option_metrics` where `option_id` = '188';
/*==================================================*/
/* Query 5 - 2025-08-12 08:14:13 [0.94ms]  */
select * from `user_metrics` where `user_id` = '23752';
/*==================================================*/
/* Query 6 - 2025-08-12 08:14:13 [1.07ms]  */
select * from `user_coachee_metrics` where `user_id` = '23752' and `stl_coachee_id` = '3';
/*==================================================*/
/* Query 7 - 2025-08-12 08:14:13 [7.05ms]  */
insert into `user_conversations` (`user_id`, `stl_conversation_id`) values ('23752', '406');
/*==================================================*/
/* Query 8 - 2025-08-12 08:14:13 [6.51ms]  */
insert into `user_selected_statement_options` (`response_id`, `stl_statement_id`, `stl_conversation_id`, `option_id`, `user_id`) values ('', '107', '406', '188', '23752');
/*==================================================*/
/* Query 9 - 2025-08-12 08:14:13 [1.04ms]  */
select * from `user_round_progress` where `round_no` = '1' and `user_id` = '23752' and `name` = 'completedConversations' limit 1;
/*==================================================*/
/* Query 10 - 2025-08-12 08:14:13 [6.72ms]  */
update `user_round_progress` set `value` = '40', `updated_at` = '2025-08-12 08:14:13' where `id` = '593905';
/*==================================================*/
/* Query 11 - 2025-08-12 08:14:13 [1.41ms]  */
select * from `user_coachee_round_progress` where `stl_coachee_id` = '3' and `round_no` = '1' and `user_id` = '23752' and `name` = 'completedConversations' limit 1;
/*==================================================*/
/* Query 12 - 2025-08-12 08:14:13 [6.43ms]  */
update `user_coachee_round_progress` set `value` = '11', `updated_at` = '2025-08-12 08:14:13' where `id` = '866438';
/*==================================================*/
/* Query 13 - 2025-08-12 08:14:13 [1.13ms]  */
select * from `user_coachee_round_phase_details` where `stl_coachee_id` = '3' and `stl_round_phase_id` = '2' and `user_id` = '23752' limit 1;
/*==================================================*/
/* Query 14 - 2025-08-12 08:14:13 [5.99ms]  */
update `user_coachee_round_phase_details` set `completed_conversations` = '9', `updated_at` = '2025-08-12 08:14:13' where `id` = '641270';
/*==================================================*/
/* Query 15 - 2025-08-12 08:14:13 [1.16ms]  */
select `name`, `value`, `round_no`, `stl_coachee_id` from `user_coachee_round_progress` where `user_id` = '23752';
/*==================================================*/
/* Query 16 - 2025-08-12 08:14:13 [1.04ms]  */
select `name`, `value`, `round_no` from `user_round_progress` where `user_id` = '23752';
/*==================================================*/
/* Query 17 - 2025-08-12 08:14:13 [1ms]  */
select * from `events`;
/*==================================================*/
/* Query 18 - 2025-08-12 08:14:13 [0.88ms]  */
select * from `event_conditions`;
/*==================================================*/
/* Query 19 - 2025-08-12 08:14:13 [0.81ms]  */
select * from `event_types`;
/*==================================================*/
/* Query 20 - 2025-08-12 08:14:13 [0.94ms]  */
select * from `event_sources`;
/*==================================================*/
/* Query 21 - 2025-08-12 08:14:13 [1.06ms]  */
select * from `event_options`;
/*==================================================*/
/* Query 22 - 2025-08-12 08:14:13 [0.94ms]  */
select * from `event_option_response`;
/*==================================================*/
/* Query 23 - 2025-08-12 08:14:13 [1ms]  */
select * from `stl_events` where `stl_id` = '1' and `round_no` = '1';
/*==================================================*/
/* Query 24 - 2025-08-12 08:14:13 [1.2ms]  */
select * from `user_conversation_metrics` where `user_id` = '23752' and `round_no` = '1';
/*==================================================*/
/* Query 25 - 2025-08-12 08:14:13 [1.03ms]  */
select * from `user_events` where `user_id` = '23752' and `round_no` = '1';
/*==================================================*/
/* Query 26 - 2025-08-12 08:14:13 [0.85ms]  */
select `name`, `value` from `user_round_progress` where `user_id` = '23752' and `round_no` = '1';
/*==================================================*/
/* Query 1 - 2025-08-12 08:14:18 [1.8ms]  */
select * from `stl_models` where `stl_id` = '1' limit 1;
/*==================================================*/
/* Query 2 - 2025-08-12 08:14:18 [1.71ms]  */
select * from `model_details` where `model_id` = '1';
/*==================================================*/
/* Query 3 - 2025-08-12 08:14:18 [1.76ms]  */
select * from `statement_option_responses` where `option_id` = '97';
/*==================================================*/
/* Query 4 - 2025-08-12 08:14:18 [1.61ms]  */
select * from `statement_option_metrics` where `option_id` = '97';
/*==================================================*/
/* Query 5 - 2025-08-12 08:14:18 [1.6ms]  */
select * from `user_metrics` where `user_id` = '23749';
/*==================================================*/
/* Query 6 - 2025-08-12 08:14:18 [1.69ms]  */
select * from `user_coachee_metrics` where `user_id` = '23749' and `stl_coachee_id` = '2';
/*==================================================*/
/* Query 7 - 2025-08-12 08:14:18 [7.8ms]  */
insert into `user_conversations` (`user_id`, `stl_conversation_id`) values ('23749', '255');
/*==================================================*/
/* Query 8 - 2025-08-12 08:14:18 [6.89ms]  */
insert into `user_selected_statement_options` (`response_id`, `stl_statement_id`, `stl_conversation_id`, `option_id`, `user_id`) values ('83', '55', '255', '97', '23749');
/*==================================================*/
/* Query 9 - 2025-08-12 08:14:18 [1.75ms]  */
select * from `user_round_progress` where `round_no` = '1' and `user_id` = '23749' and `name` = 'completedConversations' limit 1;
/*==================================================*/
/* Query 10 - 2025-08-12 08:14:18 [7.01ms]  */
update `user_round_progress` set `value` = '33', `updated_at` = '2025-08-12 08:14:18' where `id` = '593857';
/*==================================================*/
/* Query 11 - 2025-08-12 08:14:18 [1.74ms]  */
select * from `user_coachee_round_progress` where `stl_coachee_id` = '2' and `round_no` = '1' and `user_id` = '23749' and `name` = 'completedConversations' limit 1;
/*==================================================*/
/* Query 12 - 2025-08-12 08:14:18 [6.54ms]  */
update `user_coachee_round_progress` set `value` = '7', `updated_at` = '2025-08-12 08:14:18' where `id` = '866363';
/*==================================================*/
/* Query 13 - 2025-08-12 08:14:18 [1.85ms]  */
select * from `user_coachee_round_phase_details` where `stl_coachee_id` = '2' and `stl_round_phase_id` = '2' and `user_id` = '23749' limit 1;
/*==================================================*/
/* Query 14 - 2025-08-12 08:14:18 [7.05ms]  */
update `user_coachee_round_phase_details` set `completed_conversations` = '5', `updated_at` = '2025-08-12 08:14:18' where `id` = '641180';
/*==================================================*/
/* Query 15 - 2025-08-12 08:14:18 [1.89ms]  */
select `name`, `value`, `round_no`, `stl_coachee_id` from `user_coachee_round_progress` where `user_id` = '23749';
/*==================================================*/
/* Query 16 - 2025-08-12 08:14:18 [1.72ms]  */
select `name`, `value`, `round_no` from `user_round_progress` where `user_id` = '23749';
/*==================================================*/
/* Query 17 - 2025-08-12 08:14:18 [1.75ms]  */
select * from `events`;
/*==================================================*/
/* Query 18 - 2025-08-12 08:14:18 [1.64ms]  */
select * from `event_conditions`;
/*==================================================*/
/* Query 19 - 2025-08-12 08:14:18 [1.45ms]  */
select * from `event_types`;
/*==================================================*/
/* Query 20 - 2025-08-12 08:14:18 [1.51ms]  */
select * from `event_sources`;
/*==================================================*/
/* Query 21 - 2025-08-12 08:14:18 [1.64ms]  */
select * from `event_options`;
/*==================================================*/
/* Query 22 - 2025-08-12 08:14:18 [1.54ms]  */
select * from `event_option_response`;
/*==================================================*/
/* Query 23 - 2025-08-12 08:14:18 [1.87ms]  */
select * from `stl_events` where `stl_id` = '1' and `round_no` = '1';
/*==================================================*/
/* Query 24 - 2025-08-12 08:14:18 [1.82ms]  */
select * from `user_conversation_metrics` where `user_id` = '23749' and `round_no` = '1';
/*==================================================*/
/* Query 25 - 2025-08-12 08:14:18 [1.87ms]  */
select * from `user_events` where `user_id` = '23749' and `round_no` = '1';
/*==================================================*/
/* Query 26 - 2025-08-12 08:14:18 [1.63ms]  */
select `name`, `value` from `user_round_progress` where `user_id` = '23749' and `round_no` = '1';
/*==================================================*/
/* Query 1 - 2025-08-12 08:14:18 [1.43ms]  */
select * from `user_timer_details` where `user_id` = '23737' limit 1;
/*==================================================*/
/* Query 2 - 2025-08-12 08:14:18 [6.88ms]  */
update `user_timer_details` set `time_remaining` = '3150', `updated_at` = '2025-08-12 08:14:18' where `id` = '22716';
/*==================================================*/
/* Query 1 - 2025-08-12 08:14:19 [1.65ms]  */
select * from `user_timer_details` where `user_id` = '23734' limit 1;
/*==================================================*/
/* Query 2 - 2025-08-12 08:14:19 [8.04ms]  */
update `user_timer_details` set `time_remaining` = '3120', `updated_at` = '2025-08-12 08:14:19' where `id` = '22713';
/*==================================================*/
/* Query 1 - 2025-08-12 08:14:20 [1.7ms]  */
select * from `user_timer_details` where `user_id` = '23744' limit 1;
/*==================================================*/
/* Query 2 - 2025-08-12 08:14:20 [8.02ms]  */
update `user_timer_details` set `time_remaining` = '3120', `updated_at` = '2025-08-12 08:14:20' where `id` = '22723';
/*==================================================*/
/* Query 1 - 2025-08-12 08:14:21 [1.31ms]  */
select * from `user_timer_details` where `user_id` = '23748' limit 1;
/*==================================================*/
/* Query 2 - 2025-08-12 08:14:22 [7.3ms]  */
update `user_timer_details` set `time_remaining` = '3120', `updated_at` = '2025-08-12 08:14:21' where `id` = '22727';
/*==================================================*/
/* Query 1 - 2025-08-12 08:14:22 [1.12ms]  */
select * from `user_timer_details` where `user_id` = '23743' limit 1;
/*==================================================*/
/* Query 2 - 2025-08-12 08:14:22 [7.29ms]  */
update `user_timer_details` set `time_remaining` = '3120', `updated_at` = '2025-08-12 08:14:22' where `id` = '22722';
/*==================================================*/
/* Query 1 - 2025-08-12 08:14:24 [1.82ms]  */
select * from `stl_models` where `stl_id` = '1' limit 1;
/*==================================================*/
/* Query 2 - 2025-08-12 08:14:24 [1.89ms]  */
select * from `model_details` where `model_id` = '1';
/*==================================================*/
/* Query 3 - 2025-08-12 08:14:24 [1.86ms]  */
select * from `statement_option_responses` where `option_id` = '92';
/*==================================================*/
/* Query 4 - 2025-08-12 08:14:24 [1.76ms]  */
select * from `statement_option_metrics` where `option_id` = '92';
/*==================================================*/
/* Query 5 - 2025-08-12 08:14:24 [1.62ms]  */
select * from `user_metrics` where `user_id` = '23760';
/*==================================================*/
/* Query 6 - 2025-08-12 08:14:24 [1.81ms]  */
select * from `user_coachee_metrics` where `user_id` = '23760' and `stl_coachee_id` = '2';
/*==================================================*/
/* Query 7 - 2025-08-12 08:14:24 [7.45ms]  */
insert into `user_conversations` (`user_id`, `stl_conversation_id`) values ('23760', '250');
/*==================================================*/
/* Query 8 - 2025-08-12 08:14:24 [6.96ms]  */
insert into `user_selected_statement_options` (`response_id`, `stl_statement_id`, `stl_conversation_id`, `option_id`, `user_id`) values ('78', '50', '250', '92', '23760');
/*==================================================*/
/* Query 9 - 2025-08-12 08:14:24 [1.82ms]  */
select * from `user_round_progress` where `round_no` = '1' and `user_id` = '23760' and `name` = 'completedConversations' limit 1;
/*==================================================*/
/* Query 10 - 2025-08-12 08:14:24 [7.48ms]  */
update `user_round_progress` set `value` = '32', `updated_at` = '2025-08-12 08:14:24' where `id` = '594071';
/*==================================================*/
/* Query 11 - 2025-08-12 08:14:24 [1.76ms]  */
select * from `user_coachee_round_progress` where `stl_coachee_id` = '2' and `round_no` = '1' and `user_id` = '23760' and `name` = 'completedConversations' limit 1;
/*==================================================*/
/* Query 12 - 2025-08-12 08:14:24 [6.82ms]  */
update `user_coachee_round_progress` set `value` = '3', `updated_at` = '2025-08-12 08:14:24' where `id` = '866681';
/*==================================================*/
/* Query 13 - 2025-08-12 08:14:24 [1.95ms]  */
select * from `user_coachee_round_phase_details` where `stl_coachee_id` = '2' and `stl_round_phase_id` = '2' and `user_id` = '23760' limit 1;
/*==================================================*/
/* Query 14 - 2025-08-12 08:14:24 [7.21ms]  */
update `user_coachee_round_phase_details` set `completed_conversations` = '1', `updated_at` = '2025-08-12 08:14:24' where `id` = '641477';
/*==================================================*/
/* Query 15 - 2025-08-12 08:14:24 [1.95ms]  */
select `name`, `value`, `round_no`, `stl_coachee_id` from `user_coachee_round_progress` where `user_id` = '23760';
/*==================================================*/
/* Query 16 - 2025-08-12 08:14:24 [1.75ms]  */
select `name`, `value`, `round_no` from `user_round_progress` where `user_id` = '23760';
/*==================================================*/
/* Query 17 - 2025-08-12 08:14:24 [1.8ms]  */
select * from `events`;
/*==================================================*/
/* Query 18 - 2025-08-12 08:14:24 [1.71ms]  */
select * from `event_conditions`;
/*==================================================*/
/* Query 19 - 2025-08-12 08:14:24 [1.57ms]  */
select * from `event_types`;
/*==================================================*/
/* Query 20 - 2025-08-12 08:14:24 [1.51ms]  */
select * from `event_sources`;
/*==================================================*/
/* Query 21 - 2025-08-12 08:14:24 [1.71ms]  */
select * from `event_options`;
/*==================================================*/
/* Query 22 - 2025-08-12 08:14:24 [1.57ms]  */
select * from `event_option_response`;
/*==================================================*/
/* Query 23 - 2025-08-12 08:14:24 [1.81ms]  */
select * from `stl_events` where `stl_id` = '1' and `round_no` = '1';
/*==================================================*/
/* Query 24 - 2025-08-12 08:14:24 [1.82ms]  */
select * from `user_conversation_metrics` where `user_id` = '23760' and `round_no` = '1';
/*==================================================*/
/* Query 25 - 2025-08-12 08:14:24 [1.91ms]  */
select * from `user_events` where `user_id` = '23760' and `round_no` = '1';
/*==================================================*/
/* Query 26 - 2025-08-12 08:14:24 [1.74ms]  */
select `name`, `value` from `user_round_progress` where `user_id` = '23760' and `round_no` = '1';
/*==================================================*/
/* Query 1 - 2025-08-12 08:14:24 [1.19ms]  */
select * from `stl_models` where `stl_id` = '1' limit 1;
/*==================================================*/
/* Query 2 - 2025-08-12 08:14:24 [1.33ms]  */
select * from `model_details` where `model_id` = '1';
/*==================================================*/
/* Query 3 - 2025-08-12 08:14:24 [1.16ms]  */
select * from `statement_option_responses` where `option_id` = '217';
/*==================================================*/
/* Query 4 - 2025-08-12 08:14:24 [1.2ms]  */
select * from `statement_option_metrics` where `option_id` = '217';
/*==================================================*/
/* Query 5 - 2025-08-12 08:14:25 [1.23ms]  */
select * from `user_metrics` where `user_id` = '23762';
/*==================================================*/
/* Query 6 - 2025-08-12 08:14:25 [1.32ms]  */
select * from `user_coachee_metrics` where `user_id` = '23762' and `stl_coachee_id` = '3';
/*==================================================*/
/* Query 7 - 2025-08-12 08:14:25 [6.78ms]  */
insert into `user_conversations` (`user_id`, `stl_conversation_id`) values ('23762', '419');
/*==================================================*/
/* Query 8 - 2025-08-12 08:14:25 [6.01ms]  */
insert into `user_selected_statement_options` (`response_id`, `stl_statement_id`, `stl_conversation_id`, `option_id`, `user_id`) values ('', '120', '419', '217', '23762');
/*==================================================*/
/* Query 9 - 2025-08-12 08:14:25 [1.12ms]  */
select * from `user_round_progress` where `round_no` = '1' and `user_id` = '23762' and `name` = 'completedConversations' limit 1;
/*==================================================*/
/* Query 10 - 2025-08-12 08:14:25 [6.39ms]  */
update `user_round_progress` set `value` = '25', `updated_at` = '2025-08-12 08:14:25' where `id` = '594107';
/*==================================================*/
/* Query 11 - 2025-08-12 08:14:25 [3.83ms]  */
select * from `user_coachee_round_progress` where `stl_coachee_id` = '3' and `round_no` = '1' and `user_id` = '23762' and `name` = 'completedConversations' limit 1;
/*==================================================*/
/* Query 12 - 2025-08-12 08:14:25 [6.96ms]  */
update `user_coachee_round_progress` set `value` = '25', `updated_at` = '2025-08-12 08:14:25' where `id` = '866738';
/*==================================================*/
/* Query 13 - 2025-08-12 08:14:25 [1.48ms]  */
select * from `user_coachee_round_phase_details` where `stl_coachee_id` = '3' and `stl_round_phase_id` = '5' and `user_id` = '23762' limit 1;
/*==================================================*/
/* Query 14 - 2025-08-12 08:14:25 [6.77ms]  */
update `user_coachee_round_phase_details` set `completed_conversations` = '4', `updated_at` = '2025-08-12 08:14:25' where `id` = '641543';
/*==================================================*/
/* Query 15 - 2025-08-12 08:14:25 [1.68ms]  */
select `name`, `value`, `round_no`, `stl_coachee_id` from `user_coachee_round_progress` where `user_id` = '23762';
/*==================================================*/
/* Query 16 - 2025-08-12 08:14:25 [1.51ms]  */
select `name`, `value`, `round_no` from `user_round_progress` where `user_id` = '23762';
/*==================================================*/
/* Query 17 - 2025-08-12 08:14:25 [1.32ms]  */
select * from `events`;
/*==================================================*/
/* Query 18 - 2025-08-12 08:14:25 [1.22ms]  */
select * from `event_conditions`;
/*==================================================*/
/* Query 19 - 2025-08-12 08:14:25 [1.12ms]  */
select * from `event_types`;
/*==================================================*/
/* Query 20 - 2025-08-12 08:14:25 [1ms]  */
select * from `event_sources`;
/*==================================================*/
/* Query 21 - 2025-08-12 08:14:25 [1.31ms]  */
select * from `event_options`;
/*==================================================*/
/* Query 22 - 2025-08-12 08:14:25 [1.06ms]  */
select * from `event_option_response`;
/*==================================================*/
/* Query 23 - 2025-08-12 08:14:25 [1.3ms]  */
select * from `stl_events` where `stl_id` = '1' and `round_no` = '1';
/*==================================================*/
/* Query 24 - 2025-08-12 08:14:25 [1.64ms]  */
select * from `user_conversation_metrics` where `user_id` = '23762' and `round_no` = '1';
/*==================================================*/
/* Query 25 - 2025-08-12 08:14:25 [1.44ms]  */
select * from `user_events` where `user_id` = '23762' and `round_no` = '1';
/*==================================================*/
/* Query 26 - 2025-08-12 08:14:25 [1.33ms]  */
select `name`, `value` from `user_round_progress` where `user_id` = '23762' and `round_no` = '1';
/*==================================================*/
/* Query 1 - 2025-08-12 08:14:25 [1.92ms]  */
select * from `user_timer_details` where `user_id` = '23753' limit 1;
/*==================================================*/
/* Query 2 - 2025-08-12 08:14:25 [8.41ms]  */
update `user_timer_details` set `time_remaining` = '3135', `updated_at` = '2025-08-12 08:14:25' where `id` = '22732';
/*==================================================*/
/* Query 1 - 2025-08-12 08:14:26 [1.33ms]  */
select * from `user_timer_details` where `user_id` = '23756' limit 1;
/*==================================================*/
/* Query 2 - 2025-08-12 08:14:26 [7.33ms]  */
update `user_timer_details` set `time_remaining` = '3180', `updated_at` = '2025-08-12 08:14:26' where `id` = '22735';
/*==================================================*/
/* Query 1 - 2025-08-12 08:14:31 [0.97ms]  */
select * from `event_option_metrics` where `option_id` = '33';
/*==================================================*/
/* Query 2 - 2025-08-12 08:14:31 [1.1ms]  */
select * from `user_events` where `stl_event_id` = '2' and `user_id` = '23739' limit 1;
/*==================================================*/
/* Query 3 - 2025-08-12 08:14:31 [0.98ms]  */
select * from `user_coachee_metrics` where `user_id` = '23739';
/*==================================================*/
/* Query 4 - 2025-08-12 08:14:31 [1.03ms]  */
select * from `stl_models` where `stl_id` = '1' limit 1;
/*==================================================*/
/* Query 5 - 2025-08-12 08:14:31 [1.06ms]  */
select * from `model_details` where `model_id` = '1';
/*==================================================*/
/* Query 6 - 2025-08-12 08:14:31 [8.77ms]  */
insert into `user_coachee_event_metrics` (`actual_delta`, `delta`, `previous_value`, `round_no`, `stl_coachee_id`, `stl_event_id`, `stl_metric_id`, `stl_phase_id`, `updated_value`, `user_id`) values ('2', '4', '93', '1', '1', '2', '1', '2', '97', '23739'), ('2', '3', '58', '1', '2', '2', '1', '2', '61', '23739'), ('2', '2', '30', '1', '3', '2', '1', '2', '32', '23739');
/*==================================================*/
/* Query 7 - 2025-08-12 08:14:31 [6.62ms]  */
INSERT INTO user_coachee_metrics (user_id, stl_coachee_id, stl_metric_id, value) VALUES  (23739, 1, 1, 97) , (23739, 2, 1, 61) , (23739, 3, 1, 32)   ON DUPLICATE KEY UPDATE `value` = VALUES(`value`);
/*==================================================*/
/* Query 8 - 2025-08-12 08:14:31 [6.65ms]  */
INSERT INTO user_coachee_round_metrics (user_id, round_no, stl_coachee_id, stl_metric_id, value) VALUES  (23739, 1, 1, 1, 97) , (23739, 1, 2, 1, 61) , (23739, 1, 3, 1, 32)   ON DUPLICATE KEY UPDATE `value` = VALUES(`value`);
/*==================================================*/
/* Query 9 - 2025-08-12 08:14:31 [6.25ms]  */
update `user_events` set `completed` = '1', `selected_option_id` = '33', `updated_at` = '2025-08-12 08:14:31' where `id` = '131307';
/*==================================================*/
/* Query 10 - 2025-08-12 08:14:31 [1.21ms]  */
select count(*) as aggregate from `user_events` where `user_id` = '23739' and `round_no` = '1' and `completed` = '1';
/*==================================================*/
/* Query 1 - 2025-08-12 08:14:33 [1.45ms]  */
select * from `stl_models` where `stl_id` = '1' limit 1;
/*==================================================*/
/* Query 2 - 2025-08-12 08:14:33 [1.34ms]  */
select * from `model_details` where `model_id` = '1';
/*==================================================*/
/* Query 3 - 2025-08-12 08:14:33 [1.24ms]  */
select * from `statement_option_responses` where `option_id` = '43';
/*==================================================*/
/* Query 4 - 2025-08-12 08:14:33 [1.21ms]  */
select * from `statement_option_metrics` where `option_id` = '43';
/*==================================================*/
/* Query 5 - 2025-08-12 08:14:33 [1.34ms]  */
select * from `user_metrics` where `user_id` = '23738';
/*==================================================*/
/* Query 6 - 2025-08-12 08:14:33 [1.51ms]  */
select * from `user_coachee_metrics` where `user_id` = '23738' and `stl_coachee_id` = '1';
/*==================================================*/
/* Query 7 - 2025-08-12 08:14:33 [7.45ms]  */
insert into `user_conversations` (`user_id`, `stl_conversation_id`) values ('23738', '125');
/*==================================================*/
/* Query 8 - 2025-08-12 08:14:33 [6.45ms]  */
insert into `user_selected_statement_options` (`response_id`, `stl_statement_id`, `stl_conversation_id`, `option_id`, `user_id`) values ('36', '25', '125', '43', '23738');
/*==================================================*/
/* Query 9 - 2025-08-12 08:14:33 [1.5ms]  */
select * from `user_round_progress` where `round_no` = '1' and `user_id` = '23738' and `name` = 'completedConversations' limit 1;
/*==================================================*/
/* Query 10 - 2025-08-12 08:14:33 [6.16ms]  */
update `user_round_progress` set `value` = '23', `updated_at` = '2025-08-12 08:14:33' where `id` = '593681';
/*==================================================*/
/* Query 11 - 2025-08-12 08:14:33 [1.5ms]  */
select * from `user_coachee_round_progress` where `stl_coachee_id` = '1' and `round_no` = '1' and `user_id` = '23738' and `name` = 'completedConversations' limit 1;
/*==================================================*/
/* Query 12 - 2025-08-12 08:14:33 [7.07ms]  */
update `user_coachee_round_progress` set `value` = '23', `updated_at` = '2025-08-12 08:14:33' where `id` = '866096';
/*==================================================*/
/* Query 13 - 2025-08-12 08:14:33 [1.54ms]  */
select * from `user_coachee_round_phase_details` where `stl_coachee_id` = '1' and `stl_round_phase_id` = '4' and `user_id` = '23738' limit 1;
/*==================================================*/
/* Query 14 - 2025-08-12 08:14:33 [7.26ms]  */
update `user_coachee_round_phase_details` set `completed_conversations` = '2', `updated_at` = '2025-08-12 08:14:33' where `id` = '640876';
/*==================================================*/
/* Query 15 - 2025-08-12 08:14:33 [1.59ms]  */
select `name`, `value`, `round_no`, `stl_coachee_id` from `user_coachee_round_progress` where `user_id` = '23738';
/*==================================================*/
/* Query 16 - 2025-08-12 08:14:33 [1.49ms]  */
select `name`, `value`, `round_no` from `user_round_progress` where `user_id` = '23738';
/*==================================================*/
/* Query 17 - 2025-08-12 08:14:33 [1.49ms]  */
select * from `events`;
/*==================================================*/
/* Query 18 - 2025-08-12 08:14:33 [1.37ms]  */
select * from `event_conditions`;
/*==================================================*/
/* Query 19 - 2025-08-12 08:14:33 [1.53ms]  */
select * from `event_types`;
/*==================================================*/
/* Query 20 - 2025-08-12 08:14:33 [1.45ms]  */
select * from `event_sources`;
/*==================================================*/
/* Query 21 - 2025-08-12 08:14:33 [1.48ms]  */
select * from `event_options`;
/*==================================================*/
/* Query 22 - 2025-08-12 08:14:33 [1.29ms]  */
select * from `event_option_response`;
/*==================================================*/
/* Query 23 - 2025-08-12 08:14:33 [1.5ms]  */
select * from `stl_events` where `stl_id` = '1' and `round_no` = '1';
/*==================================================*/
/* Query 24 - 2025-08-12 08:14:33 [1.52ms]  */
select * from `user_conversation_metrics` where `user_id` = '23738' and `round_no` = '1';
/*==================================================*/
/* Query 25 - 2025-08-12 08:14:33 [1.35ms]  */
select * from `user_events` where `user_id` = '23738' and `round_no` = '1';
/*==================================================*/
/* Query 26 - 2025-08-12 08:14:33 [1.39ms]  */
select `name`, `value` from `user_round_progress` where `user_id` = '23738' and `round_no` = '1';
/*==================================================*/
/* Query 1 - 2025-08-12 08:14:33 [1.36ms]  */
select * from `stl_models` where `stl_id` = '1' limit 1;
/*==================================================*/
/* Query 2 - 2025-08-12 08:14:33 [1.33ms]  */
select * from `model_details` where `model_id` = '1';
/*==================================================*/
/* Query 3 - 2025-08-12 08:14:33 [1.2ms]  */
select * from `statement_option_responses` where `option_id` = '50';
/*==================================================*/
/* Query 4 - 2025-08-12 08:14:33 [1.13ms]  */
select * from `statement_option_metrics` where `option_id` = '50';
/*==================================================*/
/* Query 5 - 2025-08-12 08:14:33 [1.14ms]  */
select * from `user_metrics` where `user_id` = '23751';
/*==================================================*/
/* Query 6 - 2025-08-12 08:14:33 [1.17ms]  */
select * from `user_coachee_metrics` where `user_id` = '23751' and `stl_coachee_id` = '1';
/*==================================================*/
/* Query 7 - 2025-08-12 08:14:33 [6.78ms]  */
insert into `user_conversations` (`user_id`, `stl_conversation_id`) values ('23751', '128');
/*==================================================*/
/* Query 8 - 2025-08-12 08:14:33 [6.45ms]  */
insert into `user_selected_statement_options` (`response_id`, `stl_statement_id`, `stl_conversation_id`, `option_id`, `user_id`) values ('42', '28', '128', '50', '23751');
/*==================================================*/
/* Query 9 - 2025-08-12 08:14:33 [1.13ms]  */
select * from `user_round_progress` where `round_no` = '1' and `user_id` = '23751' and `name` = 'completedConversations' limit 1;
/*==================================================*/
/* Query 10 - 2025-08-12 08:14:33 [6.49ms]  */
update `user_round_progress` set `value` = '27', `updated_at` = '2025-08-12 08:14:33' where `id` = '593889';
/*==================================================*/
/* Query 11 - 2025-08-12 08:14:33 [1.26ms]  */
select * from `user_coachee_round_progress` where `stl_coachee_id` = '1' and `round_no` = '1' and `user_id` = '23751' and `name` = 'completedConversations' limit 1;
/*==================================================*/
/* Query 12 - 2025-08-12 08:14:33 [6.89ms]  */
update `user_coachee_round_progress` set `value` = '27', `updated_at` = '2025-08-12 08:14:33' where `id` = '866408';
/*==================================================*/
/* Query 13 - 2025-08-12 08:14:33 [1.29ms]  */
select * from `user_coachee_round_phase_details` where `stl_coachee_id` = '1' and `stl_round_phase_id` = '5' and `user_id` = '23751' limit 1;
/*==================================================*/
/* Query 14 - 2025-08-12 08:14:33 [7.32ms]  */
update `user_coachee_round_phase_details` set `completed_conversations` = '3', `updated_at` = '2025-08-12 08:14:33' where `id` = '641228';
/*==================================================*/
/* Query 15 - 2025-08-12 08:14:33 [1.29ms]  */
select `name`, `value`, `round_no`, `stl_coachee_id` from `user_coachee_round_progress` where `user_id` = '23751';
/*==================================================*/
/* Query 16 - 2025-08-12 08:14:33 [1.14ms]  */
select `name`, `value`, `round_no` from `user_round_progress` where `user_id` = '23751';
/*==================================================*/
/* Query 17 - 2025-08-12 08:14:33 [1.35ms]  */
select * from `events`;
/*==================================================*/
/* Query 18 - 2025-08-12 08:14:33 [1.09ms]  */
select * from `event_conditions`;
/*==================================================*/
/* Query 19 - 2025-08-12 08:14:33 [0.96ms]  */
select * from `event_types`;
/*==================================================*/
/* Query 20 - 2025-08-12 08:14:33 [1.12ms]  */
select * from `event_sources`;
/*==================================================*/
/* Query 21 - 2025-08-12 08:14:33 [1.13ms]  */
select * from `event_options`;
/*==================================================*/
/* Query 22 - 2025-08-12 08:14:33 [1.18ms]  */
select * from `event_option_response`;
/*==================================================*/
/* Query 23 - 2025-08-12 08:14:33 [1.5ms]  */
select * from `stl_events` where `stl_id` = '1' and `round_no` = '1';
/*==================================================*/
/* Query 24 - 2025-08-12 08:14:33 [1.47ms]  */
select * from `user_conversation_metrics` where `user_id` = '23751' and `round_no` = '1';
/*==================================================*/
/* Query 25 - 2025-08-12 08:14:33 [1.35ms]  */
select * from `user_events` where `user_id` = '23751' and `round_no` = '1';
/*==================================================*/
/* Query 26 - 2025-08-12 08:14:33 [1.13ms]  */
select `name`, `value` from `user_round_progress` where `user_id` = '23751' and `round_no` = '1';
/*==================================================*/
/* Query 1 - 2025-08-12 08:14:34 [1.82ms]  */
select * from `stl_models` where `stl_id` = '1' limit 1;
/*==================================================*/
/* Query 2 - 2025-08-12 08:14:34 [1.61ms]  */
select * from `model_details` where `model_id` = '1';
/*==================================================*/
/* Query 3 - 2025-08-12 08:14:34 [1.92ms]  */
select * from `statement_option_responses` where `option_id` = '92';
/*==================================================*/
/* Query 4 - 2025-08-12 08:14:34 [1.69ms]  */
select * from `statement_option_metrics` where `option_id` = '92';
/*==================================================*/
/* Query 5 - 2025-08-12 08:14:34 [1.8ms]  */
select * from `user_metrics` where `user_id` = '23744';
/*==================================================*/
/* Query 6 - 2025-08-12 08:14:34 [1.79ms]  */
select * from `user_coachee_metrics` where `user_id` = '23744' and `stl_coachee_id` = '2';
/*==================================================*/
/* Query 7 - 2025-08-12 08:14:34 [7.49ms]  */
insert into `user_conversations` (`user_id`, `stl_conversation_id`) values ('23744', '250');
/*==================================================*/
/* Query 8 - 2025-08-12 08:14:34 [7.73ms]  */
insert into `user_selected_statement_options` (`response_id`, `stl_statement_id`, `stl_conversation_id`, `option_id`, `user_id`) values ('78', '50', '250', '92', '23744');
/*==================================================*/
/* Query 9 - 2025-08-12 08:14:34 [1.71ms]  */
select * from `user_round_progress` where `round_no` = '1' and `user_id` = '23744' and `name` = 'completedConversations' limit 1;
/*==================================================*/
/* Query 10 - 2025-08-12 08:14:34 [7.69ms]  */
update `user_round_progress` set `value` = '32', `updated_at` = '2025-08-12 08:14:34' where `id` = '593777';
/*==================================================*/
/* Query 11 - 2025-08-12 08:14:34 [1.79ms]  */
select * from `user_coachee_round_progress` where `stl_coachee_id` = '2' and `round_no` = '1' and `user_id` = '23744' and `name` = 'completedConversations' limit 1;
/*==================================================*/
/* Query 12 - 2025-08-12 08:14:34 [7.53ms]  */
update `user_coachee_round_progress` set `value` = '3', `updated_at` = '2025-08-12 08:14:34' where `id` = '866243';
/*==================================================*/
/* Query 13 - 2025-08-12 08:14:34 [1.87ms]  */
select * from `user_coachee_round_phase_details` where `stl_coachee_id` = '2' and `stl_round_phase_id` = '2' and `user_id` = '23744' limit 1;
/*==================================================*/
/* Query 14 - 2025-08-12 08:14:34 [7.36ms]  */
update `user_coachee_round_phase_details` set `completed_conversations` = '1', `updated_at` = '2025-08-12 08:14:34' where `id` = '641045';
/*==================================================*/
/* Query 15 - 2025-08-12 08:14:34 [1.9ms]  */
select `name`, `value`, `round_no`, `stl_coachee_id` from `user_coachee_round_progress` where `user_id` = '23744';
/*==================================================*/
/* Query 16 - 2025-08-12 08:14:34 [1.73ms]  */
select `name`, `value`, `round_no` from `user_round_progress` where `user_id` = '23744';
/*==================================================*/
/* Query 17 - 2025-08-12 08:14:34 [1.77ms]  */
select * from `events`;
/*==================================================*/
/* Query 18 - 2025-08-12 08:14:34 [1.48ms]  */
select * from `event_conditions`;
/*==================================================*/
/* Query 19 - 2025-08-12 08:14:34 [1.51ms]  */
select * from `event_types`;
/*==================================================*/
/* Query 20 - 2025-08-12 08:14:34 [1.54ms]  */
select * from `event_sources`;
/*==================================================*/
/* Query 21 - 2025-08-12 08:14:34 [1.63ms]  */
select * from `event_options`;
/*==================================================*/
/* Query 22 - 2025-08-12 08:14:34 [1.54ms]  */
select * from `event_option_response`;
/*==================================================*/
/* Query 23 - 2025-08-12 08:14:34 [1.55ms]  */
select * from `stl_events` where `stl_id` = '1' and `round_no` = '1';
/*==================================================*/
/* Query 24 - 2025-08-12 08:14:34 [1.74ms]  */
select * from `user_conversation_metrics` where `user_id` = '23744' and `round_no` = '1';
/*==================================================*/
/* Query 25 - 2025-08-12 08:14:34 [1.83ms]  */
select * from `user_events` where `user_id` = '23744' and `round_no` = '1';
/*==================================================*/
/* Query 26 - 2025-08-12 08:14:34 [1.75ms]  */
select `name`, `value` from `user_round_progress` where `user_id` = '23744' and `round_no` = '1';
/*==================================================*/
/* Query 1 - 2025-08-12 08:14:34 [1.17ms]  */
select * from `stl_models` where `stl_id` = '1' limit 1;
/*==================================================*/
/* Query 2 - 2025-08-12 08:14:34 [1.08ms]  */
select * from `model_details` where `model_id` = '1';
/*==================================================*/
/* Query 3 - 2025-08-12 08:14:34 [1.11ms]  */
select * from `statement_option_responses` where `option_id` = '95';
/*==================================================*/
/* Query 4 - 2025-08-12 08:14:34 [0.96ms]  */
select * from `statement_option_metrics` where `option_id` = '95';
/*==================================================*/
/* Query 5 - 2025-08-12 08:14:34 [1.12ms]  */
select * from `user_metrics` where `user_id` = '23753';
/*==================================================*/
/* Query 6 - 2025-08-12 08:14:34 [1.22ms]  */
select * from `user_coachee_metrics` where `user_id` = '23753' and `stl_coachee_id` = '2';
/*==================================================*/
/* Query 7 - 2025-08-12 08:14:34 [7.41ms]  */
insert into `user_conversations` (`user_id`, `stl_conversation_id`) values ('23753', '253');
/*==================================================*/
/* Query 8 - 2025-08-12 08:14:34 [7.8ms]  */
insert into `user_selected_statement_options` (`response_id`, `stl_statement_id`, `stl_conversation_id`, `option_id`, `user_id`) values ('81', '53', '253', '95', '23753');
/*==================================================*/
/* Query 9 - 2025-08-12 08:14:34 [1.11ms]  */
select * from `user_round_progress` where `round_no` = '1' and `user_id` = '23753' and `name` = 'completedConversations' limit 1;
/*==================================================*/
/* Query 10 - 2025-08-12 08:14:34 [7.24ms]  */
update `user_round_progress` set `value` = '35', `updated_at` = '2025-08-12 08:14:34' where `id` = '593921';
/*==================================================*/
/* Query 11 - 2025-08-12 08:14:34 [1.21ms]  */
select * from `user_coachee_round_progress` where `stl_coachee_id` = '2' and `round_no` = '1' and `user_id` = '23753' and `name` = 'completedConversations' limit 1;
/*==================================================*/
/* Query 12 - 2025-08-12 08:14:34 [6.76ms]  */
update `user_coachee_round_progress` set `value` = '6', `updated_at` = '2025-08-12 08:14:34' where `id` = '866459';
/*==================================================*/
/* Query 13 - 2025-08-12 08:14:34 [1.26ms]  */
select * from `user_coachee_round_phase_details` where `stl_coachee_id` = '2' and `stl_round_phase_id` = '2' and `user_id` = '23753' limit 1;
/*==================================================*/
/* Query 14 - 2025-08-12 08:14:34 [6.4ms]  */
update `user_coachee_round_phase_details` set `completed_conversations` = '4', `updated_at` = '2025-08-12 08:14:34' where `id` = '641288';
/*==================================================*/
/* Query 15 - 2025-08-12 08:14:34 [1.21ms]  */
select `name`, `value`, `round_no`, `stl_coachee_id` from `user_coachee_round_progress` where `user_id` = '23753';
/*==================================================*/
/* Query 16 - 2025-08-12 08:14:34 [1.06ms]  */
select `name`, `value`, `round_no` from `user_round_progress` where `user_id` = '23753';
/*==================================================*/
/* Query 17 - 2025-08-12 08:14:34 [1.17ms]  */
select * from `events`;
/*==================================================*/
/* Query 18 - 2025-08-12 08:14:34 [1.02ms]  */
select * from `event_conditions`;
/*==================================================*/
/* Query 19 - 2025-08-12 08:14:34 [1.18ms]  */
select * from `event_types`;
/*==================================================*/
/* Query 20 - 2025-08-12 08:14:34 [1.03ms]  */
select * from `event_sources`;
/*==================================================*/
/* Query 21 - 2025-08-12 08:14:34 [1.18ms]  */
select * from `event_options`;
/*==================================================*/
/* Query 22 - 2025-08-12 08:14:34 [1.02ms]  */
select * from `event_option_response`;
/*==================================================*/
/* Query 23 - 2025-08-12 08:14:34 [1.05ms]  */
select * from `stl_events` where `stl_id` = '1' and `round_no` = '1';
/*==================================================*/
/* Query 24 - 2025-08-12 08:14:34 [1.16ms]  */
select * from `user_conversation_metrics` where `user_id` = '23753' and `round_no` = '1';
/*==================================================*/
/* Query 25 - 2025-08-12 08:14:34 [1.16ms]  */
select * from `user_events` where `user_id` = '23753' and `round_no` = '1';
/*==================================================*/
/* Query 26 - 2025-08-12 08:14:34 [1.07ms]  */
select `name`, `value` from `user_round_progress` where `user_id` = '23753' and `round_no` = '1';
/*==================================================*/
/* Query 1 - 2025-08-12 08:14:37 [1.41ms]  */
select * from `user_timer_details` where `user_id` = '23739' limit 1;
/*==================================================*/
/* Query 2 - 2025-08-12 08:14:37 [6.96ms]  */
update `user_timer_details` set `time_remaining` = '3120', `updated_at` = '2025-08-12 08:14:37' where `id` = '22718';
/*==================================================*/
/* Query 1 - 2025-08-12 08:14:37 [1.28ms]  */
select * from `user_timer_details` where `user_id` = '23743' limit 1;
/*==================================================*/
/* Query 2 - 2025-08-12 08:14:37 [6.55ms]  */
update `user_timer_details` set `time_remaining` = '3105', `updated_at` = '2025-08-12 08:14:37' where `id` = '22722';
/*==================================================*/
/* Query 1 - 2025-08-12 08:14:39 [1.49ms]  */
select * from `stl_models` where `stl_id` = '1' limit 1;
/*==================================================*/
/* Query 2 - 2025-08-12 08:14:39 [1.45ms]  */
select * from `model_details` where `model_id` = '1';
/*==================================================*/
/* Query 3 - 2025-08-12 08:14:39 [1.33ms]  */
select * from `statement_option_responses` where `option_id` = '49';
/*==================================================*/
/* Query 4 - 2025-08-12 08:14:39 [1.39ms]  */
select * from `statement_option_metrics` where `option_id` = '49';
/*==================================================*/
/* Query 5 - 2025-08-12 08:14:39 [1.51ms]  */
select * from `user_metrics` where `user_id` = '23758';
/*==================================================*/
/* Query 6 - 2025-08-12 08:14:39 [1.48ms]  */
select * from `user_coachee_metrics` where `user_id` = '23758' and `stl_coachee_id` = '1';
/*==================================================*/
/* Query 7 - 2025-08-12 08:14:39 [7.27ms]  */
insert into `user_coachee_conversation_metrics` (`actual_delta`, `delta`, `previous_value`, `round_no`, `stl_coachee_id`, `stl_conversation_id`, `stl_metric_id`, `stl_phase_id`, `updated_value`, `user_id`) values ('6', '5', '89', '1', '1', '127', '1', '5', '94', '23758');
/*==================================================*/
/* Query 8 - 2025-08-12 08:14:39 [6.46ms]  */
INSERT INTO user_coachee_metrics (user_id, stl_coachee_id, stl_metric_id, value) VALUES  (23758, 1, 1, 94)   ON DUPLICATE KEY UPDATE `value` = VALUES(`value`);
/*==================================================*/
/* Query 9 - 2025-08-12 08:14:39 [6.69ms]  */
INSERT INTO user_coachee_round_metrics (user_id, round_no, stl_coachee_id, stl_metric_id, value) VALUES  (23758, 1, 1, 1, 94)   ON DUPLICATE KEY UPDATE `value` = VALUES(`value`);
/*==================================================*/
/* Query 10 - 2025-08-12 08:14:39 [7.17ms]  */
insert into `user_conversation_metrics` (`actual_delta`, `delta`, `previous_value`, `round_no`, `stl_coachee_id`, `stl_conversation_id`, `stl_metric_id`, `stl_phase_id`, `updated_value`, `user_id`) values ('6', '6', '22', '1', '1', '127', '2', '5', '28', '23758');
/*==================================================*/
/* Query 11 - 2025-08-12 08:14:39 [7.36ms]  */
INSERT INTO user_metrics (user_id, stl_metric_id, value) VALUES  (23758, 2, 28)   ON DUPLICATE KEY UPDATE `value` = VALUES(`value`);
/*==================================================*/
/* Query 12 - 2025-08-12 08:14:39 [16.71ms]  */
INSERT INTO user_round_metrics (user_id, round_no, stl_metric_id, value) VALUES  (23758, 1, 2, 28)   ON DUPLICATE KEY UPDATE `value` = VALUES(`value`);
/*==================================================*/
/* Query 13 - 2025-08-12 08:14:39 [7.55ms]  */
insert into `user_conversations` (`user_id`, `stl_conversation_id`) values ('23758', '127');
/*==================================================*/
/* Query 14 - 2025-08-12 08:14:39 [9.02ms]  */
insert into `user_selected_statement_options` (`response_id`, `stl_statement_id`, `stl_conversation_id`, `option_id`, `user_id`) values ('41', '27', '127', '49', '23758');
/*==================================================*/
/* Query 15 - 2025-08-12 08:14:39 [2.18ms]  */
select * from `user_round_progress` where `round_no` = '1' and `user_id` = '23758' and `name` = 'completedConversations' limit 1;
/*==================================================*/
/* Query 16 - 2025-08-12 08:14:39 [6.3ms]  */
update `user_round_progress` set `value` = '26', `updated_at` = '2025-08-12 08:14:39' where `id` = '594037';
/*==================================================*/
/* Query 17 - 2025-08-12 08:14:39 [1.59ms]  */
select * from `user_coachee_round_progress` where `stl_coachee_id` = '1' and `round_no` = '1' and `user_id` = '23758' and `name` = 'completedConversations' limit 1;
/*==================================================*/
/* Query 18 - 2025-08-12 08:14:39 [6.64ms]  */
update `user_coachee_round_progress` set `value` = '26', `updated_at` = '2025-08-12 08:14:39' where `id` = '866624';
/*==================================================*/
/* Query 19 - 2025-08-12 08:14:39 [1.62ms]  */
select * from `user_coachee_round_phase_details` where `stl_coachee_id` = '1' and `stl_round_phase_id` = '5' and `user_id` = '23758' limit 1;
/*==================================================*/
/* Query 20 - 2025-08-12 08:14:39 [6.56ms]  */
update `user_coachee_round_phase_details` set `completed_conversations` = '2', `updated_at` = '2025-08-12 08:14:39' where `id` = '641417';
/*==================================================*/
/* Query 21 - 2025-08-12 08:14:39 [1.71ms]  */
select `name`, `value`, `round_no`, `stl_coachee_id` from `user_coachee_round_progress` where `user_id` = '23758';
/*==================================================*/
/* Query 22 - 2025-08-12 08:14:39 [1.47ms]  */
select `name`, `value`, `round_no` from `user_round_progress` where `user_id` = '23758';
/*==================================================*/
/* Query 23 - 2025-08-12 08:14:39 [1.51ms]  */
select * from `events`;
/*==================================================*/
/* Query 24 - 2025-08-12 08:14:39 [1.37ms]  */
select * from `event_conditions`;
/*==================================================*/
/* Query 25 - 2025-08-12 08:14:39 [1.34ms]  */
select * from `event_types`;
/*==================================================*/
/* Query 26 - 2025-08-12 08:14:39 [1.34ms]  */
select * from `event_sources`;
/*==================================================*/
/* Query 27 - 2025-08-12 08:14:39 [1.64ms]  */
select * from `event_options`;
/*==================================================*/
/* Query 28 - 2025-08-12 08:14:39 [1.3ms]  */
select * from `event_option_response`;
/*==================================================*/
/* Query 29 - 2025-08-12 08:14:39 [1.38ms]  */
select * from `stl_events` where `stl_id` = '1' and `round_no` = '1';
/*==================================================*/
/* Query 30 - 2025-08-12 08:14:39 [1.48ms]  */
select * from `user_conversation_metrics` where `user_id` = '23758' and `round_no` = '1';
/*==================================================*/
/* Query 31 - 2025-08-12 08:14:39 [1.48ms]  */
select * from `user_events` where `user_id` = '23758' and `round_no` = '1';
/*==================================================*/
/* Query 32 - 2025-08-12 08:14:39 [1.43ms]  */
select `name`, `value` from `user_round_progress` where `user_id` = '23758' and `round_no` = '1';
/*==================================================*/
/* Query 1 - 2025-08-12 08:14:40 [1.45ms]  */
select * from `user_timer_details` where `user_id` = '23741' limit 1;
/*==================================================*/
/* Query 2 - 2025-08-12 08:14:40 [7.7ms]  */
update `user_timer_details` set `time_remaining` = '3105', `updated_at` = '2025-08-12 08:14:40' where `id` = '22720';
/*==================================================*/
/* Query 1 - 2025-08-12 08:14:40 [1.5ms]  */
select * from `stl_models` where `stl_id` = '1' limit 1;
/*==================================================*/
/* Query 2 - 2025-08-12 08:14:40 [1.34ms]  */
select * from `model_details` where `model_id` = '1';
/*==================================================*/
/* Query 3 - 2025-08-12 08:14:40 [1.34ms]  */
select * from `statement_option_responses` where `option_id` = '97';
/*==================================================*/
/* Query 4 - 2025-08-12 08:14:40 [1.3ms]  */
select * from `statement_option_metrics` where `option_id` = '97';
/*==================================================*/
/* Query 5 - 2025-08-12 08:14:40 [1.32ms]  */
select * from `user_metrics` where `user_id` = '23753';
/*==================================================*/
/* Query 6 - 2025-08-12 08:14:40 [1.43ms]  */
select * from `user_coachee_metrics` where `user_id` = '23753' and `stl_coachee_id` = '2';
/*==================================================*/
/* Query 7 - 2025-08-12 08:14:40 [9.22ms]  */
insert into `user_conversations` (`user_id`, `stl_conversation_id`) values ('23753', '255');
/*==================================================*/
/* Query 8 - 2025-08-12 08:14:40 [7.1ms]  */
insert into `user_selected_statement_options` (`response_id`, `stl_statement_id`, `stl_conversation_id`, `option_id`, `user_id`) values ('83', '55', '255', '97', '23753');
/*==================================================*/
/* Query 9 - 2025-08-12 08:14:40 [1.44ms]  */
select * from `user_round_progress` where `round_no` = '1' and `user_id` = '23753' and `name` = 'completedConversations' limit 1;
/*==================================================*/
/* Query 10 - 2025-08-12 08:14:40 [6.44ms]  */
update `user_round_progress` set `value` = '36', `updated_at` = '2025-08-12 08:14:40' where `id` = '593921';
/*==================================================*/
/* Query 11 - 2025-08-12 08:14:40 [1.46ms]  */
select * from `user_coachee_round_progress` where `stl_coachee_id` = '2' and `round_no` = '1' and `user_id` = '23753' and `name` = 'completedConversations' limit 1;
/*==================================================*/
/* Query 12 - 2025-08-12 08:14:40 [6.21ms]  */
update `user_coachee_round_progress` set `value` = '7', `updated_at` = '2025-08-12 08:14:40' where `id` = '866459';
/*==================================================*/
/* Query 13 - 2025-08-12 08:14:40 [1.55ms]  */
select * from `user_coachee_round_phase_details` where `stl_coachee_id` = '2' and `stl_round_phase_id` = '2' and `user_id` = '23753' limit 1;
/*==================================================*/
/* Query 14 - 2025-08-12 08:14:40 [7.01ms]  */
update `user_coachee_round_phase_details` set `completed_conversations` = '5', `updated_at` = '2025-08-12 08:14:40' where `id` = '641288';
/*==================================================*/
/* Query 15 - 2025-08-12 08:14:40 [1.46ms]  */
select `name`, `value`, `round_no`, `stl_coachee_id` from `user_coachee_round_progress` where `user_id` = '23753';
/*==================================================*/
/* Query 16 - 2025-08-12 08:14:40 [1.33ms]  */
select `name`, `value`, `round_no` from `user_round_progress` where `user_id` = '23753';
/*==================================================*/
/* Query 17 - 2025-08-12 08:14:40 [1.39ms]  */
select * from `events`;
/*==================================================*/
/* Query 18 - 2025-08-12 08:14:40 [1.37ms]  */
select * from `event_conditions`;
/*==================================================*/
/* Query 19 - 2025-08-12 08:14:40 [1.48ms]  */
select * from `event_types`;
/*==================================================*/
/* Query 20 - 2025-08-12 08:14:40 [1.27ms]  */
select * from `event_sources`;
/*==================================================*/
/* Query 21 - 2025-08-12 08:14:40 [1.48ms]  */
select * from `event_options`;
/*==================================================*/
/* Query 22 - 2025-08-12 08:14:40 [1.38ms]  */
select * from `event_option_response`;
/*==================================================*/
/* Query 23 - 2025-08-12 08:14:40 [1.43ms]  */
select * from `stl_events` where `stl_id` = '1' and `round_no` = '1';
/*==================================================*/
/* Query 24 - 2025-08-12 08:14:40 [1.46ms]  */
select * from `user_conversation_metrics` where `user_id` = '23753' and `round_no` = '1';
/*==================================================*/
/* Query 25 - 2025-08-12 08:14:40 [1.4ms]  */
select * from `user_events` where `user_id` = '23753' and `round_no` = '1';
/*==================================================*/
/* Query 26 - 2025-08-12 08:14:40 [1.37ms]  */
select `name`, `value` from `user_round_progress` where `user_id` = '23753' and `round_no` = '1';
/*==================================================*/
/* Query 1 - 2025-08-12 08:14:42 [1.49ms]  */
select * from `stl_models` where `stl_id` = '1' limit 1;
/*==================================================*/
/* Query 2 - 2025-08-12 08:14:42 [1.43ms]  */
select * from `model_details` where `model_id` = '1';
/*==================================================*/
/* Query 3 - 2025-08-12 08:14:42 [1.55ms]  */
select * from `statement_option_responses` where `option_id` = '256';
/*==================================================*/
/* Query 4 - 2025-08-12 08:14:42 [1.4ms]  */
select * from `statement_option_metrics` where `option_id` = '256';
/*==================================================*/
/* Query 5 - 2025-08-12 08:14:42 [1.41ms]  */
select * from `user_metrics` where `user_id` = '23745';
/*==================================================*/
/* Query 6 - 2025-08-12 08:14:42 [1.49ms]  */
select * from `user_coachee_metrics` where `user_id` = '23745' and `stl_coachee_id` = '2';
/*==================================================*/
/* Query 7 - 2025-08-12 08:14:42 [8.28ms]  */
insert into `user_conversations` (`user_id`, `stl_conversation_id`) values ('23745', '439');
/*==================================================*/
/* Query 8 - 2025-08-12 08:14:42 [6.7ms]  */
insert into `user_selected_statement_options` (`response_id`, `stl_statement_id`, `stl_conversation_id`, `option_id`, `user_id`) values ('', '143', '439', '256', '23745');
/*==================================================*/
/* Query 9 - 2025-08-12 08:14:42 [1.58ms]  */
select * from `user_round_progress` where `round_no` = '1' and `user_id` = '23745' and `name` = 'completedConversations' limit 1;
/*==================================================*/
/* Query 10 - 2025-08-12 08:14:42 [6.78ms]  */
update `user_round_progress` set `value` = '42', `updated_at` = '2025-08-12 08:14:42' where `id` = '593793';
/*==================================================*/
/* Query 11 - 2025-08-12 08:14:42 [1.52ms]  */
select * from `user_coachee_round_progress` where `stl_coachee_id` = '2' and `round_no` = '1' and `user_id` = '23745' and `name` = 'completedConversations' limit 1;
/*==================================================*/
/* Query 12 - 2025-08-12 08:14:42 [6.28ms]  */
update `user_coachee_round_progress` set `value` = '13', `updated_at` = '2025-08-12 08:14:42' where `id` = '866267';
/*==================================================*/
/* Query 13 - 2025-08-12 08:14:42 [1.58ms]  */
select * from `user_coachee_round_phase_details` where `stl_coachee_id` = '2' and `stl_round_phase_id` = '2' and `user_id` = '23745' limit 1;
/*==================================================*/
/* Query 14 - 2025-08-12 08:14:42 [6.29ms]  */
update `user_coachee_round_phase_details` set `completed_conversations` = '11', `updated_at` = '2025-08-12 08:14:42' where `id` = '641072';
/*==================================================*/
/* Query 15 - 2025-08-12 08:14:42 [1.81ms]  */
select `name`, `value`, `round_no`, `stl_coachee_id` from `user_coachee_round_progress` where `user_id` = '23745';
/*==================================================*/
/* Query 16 - 2025-08-12 08:14:42 [1.49ms]  */
select `name`, `value`, `round_no` from `user_round_progress` where `user_id` = '23745';
/*==================================================*/
/* Query 17 - 2025-08-12 08:14:42 [1.6ms]  */
select * from `events`;
/*==================================================*/
/* Query 18 - 2025-08-12 08:14:42 [1.42ms]  */
select * from `event_conditions`;
/*==================================================*/
/* Query 19 - 2025-08-12 08:14:42 [1.36ms]  */
select * from `event_types`;
/*==================================================*/
/* Query 20 - 2025-08-12 08:14:42 [1.38ms]  */
select * from `event_sources`;
/*==================================================*/
/* Query 21 - 2025-08-12 08:14:42 [1.44ms]  */
select * from `event_options`;
/*==================================================*/
/* Query 22 - 2025-08-12 08:14:42 [1.33ms]  */
select * from `event_option_response`;
/*==================================================*/
/* Query 23 - 2025-08-12 08:14:42 [1.43ms]  */
select * from `stl_events` where `stl_id` = '1' and `round_no` = '1';
/*==================================================*/
/* Query 24 - 2025-08-12 08:14:42 [1.55ms]  */
select * from `user_conversation_metrics` where `user_id` = '23745' and `round_no` = '1';
/*==================================================*/
/* Query 25 - 2025-08-12 08:14:42 [1.63ms]  */
select * from `user_events` where `user_id` = '23745' and `round_no` = '1';
/*==================================================*/
/* Query 26 - 2025-08-12 08:14:42 [1.4ms]  */
select `name`, `value` from `user_round_progress` where `user_id` = '23745' and `round_no` = '1';
/*==================================================*/
/* Query 1 - 2025-08-12 08:14:47 [1.57ms]  */
select * from `user_timer_details` where `user_id` = '23733' limit 1;
/*==================================================*/
/* Query 2 - 2025-08-12 08:14:47 [7.13ms]  */
update `user_timer_details` set `time_remaining` = '3105', `updated_at` = '2025-08-12 08:14:47' where `id` = '22712';
/*==================================================*/
/* Query 1 - 2025-08-12 08:14:48 [1.53ms]  */
select * from `stl_models` where `stl_id` = '1' limit 1;
/*==================================================*/
/* Query 2 - 2025-08-12 08:14:48 [1.4ms]  */
select * from `model_details` where `model_id` = '1';
/*==================================================*/
/* Query 3 - 2025-08-12 08:14:48 [1.42ms]  */
select * from `statement_option_responses` where `option_id` = '95';
/*==================================================*/
/* Query 4 - 2025-08-12 08:14:48 [1.28ms]  */
select * from `statement_option_metrics` where `option_id` = '95';
/*==================================================*/
/* Query 5 - 2025-08-12 08:14:48 [1.37ms]  */
select * from `user_metrics` where `user_id` = '23744';
/*==================================================*/
/* Query 6 - 2025-08-12 08:14:48 [1.32ms]  */
select * from `user_coachee_metrics` where `user_id` = '23744' and `stl_coachee_id` = '2';
/*==================================================*/
/* Query 7 - 2025-08-12 08:14:48 [7.62ms]  */
insert into `user_conversations` (`user_id`, `stl_conversation_id`) values ('23744', '253');
/*==================================================*/
/* Query 8 - 2025-08-12 08:14:48 [7.42ms]  */
insert into `user_selected_statement_options` (`response_id`, `stl_statement_id`, `stl_conversation_id`, `option_id`, `user_id`) values ('81', '53', '253', '95', '23744');
/*==================================================*/
/* Query 9 - 2025-08-12 08:14:48 [1.52ms]  */
select * from `user_round_progress` where `round_no` = '1' and `user_id` = '23744' and `name` = 'completedConversations' limit 1;
/*==================================================*/
/* Query 10 - 2025-08-12 08:14:48 [7.66ms]  */
update `user_round_progress` set `value` = '35', `updated_at` = '2025-08-12 08:14:48' where `id` = '593777';
/*==================================================*/
/* Query 11 - 2025-08-12 08:14:48 [1.57ms]  */
select * from `user_coachee_round_progress` where `stl_coachee_id` = '2' and `round_no` = '1' and `user_id` = '23744' and `name` = 'completedConversations' limit 1;
/*==================================================*/
/* Query 12 - 2025-08-12 08:14:48 [7.38ms]  */
update `user_coachee_round_progress` set `value` = '6', `updated_at` = '2025-08-12 08:14:48' where `id` = '866243';
/*==================================================*/
/* Query 13 - 2025-08-12 08:14:48 [1.61ms]  */
select * from `user_coachee_round_phase_details` where `stl_coachee_id` = '2' and `stl_round_phase_id` = '2' and `user_id` = '23744' limit 1;
/*==================================================*/
/* Query 14 - 2025-08-12 08:14:48 [6.96ms]  */
update `user_coachee_round_phase_details` set `completed_conversations` = '4', `updated_at` = '2025-08-12 08:14:48' where `id` = '641045';
/*==================================================*/
/* Query 15 - 2025-08-12 08:14:48 [1.83ms]  */
select `name`, `value`, `round_no`, `stl_coachee_id` from `user_coachee_round_progress` where `user_id` = '23744';
/*==================================================*/
/* Query 16 - 2025-08-12 08:14:48 [1.48ms]  */
select `name`, `value`, `round_no` from `user_round_progress` where `user_id` = '23744';
/*==================================================*/
/* Query 17 - 2025-08-12 08:14:48 [1.51ms]  */
select * from `events`;
/*==================================================*/
/* Query 18 - 2025-08-12 08:14:48 [1.35ms]  */
select * from `event_conditions`;
/*==================================================*/
/* Query 19 - 2025-08-12 08:14:48 [1.3ms]  */
select * from `event_types`;
/*==================================================*/
/* Query 20 - 2025-08-12 08:14:48 [1.33ms]  */
select * from `event_sources`;
/*==================================================*/
/* Query 21 - 2025-08-12 08:14:48 [1.63ms]  */
select * from `event_options`;
/*==================================================*/
/* Query 22 - 2025-08-12 08:14:48 [1.31ms]  */
select * from `event_option_response`;
/*==================================================*/
/* Query 23 - 2025-08-12 08:14:48 [1.38ms]  */
select * from `stl_events` where `stl_id` = '1' and `round_no` = '1';
/*==================================================*/
/* Query 24 - 2025-08-12 08:14:48 [1.62ms]  */
select * from `user_conversation_metrics` where `user_id` = '23744' and `round_no` = '1';
/*==================================================*/
/* Query 25 - 2025-08-12 08:14:48 [1.67ms]  */
select * from `user_events` where `user_id` = '23744' and `round_no` = '1';
/*==================================================*/
/* Query 26 - 2025-08-12 08:14:48 [1.57ms]  */
select `name`, `value` from `user_round_progress` where `user_id` = '23744' and `round_no` = '1';
/*==================================================*/
/* Query 1 - 2025-08-12 08:14:48 [1.37ms]  */
select * from `user_timer_details` where `user_id` = '23737' limit 1;
/*==================================================*/
/* Query 2 - 2025-08-12 08:14:48 [6.13ms]  */
update `user_timer_details` set `time_remaining` = '3120', `updated_at` = '2025-08-12 08:14:48' where `id` = '22716';
/*==================================================*/
/* Query 1 - 2025-08-12 08:14:52 [1.31ms]  */
select * from `stl_models` where `stl_id` = '1' limit 1;
/*==================================================*/
/* Query 2 - 2025-08-12 08:14:52 [1.22ms]  */
select * from `model_details` where `model_id` = '1';
/*==================================================*/
/* Query 3 - 2025-08-12 08:14:52 [1.32ms]  */
select * from `statement_option_responses` where `option_id` = '111';
/*==================================================*/
/* Query 4 - 2025-08-12 08:14:52 [1.13ms]  */
select * from `statement_option_metrics` where `option_id` = '111';
/*==================================================*/
/* Query 5 - 2025-08-12 08:14:52 [1.91ms]  */
select * from `user_metrics` where `user_id` = '23737';
/*==================================================*/
/* Query 6 - 2025-08-12 08:14:52 [1.29ms]  */
select * from `user_coachee_metrics` where `user_id` = '23737' and `stl_coachee_id` = '2';
/*==================================================*/
/* Query 7 - 2025-08-12 08:14:52 [9.15ms]  */
insert into `user_conversations` (`user_id`, `stl_conversation_id`) values ('23737', '263');
/*==================================================*/
/* Query 8 - 2025-08-12 08:14:52 [8.14ms]  */
insert into `user_selected_statement_options` (`response_id`, `stl_statement_id`, `stl_conversation_id`, `option_id`, `user_id`) values ('97', '63', '263', '111', '23737');
/*==================================================*/
/* Query 9 - 2025-08-12 08:14:52 [1.43ms]  */
select * from `user_round_progress` where `round_no` = '1' and `user_id` = '23737' and `name` = 'completedConversations' limit 1;
/*==================================================*/
/* Query 10 - 2025-08-12 08:14:52 [6.42ms]  */
update `user_round_progress` set `value` = '42', `updated_at` = '2025-08-12 08:14:52' where `id` = '593665';
/*==================================================*/
/* Query 11 - 2025-08-12 08:14:52 [1.24ms]  */
select * from `user_coachee_round_progress` where `stl_coachee_id` = '2' and `round_no` = '1' and `user_id` = '23737' and `name` = 'completedConversations' limit 1;
/*==================================================*/
/* Query 12 - 2025-08-12 08:14:52 [8.1ms]  */
update `user_coachee_round_progress` set `value` = '16', `updated_at` = '2025-08-12 08:14:52' where `id` = '866075';
/*==================================================*/
/* Query 13 - 2025-08-12 08:14:52 [1.3ms]  */
select * from `user_coachee_round_phase_details` where `stl_coachee_id` = '2' and `stl_round_phase_id` = '2' and `user_id` = '23737' limit 1;
/*==================================================*/
/* Query 14 - 2025-08-12 08:14:52 [7.65ms]  */
update `user_coachee_round_phase_details` set `completed_conversations` = '14', `updated_at` = '2025-08-12 08:14:52' where `id` = '640856';
/*==================================================*/
/* Query 15 - 2025-08-12 08:14:52 [1.39ms]  */
select `name`, `value`, `round_no`, `stl_coachee_id` from `user_coachee_round_progress` where `user_id` = '23737';
/*==================================================*/
/* Query 16 - 2025-08-12 08:14:52 [1.12ms]  */
select `name`, `value`, `round_no` from `user_round_progress` where `user_id` = '23737';
/*==================================================*/
/* Query 17 - 2025-08-12 08:14:52 [1.15ms]  */
select * from `events`;
/*==================================================*/
/* Query 18 - 2025-08-12 08:14:52 [1.07ms]  */
select * from `event_conditions`;
/*==================================================*/
/* Query 19 - 2025-08-12 08:14:52 [1ms]  */
select * from `event_types`;
/*==================================================*/
/* Query 20 - 2025-08-12 08:14:52 [0.97ms]  */
select * from `event_sources`;
/*==================================================*/
/* Query 21 - 2025-08-12 08:14:52 [1ms]  */
select * from `event_options`;
/*==================================================*/
/* Query 22 - 2025-08-12 08:14:52 [0.97ms]  */
select * from `event_option_response`;
/*==================================================*/
/* Query 23 - 2025-08-12 08:14:52 [1.08ms]  */
select * from `stl_events` where `stl_id` = '1' and `round_no` = '1';
/*==================================================*/
/* Query 24 - 2025-08-12 08:14:52 [1.25ms]  */
select * from `user_conversation_metrics` where `user_id` = '23737' and `round_no` = '1';
/*==================================================*/
/* Query 25 - 2025-08-12 08:14:52 [1.17ms]  */
select * from `user_events` where `user_id` = '23737' and `round_no` = '1';
/*==================================================*/
/* Query 26 - 2025-08-12 08:14:52 [1.03ms]  */
select `name`, `value` from `user_round_progress` where `user_id` = '23737' and `round_no` = '1';
/*==================================================*/
/* Query 1 - 2025-08-12 08:14:52 [2.21ms]  */
select * from `user_timer_details` where `user_id` = '23739' limit 1;
/*==================================================*/
/* Query 2 - 2025-08-12 08:14:52 [8.01ms]  */
update `user_timer_details` set `time_remaining` = '3105', `updated_at` = '2025-08-12 08:14:52' where `id` = '22718';
/*==================================================*/
/* Query 1 - 2025-08-12 08:14:53 [1.37ms]  */
select * from `user_timer_details` where `user_id` = '23758' limit 1;
/*==================================================*/
/* Query 2 - 2025-08-12 08:14:53 [6.94ms]  */
update `user_timer_details` set `time_remaining` = '3165', `updated_at` = '2025-08-12 08:14:53' where `id` = '22737';
/*==================================================*/
/* Query 1 - 2025-08-12 08:14:54 [1.38ms]  */
select * from `stl_models` where `stl_id` = '1' limit 1;
/*==================================================*/
/* Query 2 - 2025-08-12 08:14:54 [1.34ms]  */
select * from `model_details` where `model_id` = '1';
/*==================================================*/
/* Query 3 - 2025-08-12 08:14:54 [1.37ms]  */
select * from `statement_option_responses` where `option_id` = '99';
/*==================================================*/
/* Query 4 - 2025-08-12 08:14:54 [1.32ms]  */
select * from `statement_option_metrics` where `option_id` = '99';
/*==================================================*/
/* Query 5 - 2025-08-12 08:14:54 [1.33ms]  */
select * from `user_metrics` where `user_id` = '23753';
/*==================================================*/
/* Query 6 - 2025-08-12 08:14:54 [1.39ms]  */
select * from `user_coachee_metrics` where `user_id` = '23753' and `stl_coachee_id` = '2';
/*==================================================*/
/* Query 7 - 2025-08-12 08:14:54 [7.77ms]  */
insert into `user_conversations` (`user_id`, `stl_conversation_id`) values ('23753', '257');
/*==================================================*/
/* Query 8 - 2025-08-12 08:14:54 [7.88ms]  */
insert into `user_selected_statement_options` (`response_id`, `stl_statement_id`, `stl_conversation_id`, `option_id`, `user_id`) values ('229', '57', '257', '99', '23753');
/*==================================================*/
/* Query 9 - 2025-08-12 08:14:54 [2.08ms]  */
select * from `user_round_progress` where `round_no` = '1' and `user_id` = '23753' and `name` = 'completedConversations' limit 1;
/*==================================================*/
/* Query 10 - 2025-08-12 08:14:54 [7.32ms]  */
update `user_round_progress` set `value` = '38', `updated_at` = '2025-08-12 08:14:54' where `id` = '593921';
/*==================================================*/
/* Query 11 - 2025-08-12 08:14:54 [1.44ms]  */
select * from `user_coachee_round_progress` where `stl_coachee_id` = '2' and `round_no` = '1' and `user_id` = '23753' and `name` = 'completedConversations' limit 1;
/*==================================================*/
/* Query 12 - 2025-08-12 08:14:54 [7.7ms]  */
update `user_coachee_round_progress` set `value` = '9', `updated_at` = '2025-08-12 08:14:54' where `id` = '866459';
/*==================================================*/
/* Query 13 - 2025-08-12 08:14:54 [1.49ms]  */
select * from `user_coachee_round_phase_details` where `stl_coachee_id` = '2' and `stl_round_phase_id` = '2' and `user_id` = '23753' limit 1;
/*==================================================*/
/* Query 14 - 2025-08-12 08:14:54 [5.95ms]  */
update `user_coachee_round_phase_details` set `completed_conversations` = '7', `updated_at` = '2025-08-12 08:14:54' where `id` = '641288';
/*==================================================*/
/* Query 15 - 2025-08-12 08:14:54 [1.34ms]  */
select `name`, `value`, `round_no`, `stl_coachee_id` from `user_coachee_round_progress` where `user_id` = '23753';
/*==================================================*/
/* Query 16 - 2025-08-12 08:14:54 [1.43ms]  */
select `name`, `value`, `round_no` from `user_round_progress` where `user_id` = '23753';
/*==================================================*/
/* Query 17 - 2025-08-12 08:14:54 [1.48ms]  */
select * from `events`;
/*==================================================*/
/* Query 18 - 2025-08-12 08:14:54 [1.32ms]  */
select * from `event_conditions`;
/*==================================================*/
/* Query 19 - 2025-08-12 08:14:54 [1.25ms]  */
select * from `event_types`;
/*==================================================*/
/* Query 20 - 2025-08-12 08:14:54 [1.3ms]  */
select * from `event_sources`;
/*==================================================*/
/* Query 21 - 2025-08-12 08:14:54 [1.41ms]  */
select * from `event_options`;
/*==================================================*/
/* Query 22 - 2025-08-12 08:14:54 [1.31ms]  */
select * from `event_option_response`;
/*==================================================*/
/* Query 23 - 2025-08-12 08:14:54 [2.22ms]  */
select * from `stl_events` where `stl_id` = '1' and `round_no` = '1';
/*==================================================*/
/* Query 24 - 2025-08-12 08:14:54 [1.44ms]  */
select * from `user_conversation_metrics` where `user_id` = '23753' and `round_no` = '1';
/*==================================================*/
/* Query 25 - 2025-08-12 08:14:54 [1.5ms]  */
select * from `user_events` where `user_id` = '23753' and `round_no` = '1';
/*==================================================*/
/* Query 26 - 2025-08-12 08:14:54 [1.32ms]  */
select `name`, `value` from `user_round_progress` where `user_id` = '23753' and `round_no` = '1';
/*==================================================*/
/* Query 1 - 2025-08-12 08:14:56 [1.43ms]  */
select * from `stl_models` where `stl_id` = '1' limit 1;
/*==================================================*/
/* Query 2 - 2025-08-12 08:14:56 [1.23ms]  */
select * from `model_details` where `model_id` = '1';
/*==================================================*/
/* Query 3 - 2025-08-12 08:14:56 [1.25ms]  */
select * from `statement_option_responses` where `option_id` = '112';
/*==================================================*/
/* Query 4 - 2025-08-12 08:14:56 [1.25ms]  */
select * from `statement_option_metrics` where `option_id` = '112';
/*==================================================*/
/* Query 5 - 2025-08-12 08:14:56 [1.28ms]  */
select * from `user_metrics` where `user_id` = '23737';
/*==================================================*/
/* Query 6 - 2025-08-12 08:14:56 [1.54ms]  */
select * from `user_coachee_metrics` where `user_id` = '23737' and `stl_coachee_id` = '2';
/*==================================================*/
/* Query 7 - 2025-08-12 08:14:56 [7.98ms]  */
insert into `user_conversations` (`user_id`, `stl_conversation_id`) values ('23737', '264');
/*==================================================*/
/* Query 8 - 2025-08-12 08:14:56 [7.32ms]  */
insert into `user_selected_statement_options` (`response_id`, `stl_statement_id`, `stl_conversation_id`, `option_id`, `user_id`) values ('98', '65', '264', '112', '23737');
/*==================================================*/
/* Query 9 - 2025-08-12 08:14:56 [1.48ms]  */
select * from `user_round_progress` where `round_no` = '1' and `user_id` = '23737' and `name` = 'completedConversations' limit 1;
/*==================================================*/
/* Query 10 - 2025-08-12 08:14:56 [7.49ms]  */
update `user_round_progress` set `value` = '43', `updated_at` = '2025-08-12 08:14:56' where `id` = '593665';
/*==================================================*/
/* Query 11 - 2025-08-12 08:14:56 [1.43ms]  */
select * from `user_coachee_round_progress` where `stl_coachee_id` = '2' and `round_no` = '1' and `user_id` = '23737' and `name` = 'completedConversations' limit 1;
/*==================================================*/
/* Query 12 - 2025-08-12 08:14:56 [7.66ms]  */
update `user_coachee_round_progress` set `value` = '17', `updated_at` = '2025-08-12 08:14:56' where `id` = '866075';
/*==================================================*/
/* Query 13 - 2025-08-12 08:14:56 [1.4ms]  */
select * from `user_coachee_round_phase_details` where `stl_coachee_id` = '2' and `stl_round_phase_id` = '2' and `user_id` = '23737' limit 1;
/*==================================================*/
/* Query 14 - 2025-08-12 08:14:56 [8.97ms]  */
update `user_coachee_round_phase_details` set `completed_conversations` = '15', `updated_at` = '2025-08-12 08:14:56' where `id` = '640856';
/*==================================================*/
/* Query 15 - 2025-08-12 08:14:56 [1.77ms]  */
select `name`, `value`, `round_no`, `stl_coachee_id` from `user_coachee_round_progress` where `user_id` = '23737';
/*==================================================*/
/* Query 16 - 2025-08-12 08:14:56 [1.2ms]  */
select `name`, `value`, `round_no` from `user_round_progress` where `user_id` = '23737';
/*==================================================*/
/* Query 17 - 2025-08-12 08:14:56 [1.33ms]  */
select * from `events`;
/*==================================================*/
/* Query 18 - 2025-08-12 08:14:56 [1.37ms]  */
select * from `event_conditions`;
/*==================================================*/
/* Query 19 - 2025-08-12 08:14:56 [1.28ms]  */
select * from `event_types`;
/*==================================================*/
/* Query 20 - 2025-08-12 08:14:56 [2.02ms]  */
select * from `event_sources`;
/*==================================================*/
/* Query 21 - 2025-08-12 08:14:56 [1.3ms]  */
select * from `event_options`;
/*==================================================*/
/* Query 22 - 2025-08-12 08:14:56 [1.38ms]  */
select * from `event_option_response`;
/*==================================================*/
/* Query 23 - 2025-08-12 08:14:56 [1.31ms]  */
select * from `stl_events` where `stl_id` = '1' and `round_no` = '1';
/*==================================================*/
/* Query 24 - 2025-08-12 08:14:56 [1.67ms]  */
select * from `user_conversation_metrics` where `user_id` = '23737' and `round_no` = '1';
/*==================================================*/
/* Query 25 - 2025-08-12 08:14:56 [1.27ms]  */
select * from `user_events` where `user_id` = '23737' and `round_no` = '1';
/*==================================================*/
/* Query 26 - 2025-08-12 08:14:56 [1.24ms]  */
select `name`, `value` from `user_round_progress` where `user_id` = '23737' and `round_no` = '1';
/*==================================================*/
/* Query 1 - 2025-08-12 08:14:56 [1.65ms]  */
select * from `stl_models` where `stl_id` = '1' limit 1;
/*==================================================*/
/* Query 2 - 2025-08-12 08:14:56 [1.58ms]  */
select * from `model_details` where `model_id` = '1';
/*==================================================*/
/* Query 3 - 2025-08-12 08:14:56 [1.57ms]  */
select * from `statement_option_responses` where `option_id` = '37';
/*==================================================*/
/* Query 4 - 2025-08-12 08:14:56 [1.55ms]  */
select * from `statement_option_metrics` where `option_id` = '37';
/*==================================================*/
/* Query 5 - 2025-08-12 08:14:56 [1.5ms]  */
select * from `user_metrics` where `user_id` = '23746';
/*==================================================*/
/* Query 6 - 2025-08-12 08:14:56 [1.77ms]  */
select * from `user_coachee_metrics` where `user_id` = '23746' and `stl_coachee_id` = '1';
/*==================================================*/
/* Query 7 - 2025-08-12 08:14:56 [7.62ms]  */
insert into `user_conversations` (`user_id`, `stl_conversation_id`) values ('23746', '123');
/*==================================================*/
/* Query 8 - 2025-08-12 08:14:56 [7.95ms]  */
insert into `user_selected_statement_options` (`response_id`, `stl_statement_id`, `stl_conversation_id`, `option_id`, `user_id`) values ('', '23', '123', '37', '23746');
/*==================================================*/
/* Query 9 - 2025-08-12 08:14:56 [1.73ms]  */
select * from `user_round_progress` where `round_no` = '1' and `user_id` = '23746' and `name` = 'completedConversations' limit 1;
/*==================================================*/
/* Query 10 - 2025-08-12 08:14:56 [7.02ms]  */
update `user_round_progress` set `value` = '21', `updated_at` = '2025-08-12 08:14:56' where `id` = '593809';
/*==================================================*/
/* Query 11 - 2025-08-12 08:14:56 [1.76ms]  */
select * from `user_coachee_round_progress` where `stl_coachee_id` = '1' and `round_no` = '1' and `user_id` = '23746' and `name` = 'completedConversations' limit 1;
/*==================================================*/
/* Query 12 - 2025-08-12 08:14:56 [7.4ms]  */
update `user_coachee_round_progress` set `value` = '21', `updated_at` = '2025-08-12 08:14:56' where `id` = '866288';
/*==================================================*/
/* Query 13 - 2025-08-12 08:14:56 [1.93ms]  */
select * from `user_coachee_round_phase_details` where `stl_coachee_id` = '1' and `stl_round_phase_id` = '3' and `user_id` = '23746' limit 1;
/*==================================================*/
/* Query 14 - 2025-08-12 08:14:56 [7.58ms]  */
update `user_coachee_round_phase_details` set `completed_conversations` = '4', `updated_at` = '2025-08-12 08:14:56' where `id` = '641091';
/*==================================================*/
/* Query 15 - 2025-08-12 08:14:56 [1.73ms]  */
select `name`, `value`, `round_no`, `stl_coachee_id` from `user_coachee_round_progress` where `user_id` = '23746';
/*==================================================*/
/* Query 16 - 2025-08-12 08:14:56 [1.78ms]  */
select `name`, `value`, `round_no` from `user_round_progress` where `user_id` = '23746';
/*==================================================*/
/* Query 17 - 2025-08-12 08:14:56 [1.65ms]  */
select * from `events`;
/*==================================================*/
/* Query 18 - 2025-08-12 08:14:56 [1.6ms]  */
select * from `event_conditions`;
/*==================================================*/
/* Query 19 - 2025-08-12 08:14:56 [1.82ms]  */
select * from `event_types`;
/*==================================================*/
/* Query 20 - 2025-08-12 08:14:56 [1.73ms]  */
select * from `event_sources`;
/*==================================================*/
/* Query 21 - 2025-08-12 08:14:56 [1.67ms]  */
select * from `event_options`;
/*==================================================*/
/* Query 22 - 2025-08-12 08:14:56 [1.62ms]  */
select * from `event_option_response`;
/*==================================================*/
/* Query 23 - 2025-08-12 08:14:56 [1.79ms]  */
select * from `stl_events` where `stl_id` = '1' and `round_no` = '1';
/*==================================================*/
/* Query 24 - 2025-08-12 08:14:56 [1.7ms]  */
select * from `user_conversation_metrics` where `user_id` = '23746' and `round_no` = '1';
/*==================================================*/
/* Query 25 - 2025-08-12 08:14:56 [1.98ms]  */
select * from `user_events` where `user_id` = '23746' and `round_no` = '1';
/*==================================================*/
/* Query 26 - 2025-08-12 08:14:56 [1.64ms]  */
select `name`, `value` from `user_round_progress` where `user_id` = '23746' and `round_no` = '1';
/*==================================================*/
/* Query 1 - 2025-08-12 08:14:57 [1.75ms]  */
select * from `stl_models` where `stl_id` = '1' limit 1;
/*==================================================*/
/* Query 2 - 2025-08-12 08:14:57 [1.65ms]  */
select * from `model_details` where `model_id` = '1';
/*==================================================*/
/* Query 3 - 2025-08-12 08:14:57 [1.67ms]  */
select * from `statement_option_responses` where `option_id` = '195';
/*==================================================*/
/* Query 4 - 2025-08-12 08:14:57 [1.64ms]  */
select * from `statement_option_metrics` where `option_id` = '195';
/*==================================================*/
/* Query 5 - 2025-08-12 08:14:57 [1.7ms]  */
select * from `user_metrics` where `user_id` = '23752';
/*==================================================*/
/* Query 6 - 2025-08-12 08:14:57 [1.75ms]  */
select * from `user_coachee_metrics` where `user_id` = '23752' and `stl_coachee_id` = '3';
/*==================================================*/
/* Query 7 - 2025-08-12 08:14:57 [6.98ms]  */
insert into `user_conversations` (`user_id`, `stl_conversation_id`) values ('23752', '409');
/*==================================================*/
/* Query 8 - 2025-08-12 08:14:57 [7.05ms]  */
insert into `user_selected_statement_options` (`response_id`, `stl_statement_id`, `stl_conversation_id`, `option_id`, `user_id`) values ('171', '110', '409', '195', '23752');
/*==================================================*/
/* Query 9 - 2025-08-12 08:14:57 [1.79ms]  */
select * from `user_round_progress` where `round_no` = '1' and `user_id` = '23752' and `name` = 'completedConversations' limit 1;
/*==================================================*/
/* Query 10 - 2025-08-12 08:14:57 [7.71ms]  */
update `user_round_progress` set `value` = '43', `updated_at` = '2025-08-12 08:14:57' where `id` = '593905';
/*==================================================*/
/* Query 11 - 2025-08-12 08:14:57 [1.77ms]  */
select * from `user_coachee_round_progress` where `stl_coachee_id` = '3' and `round_no` = '1' and `user_id` = '23752' and `name` = 'completedConversations' limit 1;
/*==================================================*/
/* Query 12 - 2025-08-12 08:14:57 [8.65ms]  */
update `user_coachee_round_progress` set `value` = '14', `updated_at` = '2025-08-12 08:14:57' where `id` = '866438';
/*==================================================*/
/* Query 13 - 2025-08-12 08:14:57 [1.96ms]  */
select * from `user_coachee_round_phase_details` where `stl_coachee_id` = '3' and `stl_round_phase_id` = '2' and `user_id` = '23752' limit 1;
/*==================================================*/
/* Query 14 - 2025-08-12 08:14:57 [7.44ms]  */
update `user_coachee_round_phase_details` set `completed_conversations` = '12', `updated_at` = '2025-08-12 08:14:57' where `id` = '641270';
/*==================================================*/
/* Query 15 - 2025-08-12 08:14:57 [1.81ms]  */
select `name`, `value`, `round_no`, `stl_coachee_id` from `user_coachee_round_progress` where `user_id` = '23752';
/*==================================================*/
/* Query 16 - 2025-08-12 08:14:57 [1.81ms]  */
select `name`, `value`, `round_no` from `user_round_progress` where `user_id` = '23752';
/*==================================================*/
/* Query 17 - 2025-08-12 08:14:57 [1.74ms]  */
select * from `events`;
/*==================================================*/
/* Query 18 - 2025-08-12 08:14:57 [1.54ms]  */
select * from `event_conditions`;
/*==================================================*/
/* Query 19 - 2025-08-12 08:14:57 [1.54ms]  */
select * from `event_types`;
/*==================================================*/
/* Query 20 - 2025-08-12 08:14:57 [1.63ms]  */
select * from `event_sources`;
/*==================================================*/
/* Query 21 - 2025-08-12 08:14:57 [1.71ms]  */
select * from `event_options`;
/*==================================================*/
/* Query 22 - 2025-08-12 08:14:57 [1.66ms]  */
select * from `event_option_response`;
/*==================================================*/
/* Query 23 - 2025-08-12 08:14:57 [1.79ms]  */
select * from `stl_events` where `stl_id` = '1' and `round_no` = '1';
/*==================================================*/
/* Query 24 - 2025-08-12 08:14:57 [1.73ms]  */
select * from `user_conversation_metrics` where `user_id` = '23752' and `round_no` = '1';
/*==================================================*/
/* Query 25 - 2025-08-12 08:14:57 [1.71ms]  */
select * from `user_events` where `user_id` = '23752' and `round_no` = '1';
/*==================================================*/
/* Query 26 - 2025-08-12 08:14:57 [1.7ms]  */
select `name`, `value` from `user_round_progress` where `user_id` = '23752' and `round_no` = '1';
/*==================================================*/
/* Query 1 - 2025-08-12 08:15:01 [1.97ms]  */
select * from `stl_models` where `stl_id` = '1' limit 1;
/*==================================================*/
/* Query 2 - 2025-08-12 08:15:01 [1.79ms]  */
select * from `model_details` where `model_id` = '1';
/*==================================================*/
/* Query 3 - 2025-08-12 08:15:01 [2.15ms]  */
select * from `statement_option_responses` where `option_id` = '98';
/*==================================================*/
/* Query 4 - 2025-08-12 08:15:01 [1.92ms]  */
select * from `statement_option_metrics` where `option_id` = '98';
/*==================================================*/
/* Query 5 - 2025-08-12 08:15:01 [1.75ms]  */
select * from `user_metrics` where `user_id` = '23744';
/*==================================================*/
/* Query 6 - 2025-08-12 08:15:01 [1.88ms]  */
select * from `user_coachee_metrics` where `user_id` = '23744' and `stl_coachee_id` = '2';
/*==================================================*/
/* Query 7 - 2025-08-12 08:15:01 [24.56ms]  */
insert into `user_conversations` (`user_id`, `stl_conversation_id`) values ('23744', '256');
/*==================================================*/
/* Query 8 - 2025-08-12 08:15:01 [23.65ms]  */
insert into `user_selected_statement_options` (`response_id`, `stl_statement_id`, `stl_conversation_id`, `option_id`, `user_id`) values ('84', '56', '256', '98', '23744');
/*==================================================*/
/* Query 9 - 2025-08-12 08:15:01 [3.9ms]  */
select * from `user_round_progress` where `round_no` = '1' and `user_id` = '23744' and `name` = 'completedConversations' limit 1;
/*==================================================*/
/* Query 10 - 2025-08-12 08:15:01 [12.5ms]  */
update `user_round_progress` set `value` = '37', `updated_at` = '2025-08-12 08:15:01' where `id` = '593777';
/*==================================================*/
/* Query 11 - 2025-08-12 08:15:01 [3.55ms]  */
select * from `user_coachee_round_progress` where `stl_coachee_id` = '2' and `round_no` = '1' and `user_id` = '23744' and `name` = 'completedConversations' limit 1;
/*==================================================*/
/* Query 12 - 2025-08-12 08:15:01 [13.53ms]  */
update `user_coachee_round_progress` set `value` = '8', `updated_at` = '2025-08-12 08:15:01' where `id` = '866243';
/*==================================================*/
/* Query 13 - 2025-08-12 08:15:01 [2.02ms]  */
select * from `user_coachee_round_phase_details` where `stl_coachee_id` = '2' and `stl_round_phase_id` = '2' and `user_id` = '23744' limit 1;
/*==================================================*/
/* Query 14 - 2025-08-12 08:15:01 [11.19ms]  */
update `user_coachee_round_phase_details` set `completed_conversations` = '6', `updated_at` = '2025-08-12 08:15:01' where `id` = '641045';
/*==================================================*/
/* Query 15 - 2025-08-12 08:15:01 [9.27ms]  */
select `name`, `value`, `round_no`, `stl_coachee_id` from `user_coachee_round_progress` where `user_id` = '23744';
/*==================================================*/
/* Query 16 - 2025-08-12 08:15:01 [1.74ms]  */
select `name`, `value`, `round_no` from `user_round_progress` where `user_id` = '23744';
/*==================================================*/
/* Query 17 - 2025-08-12 08:15:01 [1.76ms]  */
select * from `events`;
/*==================================================*/
/* Query 18 - 2025-08-12 08:15:01 [1.61ms]  */
select * from `event_conditions`;
/*==================================================*/
/* Query 19 - 2025-08-12 08:15:01 [5.68ms]  */
select * from `event_types`;
/*==================================================*/
/* Query 20 - 2025-08-12 08:15:01 [1.61ms]  */
select * from `event_sources`;
/*==================================================*/
/* Query 21 - 2025-08-12 08:15:01 [1.79ms]  */
select * from `event_options`;
/*==================================================*/
/* Query 22 - 2025-08-12 08:15:01 [1.58ms]  */
select * from `event_option_response`;
/*==================================================*/
/* Query 23 - 2025-08-12 08:15:01 [1.91ms]  */
select * from `stl_events` where `stl_id` = '1' and `round_no` = '1';
/*==================================================*/
/* Query 24 - 2025-08-12 08:15:01 [2ms]  */
select * from `user_conversation_metrics` where `user_id` = '23744' and `round_no` = '1';
/*==================================================*/
/* Query 25 - 2025-08-12 08:15:01 [1.92ms]  */
select * from `user_events` where `user_id` = '23744' and `round_no` = '1';
/*==================================================*/
/* Query 26 - 2025-08-12 08:15:01 [1.82ms]  */
select `name`, `value` from `user_round_progress` where `user_id` = '23744' and `round_no` = '1';
/*==================================================*/
/* Query 1 - 2025-08-12 08:15:03 [1.82ms]  */
select * from `user_timer_details` where `user_id` = '23749' limit 1;
/*==================================================*/
/* Query 2 - 2025-08-12 08:15:03 [8.01ms]  */
update `user_timer_details` set `time_remaining` = '3105', `updated_at` = '2025-08-12 08:15:03' where `id` = '22728';
/*==================================================*/
/* Query 1 - 2025-08-12 08:15:03 [1.67ms]  */
select * from `user_timer_details` where `user_id` = '23737' limit 1;
/*==================================================*/
/* Query 2 - 2025-08-12 08:15:03 [9.62ms]  */
update `user_timer_details` set `time_remaining` = '3105', `updated_at` = '2025-08-12 08:15:03' where `id` = '22716';
/*==================================================*/
/* Query 1 - 2025-08-12 08:15:04 [1.67ms]  */
select * from `stl_models` where `stl_id` = '1' limit 1;
/*==================================================*/
/* Query 2 - 2025-08-12 08:15:04 [1.58ms]  */
select * from `model_details` where `model_id` = '1';
/*==================================================*/
/* Query 3 - 2025-08-12 08:15:04 [1.66ms]  */
select * from `statement_option_responses` where `option_id` = '102';
/*==================================================*/
/* Query 4 - 2025-08-12 08:15:04 [1.67ms]  */
select * from `statement_option_metrics` where `option_id` = '102';
/*==================================================*/
/* Query 5 - 2025-08-12 08:15:04 [1.66ms]  */
select * from `user_metrics` where `user_id` = '23734';
/*==================================================*/
/* Query 6 - 2025-08-12 08:15:04 [1.81ms]  */
select * from `user_coachee_metrics` where `user_id` = '23734' and `stl_coachee_id` = '2';
/*==================================================*/
/* Query 7 - 2025-08-12 08:15:04 [8.01ms]  */
insert into `user_conversations` (`user_id`, `stl_conversation_id`) values ('23734', '260');
/*==================================================*/
/* Query 8 - 2025-08-12 08:15:04 [7.82ms]  */
insert into `user_selected_statement_options` (`response_id`, `stl_statement_id`, `stl_conversation_id`, `option_id`, `user_id`) values ('', '64', '260', '102', '23734');
/*==================================================*/
/* Query 9 - 2025-08-12 08:15:04 [1.82ms]  */
select * from `user_round_progress` where `round_no` = '1' and `user_id` = '23734' and `name` = 'completedConversations' limit 1;
/*==================================================*/
/* Query 10 - 2025-08-12 08:15:04 [6.98ms]  */
update `user_round_progress` set `value` = '40', `updated_at` = '2025-08-12 08:15:04' where `id` = '593617';
/*==================================================*/
/* Query 11 - 2025-08-12 08:15:04 [1.91ms]  */
select * from `user_coachee_round_progress` where `stl_coachee_id` = '2' and `round_no` = '1' and `user_id` = '23734' and `name` = 'completedConversations' limit 1;
/*==================================================*/
/* Query 12 - 2025-08-12 08:15:04 [8.48ms]  */
update `user_coachee_round_progress` set `value` = '11', `updated_at` = '2025-08-12 08:15:04' where `id` = '866003';
/*==================================================*/
/* Query 13 - 2025-08-12 08:15:04 [2.03ms]  */
select * from `user_coachee_round_phase_details` where `stl_coachee_id` = '2' and `stl_round_phase_id` = '2' and `user_id` = '23734' limit 1;
/*==================================================*/
/* Query 14 - 2025-08-12 08:15:04 [7.28ms]  */
update `user_coachee_round_phase_details` set `completed_conversations` = '9', `updated_at` = '2025-08-12 08:15:04' where `id` = '640775';
/*==================================================*/
/* Query 15 - 2025-08-12 08:15:04 [2.23ms]  */
select `name`, `value`, `round_no`, `stl_coachee_id` from `user_coachee_round_progress` where `user_id` = '23734';
/*==================================================*/
/* Query 16 - 2025-08-12 08:15:04 [1.64ms]  */
select `name`, `value`, `round_no` from `user_round_progress` where `user_id` = '23734';
/*==================================================*/
/* Query 17 - 2025-08-12 08:15:04 [1.72ms]  */
select * from `events`;
/*==================================================*/
/* Query 18 - 2025-08-12 08:15:04 [1.5ms]  */
select * from `event_conditions`;
/*==================================================*/
/* Query 19 - 2025-08-12 08:15:04 [1.49ms]  */
select * from `event_types`;
/*==================================================*/
/* Query 20 - 2025-08-12 08:15:04 [1.81ms]  */
select * from `event_sources`;
/*==================================================*/
/* Query 21 - 2025-08-12 08:15:04 [2.23ms]  */
select * from `event_options`;
/*==================================================*/
/* Query 22 - 2025-08-12 08:15:04 [1.59ms]  */
select * from `event_option_response`;
/*==================================================*/
/* Query 23 - 2025-08-12 08:15:04 [1.65ms]  */
select * from `stl_events` where `stl_id` = '1' and `round_no` = '1';
/*==================================================*/
/* Query 24 - 2025-08-12 08:15:04 [1.74ms]  */
select * from `user_conversation_metrics` where `user_id` = '23734' and `round_no` = '1';
/*==================================================*/
/* Query 25 - 2025-08-12 08:15:04 [1.69ms]  */
select * from `user_events` where `user_id` = '23734' and `round_no` = '1';
/*==================================================*/
/* Query 26 - 2025-08-12 08:15:04 [1.77ms]  */
select `name`, `value` from `user_round_progress` where `user_id` = '23734' and `round_no` = '1';
/*==================================================*/
/* Query 1 - 2025-08-12 08:15:07 [2.02ms]  */
select * from `user_timer_details` where `user_id` = '23748' limit 1;
/*==================================================*/
/* Query 2 - 2025-08-12 08:15:07 [8.35ms]  */
update `user_timer_details` set `time_remaining` = '3075', `updated_at` = '2025-08-12 08:15:07' where `id` = '22727';
/*==================================================*/
/* Query 1 - 2025-08-12 08:15:07 [0.9ms]  */
select * from `stl_models` where `stl_id` = '1' limit 1;
/*==================================================*/
/* Query 2 - 2025-08-12 08:15:07 [1ms]  */
select * from `model_details` where `model_id` = '1';
/*==================================================*/
/* Query 3 - 2025-08-12 08:15:07 [0.85ms]  */
select * from `statement_option_responses` where `option_id` = '99';
/*==================================================*/
/* Query 4 - 2025-08-12 08:15:07 [0.77ms]  */
select * from `statement_option_metrics` where `option_id` = '99';
/*==================================================*/
/* Query 5 - 2025-08-12 08:15:07 [3.52ms]  */
select * from `user_metrics` where `user_id` = '23744';
/*==================================================*/
/* Query 6 - 2025-08-12 08:15:07 [0.82ms]  */
select * from `user_coachee_metrics` where `user_id` = '23744' and `stl_coachee_id` = '2';
/*==================================================*/
/* Query 7 - 2025-08-12 08:15:07 [9.33ms]  */
insert into `user_conversations` (`user_id`, `stl_conversation_id`) values ('23744', '257');
/*==================================================*/
/* Query 8 - 2025-08-12 08:15:07 [14.36ms]  */
insert into `user_selected_statement_options` (`response_id`, `stl_statement_id`, `stl_conversation_id`, `option_id`, `user_id`) values ('229', '57', '257', '99', '23744');
/*==================================================*/
/* Query 9 - 2025-08-12 08:15:07 [0.95ms]  */
select * from `user_round_progress` where `round_no` = '1' and `user_id` = '23744' and `name` = 'completedConversations' limit 1;
/*==================================================*/
/* Query 10 - 2025-08-12 08:15:07 [6.28ms]  */
update `user_round_progress` set `value` = '38', `updated_at` = '2025-08-12 08:15:07' where `id` = '593777';
/*==================================================*/
/* Query 11 - 2025-08-12 08:15:07 [1.41ms]  */
select * from `user_coachee_round_progress` where `stl_coachee_id` = '2' and `round_no` = '1' and `user_id` = '23744' and `name` = 'completedConversations' limit 1;
/*==================================================*/
/* Query 12 - 2025-08-12 08:15:07 [6.17ms]  */
update `user_coachee_round_progress` set `value` = '9', `updated_at` = '2025-08-12 08:15:07' where `id` = '866243';
/*==================================================*/
/* Query 13 - 2025-08-12 08:15:07 [1.1ms]  */
select * from `user_coachee_round_phase_details` where `stl_coachee_id` = '2' and `stl_round_phase_id` = '2' and `user_id` = '23744' limit 1;
/*==================================================*/
/* Query 14 - 2025-08-12 08:15:07 [6.59ms]  */
update `user_coachee_round_phase_details` set `completed_conversations` = '7', `updated_at` = '2025-08-12 08:15:07' where `id` = '641045';
/*==================================================*/
/* Query 15 - 2025-08-12 08:15:07 [1.01ms]  */
select `name`, `value`, `round_no`, `stl_coachee_id` from `user_coachee_round_progress` where `user_id` = '23744';
/*==================================================*/
/* Query 16 - 2025-08-12 08:15:07 [0.98ms]  */
select `name`, `value`, `round_no` from `user_round_progress` where `user_id` = '23744';
/*==================================================*/
/* Query 17 - 2025-08-12 08:15:07 [1.06ms]  */
select * from `events`;
/*==================================================*/
/* Query 18 - 2025-08-12 08:15:07 [1.08ms]  */
select * from `event_conditions`;
/*==================================================*/
/* Query 19 - 2025-08-12 08:15:07 [0.85ms]  */
select * from `event_types`;
/*==================================================*/
/* Query 20 - 2025-08-12 08:15:07 [0.87ms]  */
select * from `event_sources`;
/*==================================================*/
/* Query 21 - 2025-08-12 08:15:07 [0.85ms]  */
select * from `event_options`;
/*==================================================*/
/* Query 22 - 2025-08-12 08:15:07 [0.85ms]  */
select * from `event_option_response`;
/*==================================================*/
/* Query 23 - 2025-08-12 08:15:07 [0.87ms]  */
select * from `stl_events` where `stl_id` = '1' and `round_no` = '1';
/*==================================================*/
/* Query 24 - 2025-08-12 08:15:07 [1.01ms]  */
select * from `user_conversation_metrics` where `user_id` = '23744' and `round_no` = '1';
/*==================================================*/
/* Query 25 - 2025-08-12 08:15:07 [1.05ms]  */
select * from `user_events` where `user_id` = '23744' and `round_no` = '1';
/*==================================================*/
/* Query 26 - 2025-08-12 08:15:07 [1.01ms]  */
select `name`, `value` from `user_round_progress` where `user_id` = '23744' and `round_no` = '1';
/*==================================================*/
/* Query 1 - 2025-08-12 08:15:07 [1.56ms]  */
select * from `stl_models` where `stl_id` = '1' limit 1;
/*==================================================*/
/* Query 2 - 2025-08-12 08:15:07 [1.45ms]  */
select * from `model_details` where `model_id` = '1';
/*==================================================*/
/* Query 3 - 2025-08-12 08:15:07 [1.39ms]  */
select * from `statement_option_responses` where `option_id` = '110';
/*==================================================*/
/* Query 4 - 2025-08-12 08:15:07 [1.42ms]  */
select * from `statement_option_metrics` where `option_id` = '110';
/*==================================================*/
/* Query 5 - 2025-08-12 08:15:07 [1.52ms]  */
select * from `user_metrics` where `user_id` = '23745';
/*==================================================*/
/* Query 6 - 2025-08-12 08:15:07 [1.41ms]  */
select * from `user_coachee_metrics` where `user_id` = '23745' and `stl_coachee_id` = '2';
/*==================================================*/
/* Query 7 - 2025-08-12 08:15:07 [7.81ms]  */
insert into `user_coachee_conversation_metrics` (`actual_delta`, `delta`, `previous_value`, `round_no`, `stl_coachee_id`, `stl_conversation_id`, `stl_metric_id`, `stl_phase_id`, `updated_value`, `user_id`) values ('6', '5', '53', '1', '2', '262', '1', '2', '58', '23745');
/*==================================================*/
/* Query 8 - 2025-08-12 08:15:07 [7.47ms]  */
INSERT INTO user_coachee_metrics (user_id, stl_coachee_id, stl_metric_id, value) VALUES  (23745, 2, 1, 58)   ON DUPLICATE KEY UPDATE `value` = VALUES(`value`);
/*==================================================*/
/* Query 9 - 2025-08-12 08:15:07 [7.9ms]  */
INSERT INTO user_coachee_round_metrics (user_id, round_no, stl_coachee_id, stl_metric_id, value) VALUES  (23745, 1, 2, 1, 58)   ON DUPLICATE KEY UPDATE `value` = VALUES(`value`);
/*==================================================*/
/* Query 10 - 2025-08-12 08:15:07 [7.44ms]  */
insert into `user_conversation_metrics` (`actual_delta`, `delta`, `previous_value`, `round_no`, `stl_coachee_id`, `stl_conversation_id`, `stl_metric_id`, `stl_phase_id`, `updated_value`, `user_id`) values ('6', '6', '28', '1', '2', '262', '2', '2', '34', '23745');
/*==================================================*/
/* Query 11 - 2025-08-12 08:15:07 [8.65ms]  */
INSERT INTO user_metrics (user_id, stl_metric_id, value) VALUES  (23745, 2, 34)   ON DUPLICATE KEY UPDATE `value` = VALUES(`value`);
/*==================================================*/
/* Query 12 - 2025-08-12 08:15:07 [7.46ms]  */
INSERT INTO user_round_metrics (user_id, round_no, stl_metric_id, value) VALUES  (23745, 1, 2, 34)   ON DUPLICATE KEY UPDATE `value` = VALUES(`value`);
/*==================================================*/
/* Query 13 - 2025-08-12 08:15:07 [7.38ms]  */
insert into `user_conversations` (`user_id`, `stl_conversation_id`) values ('23745', '262');
/*==================================================*/
/* Query 14 - 2025-08-12 08:15:07 [7.77ms]  */
insert into `user_selected_statement_options` (`response_id`, `stl_statement_id`, `stl_conversation_id`, `option_id`, `user_id`) values ('96', '62', '262', '110', '23745');
/*==================================================*/
/* Query 15 - 2025-08-12 08:15:07 [1.74ms]  */
select * from `user_round_progress` where `round_no` = '1' and `user_id` = '23745' and `name` = 'completedConversations' limit 1;
/*==================================================*/
/* Query 16 - 2025-08-12 08:15:08 [7.91ms]  */
update `user_round_progress` set `value` = '44', `updated_at` = '2025-08-12 08:15:07' where `id` = '593793';
/*==================================================*/
/* Query 17 - 2025-08-12 08:15:08 [1.78ms]  */
select * from `user_coachee_round_progress` where `stl_coachee_id` = '2' and `round_no` = '1' and `user_id` = '23745' and `name` = 'completedConversations' limit 1;
/*==================================================*/
/* Query 18 - 2025-08-12 08:15:08 [7.36ms]  */
update `user_coachee_round_progress` set `value` = '15', `updated_at` = '2025-08-12 08:15:08' where `id` = '866267';
/*==================================================*/
/* Query 19 - 2025-08-12 08:15:08 [1.62ms]  */
select * from `user_coachee_round_phase_details` where `stl_coachee_id` = '2' and `stl_round_phase_id` = '2' and `user_id` = '23745' limit 1;
/*==================================================*/
/* Query 20 - 2025-08-12 08:15:08 [7.43ms]  */
update `user_coachee_round_phase_details` set `completed_conversations` = '13', `updated_at` = '2025-08-12 08:15:08' where `id` = '641072';
/*==================================================*/
/* Query 21 - 2025-08-12 08:15:08 [1.67ms]  */
select `name`, `value`, `round_no`, `stl_coachee_id` from `user_coachee_round_progress` where `user_id` = '23745';
/*==================================================*/
/* Query 22 - 2025-08-12 08:15:08 [1.55ms]  */
select `name`, `value`, `round_no` from `user_round_progress` where `user_id` = '23745';
/*==================================================*/
/* Query 23 - 2025-08-12 08:15:08 [1.61ms]  */
select * from `events`;
/*==================================================*/
/* Query 24 - 2025-08-12 08:15:08 [1.42ms]  */
select * from `event_conditions`;
/*==================================================*/
/* Query 25 - 2025-08-12 08:15:08 [1.38ms]  */
select * from `event_types`;
/*==================================================*/
/* Query 26 - 2025-08-12 08:15:08 [1.44ms]  */
select * from `event_sources`;
/*==================================================*/
/* Query 27 - 2025-08-12 08:15:08 [1.53ms]  */
select * from `event_options`;
/*==================================================*/
/* Query 28 - 2025-08-12 08:15:08 [1.44ms]  */
select * from `event_option_response`;
/*==================================================*/
/* Query 29 - 2025-08-12 08:15:08 [1.37ms]  */
select * from `stl_events` where `stl_id` = '1' and `round_no` = '1';
/*==================================================*/
/* Query 30 - 2025-08-12 08:15:08 [1.52ms]  */
select * from `user_conversation_metrics` where `user_id` = '23745' and `round_no` = '1';
/*==================================================*/
/* Query 31 - 2025-08-12 08:15:08 [1.44ms]  */
select * from `user_events` where `user_id` = '23745' and `round_no` = '1';
/*==================================================*/
/* Query 32 - 2025-08-12 08:15:08 [1.44ms]  */
select `name`, `value` from `user_round_progress` where `user_id` = '23745' and `round_no` = '1';
/*==================================================*/
/* Query 1 - 2025-08-12 08:15:12 [1.51ms]  */
select * from `user_timer_details` where `user_id` = '23757' limit 1;
/*==================================================*/
/* Query 2 - 2025-08-12 08:15:12 [7.15ms]  */
update `user_timer_details` set `time_remaining` = '3180', `updated_at` = '2025-08-12 08:15:12' where `id` = '22736';
/*==================================================*/
/* Query 1 - 2025-08-12 08:15:16 [8ms]  */
INSERT INTO user_coachee_round_progress (user_id, stl_coachee_id, round_no, name, value) VALUES  (23758, 2, 1, 'isCoachingStarted', 1) , (23758, 2, 1, 'stlCoacheeId', 2) , (23758, 2, 1, 'roundNo', 1)   ON DUPLICATE KEY UPDATE `value` = VALUES(`value`);
/*==================================================*/
/* Query 2 - 2025-08-12 08:15:16 [1.78ms]  */
select `name`, `value`, `round_no`, `stl_coachee_id` from `user_coachee_round_progress` where `user_id` = '23758';
/*==================================================*/
/* Query 1 - 2025-08-12 08:15:17 [1.05ms]  */
select * from `user_timer_details` where `user_id` = '23736' limit 1;
/*==================================================*/
/* Query 2 - 2025-08-12 08:15:17 [6.81ms]  */
update `user_timer_details` set `time_remaining` = '3060', `updated_at` = '2025-08-12 08:15:17' where `id` = '22715';
/*==================================================*/
/* Query 1 - 2025-08-12 08:15:19 [1.22ms]  */
select * from `stl_models` where `stl_id` = '1' limit 1;
/*==================================================*/
/* Query 2 - 2025-08-12 08:15:19 [1.18ms]  */
select * from `model_details` where `model_id` = '1';
/*==================================================*/
/* Query 3 - 2025-08-12 08:15:19 [1.16ms]  */
select * from `statement_option_responses` where `option_id` = '51';
/*==================================================*/
/* Query 4 - 2025-08-12 08:15:19 [1.17ms]  */
select * from `statement_option_metrics` where `option_id` = '51';
/*==================================================*/
/* Query 5 - 2025-08-12 08:15:19 [1.1ms]  */
select * from `user_metrics` where `user_id` = '23740';
/*==================================================*/
/* Query 6 - 2025-08-12 08:15:19 [1.06ms]  */
select * from `user_coachee_metrics` where `user_id` = '23740' and `stl_coachee_id` = '1';
/*==================================================*/
/* Query 7 - 2025-08-12 08:15:19 [6.98ms]  */
insert into `user_conversations` (`user_id`, `stl_conversation_id`) values ('23740', '129');
/*==================================================*/
/* Query 8 - 2025-08-12 08:15:19 [7.36ms]  */
insert into `user_selected_statement_options` (`response_id`, `stl_statement_id`, `stl_conversation_id`, `option_id`, `user_id`) values ('', '29', '129', '51', '23740');
/*==================================================*/
/* Query 9 - 2025-08-12 08:15:19 [1.35ms]  */
select * from `user_round_progress` where `round_no` = '1' and `user_id` = '23740' and `name` = 'completedConversations' limit 1;
/*==================================================*/
/* Query 10 - 2025-08-12 08:15:19 [8.16ms]  */
update `user_round_progress` set `value` = '28', `updated_at` = '2025-08-12 08:15:19' where `id` = '593713';
/*==================================================*/
/* Query 11 - 2025-08-12 08:15:19 [1.68ms]  */
select * from `user_coachee_round_progress` where `stl_coachee_id` = '1' and `round_no` = '1' and `user_id` = '23740' and `name` = 'completedConversations' limit 1;
/*==================================================*/
/* Query 12 - 2025-08-12 08:15:19 [7.66ms]  */
update `user_coachee_round_progress` set `value` = '28', `updated_at` = '2025-08-12 08:15:19' where `id` = '866144';
/*==================================================*/
/* Query 13 - 2025-08-12 08:15:19 [1.6ms]  */
select * from `user_coachee_round_phase_details` where `stl_coachee_id` = '1' and `stl_round_phase_id` = '5' and `user_id` = '23740' limit 1;
/*==================================================*/
/* Query 14 - 2025-08-12 08:15:19 [7.73ms]  */
update `user_coachee_round_phase_details` set `completed_conversations` = '4', `updated_at` = '2025-08-12 08:15:19' where `id` = '640931';
/*==================================================*/
/* Query 15 - 2025-08-12 08:15:19 [1.33ms]  */
select `name`, `value`, `round_no`, `stl_coachee_id` from `user_coachee_round_progress` where `user_id` = '23740';
/*==================================================*/
/* Query 16 - 2025-08-12 08:15:19 [1.21ms]  */
select `name`, `value`, `round_no` from `user_round_progress` where `user_id` = '23740';
/*==================================================*/
/* Query 17 - 2025-08-12 08:15:19 [1.25ms]  */
select * from `events`;
/*==================================================*/
/* Query 18 - 2025-08-12 08:15:19 [1.19ms]  */
select * from `event_conditions`;
/*==================================================*/
/* Query 19 - 2025-08-12 08:15:19 [1.17ms]  */
select * from `event_types`;
/*==================================================*/
/* Query 20 - 2025-08-12 08:15:19 [1.23ms]  */
select * from `event_sources`;
/*==================================================*/
/* Query 21 - 2025-08-12 08:15:19 [1.33ms]  */
select * from `event_options`;
/*==================================================*/
/* Query 22 - 2025-08-12 08:15:19 [1.2ms]  */
select * from `event_option_response`;
/*==================================================*/
/* Query 23 - 2025-08-12 08:15:19 [1.38ms]  */
select * from `stl_events` where `stl_id` = '1' and `round_no` = '1';
/*==================================================*/
/* Query 24 - 2025-08-12 08:15:19 [1.26ms]  */
select * from `user_conversation_metrics` where `user_id` = '23740' and `round_no` = '1';
/*==================================================*/
/* Query 25 - 2025-08-12 08:15:19 [1.33ms]  */
select * from `user_events` where `user_id` = '23740' and `round_no` = '1';
/*==================================================*/
/* Query 26 - 2025-08-12 08:15:19 [1.23ms]  */
select `name`, `value` from `user_round_progress` where `user_id` = '23740' and `round_no` = '1';
/*==================================================*/
/* Query 1 - 2025-08-12 08:15:20 [1.41ms]  */
select * from `user_timer_details` where `user_id` = '23762' limit 1;
/*==================================================*/
/* Query 2 - 2025-08-12 08:15:20 [8.03ms]  */
update `user_timer_details` set `time_remaining` = '3180', `updated_at` = '2025-08-12 08:15:20' where `id` = '22741';
/*==================================================*/
/* Query 1 - 2025-08-12 08:15:20 [1.89ms]  */
select * from `stl_models` where `stl_id` = '1' limit 1;
/*==================================================*/
/* Query 2 - 2025-08-12 08:15:20 [1.88ms]  */
select * from `model_details` where `model_id` = '1';
/*==================================================*/
/* Query 3 - 2025-08-12 08:15:20 [1.82ms]  */
select * from `statement_option_responses` where `option_id` = '259';
/*==================================================*/
/* Query 4 - 2025-08-12 08:15:20 [1.97ms]  */
select * from `statement_option_metrics` where `option_id` = '259';
/*==================================================*/
/* Query 5 - 2025-08-12 08:15:20 [2.23ms]  */
select * from `user_metrics` where `user_id` = '23760';
/*==================================================*/
/* Query 6 - 2025-08-12 08:15:20 [1.79ms]  */
select * from `user_coachee_metrics` where `user_id` = '23760' and `stl_coachee_id` = '2';
/*==================================================*/
/* Query 7 - 2025-08-12 08:15:20 [7.4ms]  */
insert into `user_coachee_conversation_metrics` (`actual_delta`, `delta`, `previous_value`, `round_no`, `stl_coachee_id`, `stl_conversation_id`, `stl_metric_id`, `stl_phase_id`, `updated_value`, `user_id`) values ('-3', '-3', '56', '1', '2', '442', '1', '2', '53', '23760');
/*==================================================*/
/* Query 8 - 2025-08-12 08:15:20 [6.75ms]  */
INSERT INTO user_coachee_metrics (user_id, stl_coachee_id, stl_metric_id, value) VALUES  (23760, 2, 1, 53)   ON DUPLICATE KEY UPDATE `value` = VALUES(`value`);
/*==================================================*/
/* Query 9 - 2025-08-12 08:15:20 [9.02ms]  */
INSERT INTO user_coachee_round_metrics (user_id, round_no, stl_coachee_id, stl_metric_id, value) VALUES  (23760, 1, 2, 1, 53)   ON DUPLICATE KEY UPDATE `value` = VALUES(`value`);
/*==================================================*/
/* Query 10 - 2025-08-12 08:15:20 [8.42ms]  */
insert into `user_conversations` (`user_id`, `stl_conversation_id`) values ('23760', '442');
/*==================================================*/
/* Query 11 - 2025-08-12 08:15:20 [7.1ms]  */
insert into `user_selected_statement_options` (`response_id`, `stl_statement_id`, `stl_conversation_id`, `option_id`, `user_id`) values ('', '158', '442', '259', '23760');
/*==================================================*/
/* Query 12 - 2025-08-12 08:15:20 [1.84ms]  */
select * from `user_round_progress` where `round_no` = '1' and `user_id` = '23760' and `name` = 'completedConversations' limit 1;
/*==================================================*/
/* Query 13 - 2025-08-12 08:15:20 [7.67ms]  */
update `user_round_progress` set `value` = '43', `updated_at` = '2025-08-12 08:15:20' where `id` = '594071';
/*==================================================*/
/* Query 14 - 2025-08-12 08:15:20 [1.92ms]  */
select * from `user_coachee_round_progress` where `stl_coachee_id` = '2' and `round_no` = '1' and `user_id` = '23760' and `name` = 'completedConversations' limit 1;
/*==================================================*/
/* Query 15 - 2025-08-12 08:15:20 [7.88ms]  */
update `user_coachee_round_progress` set `value` = '14', `updated_at` = '2025-08-12 08:15:20' where `id` = '866681';
/*==================================================*/
/* Query 16 - 2025-08-12 08:15:20 [1.79ms]  */
select * from `user_coachee_round_phase_details` where `stl_coachee_id` = '2' and `stl_round_phase_id` = '2' and `user_id` = '23760' limit 1;
/*==================================================*/
/* Query 17 - 2025-08-12 08:15:20 [10.62ms]  */
update `user_coachee_round_phase_details` set `completed_conversations` = '12', `updated_at` = '2025-08-12 08:15:20' where `id` = '641477';
/*==================================================*/
/* Query 18 - 2025-08-12 08:15:20 [1.73ms]  */
select `name`, `value`, `round_no`, `stl_coachee_id` from `user_coachee_round_progress` where `user_id` = '23760';
/*==================================================*/
/* Query 19 - 2025-08-12 08:15:20 [1.63ms]  */
select `name`, `value`, `round_no` from `user_round_progress` where `user_id` = '23760';
/*==================================================*/
/* Query 20 - 2025-08-12 08:15:20 [1.65ms]  */
select * from `events`;
/*==================================================*/
/* Query 21 - 2025-08-12 08:15:20 [2.58ms]  */
select * from `event_conditions`;
/*==================================================*/
/* Query 22 - 2025-08-12 08:15:20 [1.44ms]  */
select * from `event_types`;
/*==================================================*/
/* Query 23 - 2025-08-12 08:15:20 [1.46ms]  */
select * from `event_sources`;
/*==================================================*/
/* Query 24 - 2025-08-12 08:15:20 [1.59ms]  */
select * from `event_options`;
/*==================================================*/
/* Query 25 - 2025-08-12 08:15:20 [1.54ms]  */
select * from `event_option_response`;
/*==================================================*/
/* Query 26 - 2025-08-12 08:15:20 [6.61ms]  */
select * from `stl_events` where `stl_id` = '1' and `round_no` = '1';
/*==================================================*/
/* Query 27 - 2025-08-12 08:15:20 [1.71ms]  */
select * from `user_conversation_metrics` where `user_id` = '23760' and `round_no` = '1';
/*==================================================*/
/* Query 28 - 2025-08-12 08:15:20 [1.68ms]  */
select * from `user_events` where `user_id` = '23760' and `round_no` = '1';
/*==================================================*/
/* Query 29 - 2025-08-12 08:15:20 [1.58ms]  */
select `name`, `value` from `user_round_progress` where `user_id` = '23760' and `round_no` = '1';
/*==================================================*/
/* Query 1 - 2025-08-12 08:15:23 [1.45ms]  */
select * from `user_timer_details` where `user_id` = '23755' limit 1;
/*==================================================*/
/* Query 2 - 2025-08-12 08:15:23 [7.8ms]  */
update `user_timer_details` set `time_remaining` = '3105', `updated_at` = '2025-08-12 08:15:23' where `id` = '22734';
/*==================================================*/
/* Query 1 - 2025-08-12 08:15:24 [1.55ms]  */
select * from `stl_models` where `stl_id` = '1' limit 1;
/*==================================================*/
/* Query 2 - 2025-08-12 08:15:24 [1.39ms]  */
select * from `model_details` where `model_id` = '1';
/*==================================================*/
/* Query 3 - 2025-08-12 08:15:24 [1.45ms]  */
select * from `statement_option_responses` where `option_id` = '195';
/*==================================================*/
/* Query 4 - 2025-08-12 08:15:24 [1.48ms]  */
select * from `statement_option_metrics` where `option_id` = '195';
/*==================================================*/
/* Query 5 - 2025-08-12 08:15:24 [1.41ms]  */
select * from `user_metrics` where `user_id` = '23736';
/*==================================================*/
/* Query 6 - 2025-08-12 08:15:24 [1.45ms]  */
select * from `user_coachee_metrics` where `user_id` = '23736' and `stl_coachee_id` = '3';
/*==================================================*/
/* Query 7 - 2025-08-12 08:15:24 [9.09ms]  */
insert into `user_conversations` (`user_id`, `stl_conversation_id`) values ('23736', '409');
/*==================================================*/
/* Query 8 - 2025-08-12 08:15:24 [7.77ms]  */
insert into `user_selected_statement_options` (`response_id`, `stl_statement_id`, `stl_conversation_id`, `option_id`, `user_id`) values ('171', '110', '409', '195', '23736');
/*==================================================*/
/* Query 9 - 2025-08-12 08:15:24 [1.48ms]  */
select * from `user_round_progress` where `round_no` = '1' and `user_id` = '23736' and `name` = 'completedConversations' limit 1;
/*==================================================*/
/* Query 10 - 2025-08-12 08:15:24 [7.67ms]  */
update `user_round_progress` set `value` = '53', `updated_at` = '2025-08-12 08:15:24' where `id` = '593649';
/*==================================================*/
/* Query 11 - 2025-08-12 08:15:24 [1.51ms]  */
select * from `user_coachee_round_progress` where `stl_coachee_id` = '3' and `round_no` = '1' and `user_id` = '23736' and `name` = 'completedConversations' limit 1;
/*==================================================*/
/* Query 12 - 2025-08-12 08:15:24 [7.72ms]  */
update `user_coachee_round_progress` set `value` = '14', `updated_at` = '2025-08-12 08:15:24' where `id` = '866054';
/*==================================================*/
/* Query 13 - 2025-08-12 08:15:24 [1.65ms]  */
select * from `user_coachee_round_phase_details` where `stl_coachee_id` = '3' and `stl_round_phase_id` = '2' and `user_id` = '23736' limit 1;
/*==================================================*/
/* Query 14 - 2025-08-12 08:15:24 [7.37ms]  */
update `user_coachee_round_phase_details` set `completed_conversations` = '12', `updated_at` = '2025-08-12 08:15:24' where `id` = '640838';
/*==================================================*/
/* Query 15 - 2025-08-12 08:15:24 [1.63ms]  */
select `name`, `value`, `round_no`, `stl_coachee_id` from `user_coachee_round_progress` where `user_id` = '23736';
/*==================================================*/
/* Query 16 - 2025-08-12 08:15:24 [1.49ms]  */
select `name`, `value`, `round_no` from `user_round_progress` where `user_id` = '23736';
/*==================================================*/
/* Query 17 - 2025-08-12 08:15:24 [1.49ms]  */
select * from `events`;
/*==================================================*/
/* Query 18 - 2025-08-12 08:15:24 [1.32ms]  */
select * from `event_conditions`;
/*==================================================*/
/* Query 19 - 2025-08-12 08:15:24 [1.32ms]  */
select * from `event_types`;
/*==================================================*/
/* Query 20 - 2025-08-12 08:15:24 [1.35ms]  */
select * from `event_sources`;
/*==================================================*/
/* Query 21 - 2025-08-12 08:15:24 [1.35ms]  */
select * from `event_options`;
/*==================================================*/
/* Query 22 - 2025-08-12 08:15:24 [1.38ms]  */
select * from `event_option_response`;
/*==================================================*/
/* Query 23 - 2025-08-12 08:15:24 [1.47ms]  */
select * from `stl_events` where `stl_id` = '1' and `round_no` = '1';
/*==================================================*/
/* Query 24 - 2025-08-12 08:15:24 [1.49ms]  */
select * from `user_conversation_metrics` where `user_id` = '23736' and `round_no` = '1';
/*==================================================*/
/* Query 25 - 2025-08-12 08:15:24 [1.69ms]  */
select * from `user_events` where `user_id` = '23736' and `round_no` = '1';
/*==================================================*/
/* Query 26 - 2025-08-12 08:15:24 [1.54ms]  */
select `name`, `value` from `user_round_progress` where `user_id` = '23736' and `round_no` = '1';
/*==================================================*/
/* Query 1 - 2025-08-12 08:15:25 [1.36ms]  */
select * from `user_timer_details` where `user_id` = '23754' limit 1;
/*==================================================*/
/* Query 2 - 2025-08-12 08:15:25 [6.88ms]  */
update `user_timer_details` set `time_remaining` = '3150', `updated_at` = '2025-08-12 08:15:25' where `id` = '22733';
/*==================================================*/
/* Query 1 - 2025-08-12 08:15:26 [1.32ms]  */
select * from `user_timer_details` where `user_id` = '23746' limit 1;
/*==================================================*/
/* Query 2 - 2025-08-12 08:15:26 [7.7ms]  */
update `user_timer_details` set `time_remaining` = '3060', `updated_at` = '2025-08-12 08:15:26' where `id` = '22725';
/*==================================================*/
/* Query 1 - 2025-08-12 08:15:31 [1.71ms]  */
select * from `stl_models` where `stl_id` = '1' limit 1;
/*==================================================*/
/* Query 2 - 2025-08-12 08:15:31 [1.51ms]  */
select * from `model_details` where `model_id` = '1';
/*==================================================*/
/* Query 3 - 2025-08-12 08:15:31 [1.32ms]  */
select * from `statement_option_responses` where `option_id` = '110';
/*==================================================*/
/* Query 4 - 2025-08-12 08:15:31 [1.2ms]  */
select * from `statement_option_metrics` where `option_id` = '110';
/*==================================================*/
/* Query 5 - 2025-08-12 08:15:31 [1.34ms]  */
select * from `user_metrics` where `user_id` = '23749';
/*==================================================*/
/* Query 6 - 2025-08-12 08:15:31 [1.44ms]  */
select * from `user_coachee_metrics` where `user_id` = '23749' and `stl_coachee_id` = '2';
/*==================================================*/
/* Query 7 - 2025-08-12 08:15:31 [10ms]  */
insert into `user_coachee_conversation_metrics` (`actual_delta`, `delta`, `previous_value`, `round_no`, `stl_coachee_id`, `stl_conversation_id`, `stl_metric_id`, `stl_phase_id`, `updated_value`, `user_id`) values ('6', '4', '47', '1', '2', '262', '1', '2', '51', '23749');
/*==================================================*/
/* Query 8 - 2025-08-12 08:15:31 [8.4ms]  */
INSERT INTO user_coachee_metrics (user_id, stl_coachee_id, stl_metric_id, value) VALUES  (23749, 2, 1, 51)   ON DUPLICATE KEY UPDATE `value` = VALUES(`value`);
/*==================================================*/
/* Query 9 - 2025-08-12 08:15:31 [8.36ms]  */
INSERT INTO user_coachee_round_metrics (user_id, round_no, stl_coachee_id, stl_metric_id, value) VALUES  (23749, 1, 2, 1, 51)   ON DUPLICATE KEY UPDATE `value` = VALUES(`value`);
/*==================================================*/
/* Query 10 - 2025-08-12 08:15:31 [8.47ms]  */
insert into `user_conversation_metrics` (`actual_delta`, `delta`, `previous_value`, `round_no`, `stl_coachee_id`, `stl_conversation_id`, `stl_metric_id`, `stl_phase_id`, `updated_value`, `user_id`) values ('6', '6', '19', '1', '2', '262', '2', '2', '25', '23749');
/*==================================================*/
/* Query 11 - 2025-08-12 08:15:31 [7.42ms]  */
INSERT INTO user_metrics (user_id, stl_metric_id, value) VALUES  (23749, 2, 25)   ON DUPLICATE KEY UPDATE `value` = VALUES(`value`);
/*==================================================*/
/* Query 12 - 2025-08-12 08:15:31 [6.8ms]  */
INSERT INTO user_round_metrics (user_id, round_no, stl_metric_id, value) VALUES  (23749, 1, 2, 25)   ON DUPLICATE KEY UPDATE `value` = VALUES(`value`);
/*==================================================*/
/* Query 13 - 2025-08-12 08:15:31 [7.69ms]  */
insert into `user_conversations` (`user_id`, `stl_conversation_id`) values ('23749', '262');
/*==================================================*/
/* Query 14 - 2025-08-12 08:15:31 [11.35ms]  */
insert into `user_selected_statement_options` (`response_id`, `stl_statement_id`, `stl_conversation_id`, `option_id`, `user_id`) values ('96', '62', '262', '110', '23749');
/*==================================================*/
/* Query 15 - 2025-08-12 08:15:31 [1.54ms]  */
select * from `user_round_progress` where `round_no` = '1' and `user_id` = '23749' and `name` = 'completedConversations' limit 1;
/*==================================================*/
/* Query 16 - 2025-08-12 08:15:31 [7.7ms]  */
update `user_round_progress` set `value` = '41', `updated_at` = '2025-08-12 08:15:31' where `id` = '593857';
/*==================================================*/
/* Query 17 - 2025-08-12 08:15:31 [1.35ms]  */
select * from `user_coachee_round_progress` where `stl_coachee_id` = '2' and `round_no` = '1' and `user_id` = '23749' and `name` = 'completedConversations' limit 1;
/*==================================================*/
/* Query 18 - 2025-08-12 08:15:31 [6.86ms]  */
update `user_coachee_round_progress` set `value` = '15', `updated_at` = '2025-08-12 08:15:31' where `id` = '866363';
/*==================================================*/
/* Query 19 - 2025-08-12 08:15:31 [1.43ms]  */
select * from `user_coachee_round_phase_details` where `stl_coachee_id` = '2' and `stl_round_phase_id` = '2' and `user_id` = '23749' limit 1;
/*==================================================*/
/* Query 20 - 2025-08-12 08:15:31 [7.3ms]  */
update `user_coachee_round_phase_details` set `completed_conversations` = '13', `updated_at` = '2025-08-12 08:15:31' where `id` = '641180';
/*==================================================*/
/* Query 21 - 2025-08-12 08:15:31 [1.49ms]  */
select `name`, `value`, `round_no`, `stl_coachee_id` from `user_coachee_round_progress` where `user_id` = '23749';
/*==================================================*/
/* Query 22 - 2025-08-12 08:15:31 [1.33ms]  */
select `name`, `value`, `round_no` from `user_round_progress` where `user_id` = '23749';
/*==================================================*/
/* Query 23 - 2025-08-12 08:15:31 [1.38ms]  */
select * from `events`;
/*==================================================*/
/* Query 24 - 2025-08-12 08:15:31 [1.34ms]  */
select * from `event_conditions`;
/*==================================================*/
/* Query 25 - 2025-08-12 08:15:31 [1.28ms]  */
select * from `event_types`;
/*==================================================*/
/* Query 26 - 2025-08-12 08:15:31 [1.26ms]  */
select * from `event_sources`;
/*==================================================*/
/* Query 27 - 2025-08-12 08:15:31 [1.3ms]  */
select * from `event_options`;
/*==================================================*/
/* Query 28 - 2025-08-12 08:15:31 [1.36ms]  */
select * from `event_option_response`;
/*==================================================*/
/* Query 29 - 2025-08-12 08:15:31 [1.23ms]  */
select * from `stl_events` where `stl_id` = '1' and `round_no` = '1';
/*==================================================*/
/* Query 30 - 2025-08-12 08:15:31 [1.55ms]  */
select * from `user_conversation_metrics` where `user_id` = '23749' and `round_no` = '1';
/*==================================================*/
/* Query 31 - 2025-08-12 08:15:31 [4.25ms]  */
select * from `user_events` where `user_id` = '23749' and `round_no` = '1';
/*==================================================*/
/* Query 32 - 2025-08-12 08:15:31 [1.35ms]  */
select `name`, `value` from `user_round_progress` where `user_id` = '23749' and `round_no` = '1';
/*==================================================*/
/* Query 1 - 2025-08-12 08:15:32 [1.13ms]  */
select * from `stl_models` where `stl_id` = '1' limit 1;
/*==================================================*/
/* Query 2 - 2025-08-12 08:15:32 [1.42ms]  */
select * from `model_details` where `model_id` = '1';
/*==================================================*/
/* Query 3 - 2025-08-12 08:15:32 [1.23ms]  */
select * from `statement_option_responses` where `option_id` = '254';
/*==================================================*/
/* Query 4 - 2025-08-12 08:15:32 [1.75ms]  */
select * from `statement_option_metrics` where `option_id` = '254';
/*==================================================*/
/* Query 5 - 2025-08-12 08:15:32 [1.12ms]  */
select * from `user_metrics` where `user_id` = '23751';
/*==================================================*/
/* Query 6 - 2025-08-12 08:15:32 [1.2ms]  */
select * from `user_coachee_metrics` where `user_id` = '23751' and `stl_coachee_id` = '2';
/*==================================================*/
/* Query 7 - 2025-08-12 08:15:32 [10.48ms]  */
insert into `user_conversations` (`user_id`, `stl_conversation_id`) values ('23751', '202');
/*==================================================*/
/* Query 8 - 2025-08-12 08:15:32 [7.71ms]  */
insert into `user_selected_statement_options` (`response_id`, `stl_statement_id`, `stl_conversation_id`, `option_id`, `user_id`) values ('', '141', '202', '254', '23751');
/*==================================================*/
/* Query 9 - 2025-08-12 08:15:32 [1.18ms]  */
select * from `user_round_progress` where `round_no` = '1' and `user_id` = '23751' and `name` = 'completedConversations' limit 1;
/*==================================================*/
/* Query 10 - 2025-08-12 08:15:32 [6.59ms]  */
update `user_round_progress` set `value` = '31', `updated_at` = '2025-08-12 08:15:32' where `id` = '593889';
/*==================================================*/
/* Query 11 - 2025-08-12 08:15:32 [1.15ms]  */
select * from `user_coachee_round_progress` where `stl_coachee_id` = '2' and `round_no` = '1' and `user_id` = '23751' and `name` = 'completedConversations' limit 1;
/*==================================================*/
/* Query 12 - 2025-08-12 08:15:32 [6.11ms]  */
update `user_coachee_round_progress` set `value` = '2', `updated_at` = '2025-08-12 08:15:32' where `id` = '866411';
/*==================================================*/
/* Query 13 - 2025-08-12 08:15:32 [1.13ms]  */
select * from `user_coachee_round_phase_details` where `stl_coachee_id` = '2' and `stl_round_phase_id` = '1' and `user_id` = '23751' limit 1;
/*==================================================*/
/* Query 14 - 2025-08-12 08:15:32 [6.42ms]  */
update `user_coachee_round_phase_details` set `completed_conversations` = '2', `updated_at` = '2025-08-12 08:15:32' where `id` = '641233';
/*==================================================*/
/* Query 15 - 2025-08-12 08:15:32 [4.47ms]  */
select `name`, `value`, `round_no`, `stl_coachee_id` from `user_coachee_round_progress` where `user_id` = '23751';
/*==================================================*/
/* Query 16 - 2025-08-12 08:15:32 [1.09ms]  */
select `name`, `value`, `round_no` from `user_round_progress` where `user_id` = '23751';
/*==================================================*/
/* Query 17 - 2025-08-12 08:15:32 [1.12ms]  */
select * from `events`;
/*==================================================*/
/* Query 18 - 2025-08-12 08:15:32 [0.98ms]  */
select * from `event_conditions`;
/*==================================================*/
/* Query 19 - 2025-08-12 08:15:32 [0.83ms]  */
select * from `event_types`;
/*==================================================*/
/* Query 20 - 2025-08-12 08:15:32 [0.91ms]  */
select * from `event_sources`;
/*==================================================*/
/* Query 21 - 2025-08-12 08:15:32 [0.98ms]  */
select * from `event_options`;
/*==================================================*/
/* Query 22 - 2025-08-12 08:15:32 [0.96ms]  */
select * from `event_option_response`;
/*==================================================*/
/* Query 23 - 2025-08-12 08:15:32 [4.74ms]  */
select * from `stl_events` where `stl_id` = '1' and `round_no` = '1';
/*==================================================*/
/* Query 24 - 2025-08-12 08:15:32 [1.18ms]  */
select * from `user_conversation_metrics` where `user_id` = '23751' and `round_no` = '1';
/*==================================================*/
/* Query 25 - 2025-08-12 08:15:32 [1.2ms]  */
select * from `user_events` where `user_id` = '23751' and `round_no` = '1';
/*==================================================*/
/* Query 26 - 2025-08-12 08:15:32 [1.11ms]  */
select `name`, `value` from `user_round_progress` where `user_id` = '23751' and `round_no` = '1';
/*==================================================*/
/* Query 1 - 2025-08-12 08:15:34 [1.82ms]  */
select * from `user_timer_details` where `user_id` = '23734' limit 1;
/*==================================================*/
/* Query 2 - 2025-08-12 08:15:34 [7.82ms]  */
update `user_timer_details` set `time_remaining` = '3045', `updated_at` = '2025-08-12 08:15:34' where `id` = '22713';
/*==================================================*/
/* Query 1 - 2025-08-12 08:15:35 [1.37ms]  */
select * from `stl_models` where `stl_id` = '1' limit 1;
/*==================================================*/
/* Query 2 - 2025-08-12 08:15:35 [1.4ms]  */
select * from `model_details` where `model_id` = '1';
/*==================================================*/
/* Query 3 - 2025-08-12 08:15:35 [1.34ms]  */
select * from `statement_option_responses` where `option_id` = '47';
/*==================================================*/
/* Query 4 - 2025-08-12 08:15:35 [1.56ms]  */
select * from `statement_option_metrics` where `option_id` = '47';
/*==================================================*/
/* Query 5 - 2025-08-12 08:15:35 [1.29ms]  */
select * from `user_metrics` where `user_id` = '23750';
/*==================================================*/
/* Query 6 - 2025-08-12 08:15:35 [1.42ms]  */
select * from `user_coachee_metrics` where `user_id` = '23750' and `stl_coachee_id` = '1';
/*==================================================*/
/* Query 7 - 2025-08-12 08:15:35 [10.12ms]  */
insert into `user_coachee_conversation_metrics` (`actual_delta`, `delta`, `previous_value`, `round_no`, `stl_coachee_id`, `stl_conversation_id`, `stl_metric_id`, `stl_phase_id`, `updated_value`, `user_id`) values ('2', '4', '92', '1', '1', '127', '1', '5', '96', '23750');
/*==================================================*/
/* Query 8 - 2025-08-12 08:15:35 [7.97ms]  */
INSERT INTO user_coachee_metrics (user_id, stl_coachee_id, stl_metric_id, value) VALUES  (23750, 1, 1, 96)   ON DUPLICATE KEY UPDATE `value` = VALUES(`value`);
/*==================================================*/
/* Query 9 - 2025-08-12 08:15:35 [10.2ms]  */
INSERT INTO user_coachee_round_metrics (user_id, round_no, stl_coachee_id, stl_metric_id, value) VALUES  (23750, 1, 1, 1, 96)   ON DUPLICATE KEY UPDATE `value` = VALUES(`value`);
/*==================================================*/
/* Query 10 - 2025-08-12 08:15:35 [8.23ms]  */
insert into `user_conversation_metrics` (`actual_delta`, `delta`, `previous_value`, `round_no`, `stl_coachee_id`, `stl_conversation_id`, `stl_metric_id`, `stl_phase_id`, `updated_value`, `user_id`) values ('2', '2', '20', '1', '1', '127', '2', '5', '22', '23750');
/*==================================================*/
/* Query 11 - 2025-08-12 08:15:35 [6.99ms]  */
INSERT INTO user_metrics (user_id, stl_metric_id, value) VALUES  (23750, 2, 22)   ON DUPLICATE KEY UPDATE `value` = VALUES(`value`);
/*==================================================*/
/* Query 12 - 2025-08-12 08:15:35 [6.84ms]  */
INSERT INTO user_round_metrics (user_id, round_no, stl_metric_id, value) VALUES  (23750, 1, 2, 22)   ON DUPLICATE KEY UPDATE `value` = VALUES(`value`);
/*==================================================*/
/* Query 13 - 2025-08-12 08:15:35 [8.84ms]  */
insert into `user_conversations` (`user_id`, `stl_conversation_id`) values ('23750', '127');
/*==================================================*/
/* Query 14 - 2025-08-12 08:15:35 [8.89ms]  */
insert into `user_selected_statement_options` (`response_id`, `stl_statement_id`, `stl_conversation_id`, `option_id`, `user_id`) values ('39', '27', '127', '47', '23750');
/*==================================================*/
/* Query 15 - 2025-08-12 08:15:35 [1.52ms]  */
select * from `user_round_progress` where `round_no` = '1' and `user_id` = '23750' and `name` = 'completedConversations' limit 1;
/*==================================================*/
/* Query 16 - 2025-08-12 08:15:35 [7.52ms]  */
update `user_round_progress` set `value` = '26', `updated_at` = '2025-08-12 08:15:35' where `id` = '593873';
/*==================================================*/
/* Query 17 - 2025-08-12 08:15:35 [1.34ms]  */
select * from `user_coachee_round_progress` where `stl_coachee_id` = '1' and `round_no` = '1' and `user_id` = '23750' and `name` = 'completedConversations' limit 1;
/*==================================================*/
/* Query 18 - 2025-08-12 08:15:35 [6.92ms]  */
update `user_coachee_round_progress` set `value` = '26', `updated_at` = '2025-08-12 08:15:35' where `id` = '866384';
/*==================================================*/
/* Query 19 - 2025-08-12 08:15:35 [1.49ms]  */
select * from `user_coachee_round_phase_details` where `stl_coachee_id` = '1' and `stl_round_phase_id` = '5' and `user_id` = '23750' limit 1;
/*==================================================*/
/* Query 20 - 2025-08-12 08:15:35 [8.8ms]  */
update `user_coachee_round_phase_details` set `completed_conversations` = '2', `updated_at` = '2025-08-12 08:15:35' where `id` = '641201';
/*==================================================*/
/* Query 21 - 2025-08-12 08:15:35 [1.71ms]  */
select `name`, `value`, `round_no`, `stl_coachee_id` from `user_coachee_round_progress` where `user_id` = '23750';
/*==================================================*/
/* Query 22 - 2025-08-12 08:15:35 [1.35ms]  */
select `name`, `value`, `round_no` from `user_round_progress` where `user_id` = '23750';
/*==================================================*/
/* Query 23 - 2025-08-12 08:15:35 [1.43ms]  */
select * from `events`;
/*==================================================*/
/* Query 24 - 2025-08-12 08:15:35 [1.21ms]  */
select * from `event_conditions`;
/*==================================================*/
/* Query 25 - 2025-08-12 08:15:35 [1.23ms]  */
select * from `event_types`;
/*==================================================*/
/* Query 26 - 2025-08-12 08:15:35 [1.11ms]  */
select * from `event_sources`;
/*==================================================*/
/* Query 27 - 2025-08-12 08:15:35 [1.36ms]  */
select * from `event_options`;
/*==================================================*/
/* Query 28 - 2025-08-12 08:15:35 [1.27ms]  */
select * from `event_option_response`;
/*==================================================*/
/* Query 29 - 2025-08-12 08:15:35 [1.27ms]  */
select * from `stl_events` where `stl_id` = '1' and `round_no` = '1';
/*==================================================*/
/* Query 30 - 2025-08-12 08:15:35 [1.33ms]  */
select * from `user_conversation_metrics` where `user_id` = '23750' and `round_no` = '1';
/*==================================================*/
/* Query 31 - 2025-08-12 08:15:35 [1.37ms]  */
select * from `user_events` where `user_id` = '23750' and `round_no` = '1';
/*==================================================*/
/* Query 32 - 2025-08-12 08:15:35 [1.78ms]  */
select `name`, `value` from `user_round_progress` where `user_id` = '23750' and `round_no` = '1';
/*==================================================*/
/* Query 1 - 2025-08-12 08:15:37 [1.64ms]  */
select * from `user_timer_details` where `user_id` = '23751' limit 1;
/*==================================================*/
/* Query 2 - 2025-08-12 08:15:37 [7.48ms]  */
update `user_timer_details` set `time_remaining` = '3075', `updated_at` = '2025-08-12 08:15:37' where `id` = '22730';
/*==================================================*/
/* Query 1 - 2025-08-12 08:15:37 [1.41ms]  */
select * from `stl_models` where `stl_id` = '1' limit 1;
/*==================================================*/
/* Query 2 - 2025-08-12 08:15:37 [1.33ms]  */
select * from `model_details` where `model_id` = '1';
/*==================================================*/
/* Query 3 - 2025-08-12 08:15:37 [1.28ms]  */
select * from `statement_option_responses` where `option_id` = '49';
/*==================================================*/
/* Query 4 - 2025-08-12 08:15:37 [1.32ms]  */
select * from `statement_option_metrics` where `option_id` = '49';
/*==================================================*/
/* Query 5 - 2025-08-12 08:15:37 [1.38ms]  */
select * from `user_metrics` where `user_id` = '23738';
/*==================================================*/
/* Query 6 - 2025-08-12 08:15:37 [2.13ms]  */
select * from `user_coachee_metrics` where `user_id` = '23738' and `stl_coachee_id` = '1';
/*==================================================*/
/* Query 7 - 2025-08-12 08:15:37 [7.09ms]  */
insert into `user_coachee_conversation_metrics` (`actual_delta`, `delta`, `previous_value`, `round_no`, `stl_coachee_id`, `stl_conversation_id`, `stl_metric_id`, `stl_phase_id`, `updated_value`, `user_id`) values ('6', '5', '71', '1', '1', '127', '1', '5', '76', '23738');
/*==================================================*/
/* Query 8 - 2025-08-12 08:15:37 [6.56ms]  */
INSERT INTO user_coachee_metrics (user_id, stl_coachee_id, stl_metric_id, value) VALUES  (23738, 1, 1, 76)   ON DUPLICATE KEY UPDATE `value` = VALUES(`value`);
/*==================================================*/
/* Query 9 - 2025-08-12 08:15:37 [6.22ms]  */
INSERT INTO user_coachee_round_metrics (user_id, round_no, stl_coachee_id, stl_metric_id, value) VALUES  (23738, 1, 1, 1, 76)   ON DUPLICATE KEY UPDATE `value` = VALUES(`value`);
/*==================================================*/
/* Query 10 - 2025-08-12 08:15:37 [8.72ms]  */
insert into `user_conversation_metrics` (`actual_delta`, `delta`, `previous_value`, `round_no`, `stl_coachee_id`, `stl_conversation_id`, `stl_metric_id`, `stl_phase_id`, `updated_value`, `user_id`) values ('6', '6', '7', '1', '1', '127', '2', '5', '13', '23738');
/*==================================================*/
/* Query 11 - 2025-08-12 08:15:37 [6.84ms]  */
INSERT INTO user_metrics (user_id, stl_metric_id, value) VALUES  (23738, 2, 13)   ON DUPLICATE KEY UPDATE `value` = VALUES(`value`);
/*==================================================*/
/* Query 12 - 2025-08-12 08:15:37 [6.24ms]  */
INSERT INTO user_round_metrics (user_id, round_no, stl_metric_id, value) VALUES  (23738, 1, 2, 13)   ON DUPLICATE KEY UPDATE `value` = VALUES(`value`);
/*==================================================*/
/* Query 13 - 2025-08-12 08:15:37 [5.84ms]  */
insert into `user_conversations` (`user_id`, `stl_conversation_id`) values ('23738', '127');
/*==================================================*/
/* Query 14 - 2025-08-12 08:15:37 [6.2ms]  */
insert into `user_selected_statement_options` (`response_id`, `stl_statement_id`, `stl_conversation_id`, `option_id`, `user_id`) values ('41', '27', '127', '49', '23738');
/*==================================================*/
/* Query 15 - 2025-08-12 08:15:37 [1.39ms]  */
select * from `user_round_progress` where `round_no` = '1' and `user_id` = '23738' and `name` = 'completedConversations' limit 1;
/*==================================================*/
/* Query 16 - 2025-08-12 08:15:37 [6.46ms]  */
update `user_round_progress` set `value` = '26', `updated_at` = '2025-08-12 08:15:37' where `id` = '593681';
/*==================================================*/
/* Query 17 - 2025-08-12 08:15:37 [1.36ms]  */
select * from `user_coachee_round_progress` where `stl_coachee_id` = '1' and `round_no` = '1' and `user_id` = '23738' and `name` = 'completedConversations' limit 1;
/*==================================================*/
/* Query 18 - 2025-08-12 08:15:38 [9.73ms]  */
update `user_coachee_round_progress` set `value` = '26', `updated_at` = '2025-08-12 08:15:37' where `id` = '866096';
/*==================================================*/
/* Query 19 - 2025-08-12 08:15:38 [1.61ms]  */
select * from `user_coachee_round_phase_details` where `stl_coachee_id` = '1' and `stl_round_phase_id` = '5' and `user_id` = '23738' limit 1;
/*==================================================*/
/* Query 20 - 2025-08-12 08:15:38 [12.52ms]  */
update `user_coachee_round_phase_details` set `completed_conversations` = '2', `updated_at` = '2025-08-12 08:15:38' where `id` = '640877';
/*==================================================*/
/* Query 21 - 2025-08-12 08:15:38 [2.65ms]  */
select `name`, `value`, `round_no`, `stl_coachee_id` from `user_coachee_round_progress` where `user_id` = '23738';
/*==================================================*/
/* Query 22 - 2025-08-12 08:15:38 [1.59ms]  */
select `name`, `value`, `round_no` from `user_round_progress` where `user_id` = '23738';
/*==================================================*/
/* Query 23 - 2025-08-12 08:15:38 [4.12ms]  */
select * from `events`;
/*==================================================*/
/* Query 24 - 2025-08-12 08:15:38 [1.29ms]  */
select * from `event_conditions`;
/*==================================================*/
/* Query 25 - 2025-08-12 08:15:38 [3.75ms]  */
select * from `event_types`;
/*==================================================*/
/* Query 26 - 2025-08-12 08:15:38 [1.24ms]  */
select * from `event_sources`;
/*==================================================*/
/* Query 27 - 2025-08-12 08:15:38 [3.67ms]  */
select * from `event_options`;
/*==================================================*/
/* Query 28 - 2025-08-12 08:15:38 [1.31ms]  */
select * from `event_option_response`;
/*==================================================*/
/* Query 29 - 2025-08-12 08:15:38 [3.13ms]  */
select * from `stl_events` where `stl_id` = '1' and `round_no` = '1';
/*==================================================*/
/* Query 30 - 2025-08-12 08:15:38 [4.9ms]  */
select * from `user_conversation_metrics` where `user_id` = '23738' and `round_no` = '1';
/*==================================================*/
/* Query 31 - 2025-08-12 08:15:38 [1.77ms]  */
select * from `user_events` where `user_id` = '23738' and `round_no` = '1';
/*==================================================*/
/* Query 32 - 2025-08-12 08:15:38 [1.78ms]  */
select `name`, `value` from `user_round_progress` where `user_id` = '23738' and `round_no` = '1';
/*==================================================*/
/* Query 33 - 2025-08-12 08:15:38 [7.86ms]  */
insert into `user_events` (`duration_percentage`, `round_no`, `selected_coachee_id`, `stl_event_id`, `user_id`) values ('0.55', '1', '', '5', '23738');
/*==================================================*/
/* Query 1 - 2025-08-12 08:15:38 [1.8ms]  */
select * from `stl_models` where `stl_id` = '1' limit 1;
/*==================================================*/
/* Query 2 - 2025-08-12 08:15:38 [1.64ms]  */
select * from `model_details` where `model_id` = '1';
/*==================================================*/
/* Query 3 - 2025-08-12 08:15:38 [1.82ms]  */
select * from `statement_option_responses` where `option_id` = '105';
/*==================================================*/
/* Query 4 - 2025-08-12 08:15:38 [1.84ms]  */
select * from `statement_option_metrics` where `option_id` = '105';
/*==================================================*/
/* Query 5 - 2025-08-12 08:15:38 [1.74ms]  */
select * from `user_metrics` where `user_id` = '23734';
/*==================================================*/
/* Query 6 - 2025-08-12 08:15:38 [2.09ms]  */
select * from `user_coachee_metrics` where `user_id` = '23734' and `stl_coachee_id` = '2';
/*==================================================*/
/* Query 7 - 2025-08-12 08:15:38 [8.19ms]  */
insert into `user_conversations` (`user_id`, `stl_conversation_id`) values ('23734', '261');
/*==================================================*/
/* Query 8 - 2025-08-12 08:15:38 [7.72ms]  */
insert into `user_selected_statement_options` (`response_id`, `stl_statement_id`, `stl_conversation_id`, `option_id`, `user_id`) values ('91', '61', '261', '105', '23734');
/*==================================================*/
/* Query 9 - 2025-08-12 08:15:38 [2.01ms]  */
select * from `user_round_progress` where `round_no` = '1' and `user_id` = '23734' and `name` = 'completedConversations' limit 1;
/*==================================================*/
/* Query 10 - 2025-08-12 08:15:38 [7.62ms]  */
update `user_round_progress` set `value` = '41', `updated_at` = '2025-08-12 08:15:38' where `id` = '593617';
/*==================================================*/
/* Query 11 - 2025-08-12 08:15:38 [1.73ms]  */
select * from `user_coachee_round_progress` where `stl_coachee_id` = '2' and `round_no` = '1' and `user_id` = '23734' and `name` = 'completedConversations' limit 1;
/*==================================================*/
/* Query 12 - 2025-08-12 08:15:38 [8.29ms]  */
update `user_coachee_round_progress` set `value` = '12', `updated_at` = '2025-08-12 08:15:38' where `id` = '866003';
/*==================================================*/
/* Query 13 - 2025-08-12 08:15:38 [1.88ms]  */
select * from `user_coachee_round_phase_details` where `stl_coachee_id` = '2' and `stl_round_phase_id` = '2' and `user_id` = '23734' limit 1;
/*==================================================*/
/* Query 14 - 2025-08-12 08:15:38 [7.75ms]  */
update `user_coachee_round_phase_details` set `completed_conversations` = '10', `updated_at` = '2025-08-12 08:15:38' where `id` = '640775';
/*==================================================*/
/* Query 15 - 2025-08-12 08:15:38 [2.66ms]  */
select `name`, `value`, `round_no`, `stl_coachee_id` from `user_coachee_round_progress` where `user_id` = '23734';
/*==================================================*/
/* Query 16 - 2025-08-12 08:15:38 [1.67ms]  */
select `name`, `value`, `round_no` from `user_round_progress` where `user_id` = '23734';
/*==================================================*/
/* Query 17 - 2025-08-12 08:15:38 [1.89ms]  */
select * from `events`;
/*==================================================*/
/* Query 18 - 2025-08-12 08:15:38 [1.63ms]  */
select * from `event_conditions`;
/*==================================================*/
/* Query 19 - 2025-08-12 08:15:38 [1.9ms]  */
select * from `event_types`;
/*==================================================*/
/* Query 20 - 2025-08-12 08:15:38 [1.57ms]  */
select * from `event_sources`;
/*==================================================*/
/* Query 21 - 2025-08-12 08:15:38 [2.02ms]  */
select * from `event_options`;
/*==================================================*/
/* Query 22 - 2025-08-12 08:15:38 [1.55ms]  */
select * from `event_option_response`;
/*==================================================*/
/* Query 23 - 2025-08-12 08:15:38 [1.65ms]  */
select * from `stl_events` where `stl_id` = '1' and `round_no` = '1';
/*==================================================*/
/* Query 24 - 2025-08-12 08:15:38 [1.8ms]  */
select * from `user_conversation_metrics` where `user_id` = '23734' and `round_no` = '1';
/*==================================================*/
/* Query 25 - 2025-08-12 08:15:38 [1.75ms]  */
select * from `user_events` where `user_id` = '23734' and `round_no` = '1';
/*==================================================*/
/* Query 26 - 2025-08-12 08:15:38 [2ms]  */
select `name`, `value` from `user_round_progress` where `user_id` = '23734' and `round_no` = '1';
/*==================================================*/
/* Query 1 - 2025-08-12 08:15:40 [1.21ms]  */
select * from `user_timer_details` where `user_id` = '23753' limit 1;
/*==================================================*/
/* Query 2 - 2025-08-12 08:15:40 [9.72ms]  */
update `user_timer_details` set `time_remaining` = '3060', `updated_at` = '2025-08-12 08:15:40' where `id` = '22732';
/*==================================================*/
/* Query 1 - 2025-08-12 08:15:41 [1.79ms]  */
select * from `stl_models` where `stl_id` = '1' limit 1;
/*==================================================*/
/* Query 2 - 2025-08-12 08:15:41 [1.65ms]  */
select * from `model_details` where `model_id` = '1';
/*==================================================*/
/* Query 3 - 2025-08-12 08:15:41 [1.82ms]  */
select * from `statement_option_responses` where `option_id` = '113';
/*==================================================*/
/* Query 4 - 2025-08-12 08:15:41 [1.78ms]  */
select * from `statement_option_metrics` where `option_id` = '113';
/*==================================================*/
/* Query 5 - 2025-08-12 08:15:41 [1.71ms]  */
select * from `user_metrics` where `user_id` = '23745';
/*==================================================*/
/* Query 6 - 2025-08-12 08:15:41 [1.82ms]  */
select * from `user_coachee_metrics` where `user_id` = '23745' and `stl_coachee_id` = '2';
/*==================================================*/
/* Query 7 - 2025-08-12 08:15:41 [7.31ms]  */
insert into `user_conversations` (`user_id`, `stl_conversation_id`) values ('23745', '265');
/*==================================================*/
/* Query 8 - 2025-08-12 08:15:41 [8.34ms]  */
insert into `user_selected_statement_options` (`response_id`, `stl_statement_id`, `stl_conversation_id`, `option_id`, `user_id`) values ('99', '66', '265', '113', '23745');
/*==================================================*/
/* Query 9 - 2025-08-12 08:15:41 [1.9ms]  */
select * from `user_round_progress` where `round_no` = '1' and `user_id` = '23745' and `name` = 'completedConversations' limit 1;
/*==================================================*/
/* Query 10 - 2025-08-12 08:15:41 [7.67ms]  */
update `user_round_progress` set `value` = '47', `updated_at` = '2025-08-12 08:15:41' where `id` = '593793';
/*==================================================*/
/* Query 11 - 2025-08-12 08:15:41 [1.97ms]  */
select * from `user_coachee_round_progress` where `stl_coachee_id` = '2' and `round_no` = '1' and `user_id` = '23745' and `name` = 'completedConversations' limit 1;
/*==================================================*/
/* Query 12 - 2025-08-12 08:15:41 [7.02ms]  */
update `user_coachee_round_progress` set `value` = '18', `updated_at` = '2025-08-12 08:15:41' where `id` = '866267';
/*==================================================*/
/* Query 13 - 2025-08-12 08:15:41 [2.01ms]  */
select * from `user_coachee_round_phase_details` where `stl_coachee_id` = '2' and `stl_round_phase_id` = '2' and `user_id` = '23745' limit 1;
/*==================================================*/
/* Query 14 - 2025-08-12 08:15:41 [6.97ms]  */
update `user_coachee_round_phase_details` set `completed_conversations` = '16', `updated_at` = '2025-08-12 08:15:41' where `id` = '641072';
/*==================================================*/
/* Query 15 - 2025-08-12 08:15:41 [1.88ms]  */
select `name`, `value`, `round_no`, `stl_coachee_id` from `user_coachee_round_progress` where `user_id` = '23745';
/*==================================================*/
/* Query 16 - 2025-08-12 08:15:41 [1.77ms]  */
select `name`, `value`, `round_no` from `user_round_progress` where `user_id` = '23745';
/*==================================================*/
/* Query 17 - 2025-08-12 08:15:41 [1.92ms]  */
select * from `events`;
/*==================================================*/
/* Query 18 - 2025-08-12 08:15:41 [1.72ms]  */
select * from `event_conditions`;
/*==================================================*/
/* Query 19 - 2025-08-12 08:15:41 [1.87ms]  */
select * from `event_types`;
/*==================================================*/
/* Query 20 - 2025-08-12 08:15:41 [1.66ms]  */
select * from `event_sources`;
/*==================================================*/
/* Query 21 - 2025-08-12 08:15:41 [1.76ms]  */
select * from `event_options`;
/*==================================================*/
/* Query 22 - 2025-08-12 08:15:41 [1.68ms]  */
select * from `event_option_response`;
/*==================================================*/
/* Query 23 - 2025-08-12 08:15:41 [1.79ms]  */
select * from `stl_events` where `stl_id` = '1' and `round_no` = '1';
/*==================================================*/
/* Query 24 - 2025-08-12 08:15:41 [1.84ms]  */
select * from `user_conversation_metrics` where `user_id` = '23745' and `round_no` = '1';
/*==================================================*/
/* Query 25 - 2025-08-12 08:15:41 [1.75ms]  */
select * from `user_events` where `user_id` = '23745' and `round_no` = '1';
/*==================================================*/
/* Query 26 - 2025-08-12 08:15:41 [1.6ms]  */
select `name`, `value` from `user_round_progress` where `user_id` = '23745' and `round_no` = '1';
/*==================================================*/
/* Query 1 - 2025-08-12 08:15:45 [1.44ms]  */
select * from `stl_models` where `stl_id` = '1' limit 1;
/*==================================================*/
/* Query 2 - 2025-08-12 08:15:45 [1.36ms]  */
select * from `model_details` where `model_id` = '1';
/*==================================================*/
/* Query 3 - 2025-08-12 08:15:45 [1.35ms]  */
select * from `statement_option_responses` where `option_id` = '97';
/*==================================================*/
/* Query 4 - 2025-08-12 08:15:45 [1.37ms]  */
select * from `statement_option_metrics` where `option_id` = '97';
/*==================================================*/
/* Query 5 - 2025-08-12 08:15:45 [1.32ms]  */
select * from `user_metrics` where `user_id` = '23762';
/*==================================================*/
/* Query 6 - 2025-08-12 08:15:45 [1.37ms]  */
select * from `user_coachee_metrics` where `user_id` = '23762' and `stl_coachee_id` = '2';
/*==================================================*/
/* Query 7 - 2025-08-12 08:15:45 [7.56ms]  */
insert into `user_conversations` (`user_id`, `stl_conversation_id`) values ('23762', '255');
/*==================================================*/
/* Query 8 - 2025-08-12 08:15:45 [6.8ms]  */
insert into `user_selected_statement_options` (`response_id`, `stl_statement_id`, `stl_conversation_id`, `option_id`, `user_id`) values ('83', '55', '255', '97', '23762');
/*==================================================*/
/* Query 9 - 2025-08-12 08:15:45 [1.6ms]  */
select * from `user_round_progress` where `round_no` = '1' and `user_id` = '23762' and `name` = 'completedConversations' limit 1;
/*==================================================*/
/* Query 10 - 2025-08-12 08:15:45 [7.11ms]  */
update `user_round_progress` set `value` = '33', `updated_at` = '2025-08-12 08:15:45' where `id` = '594107';
/*==================================================*/
/* Query 11 - 2025-08-12 08:15:45 [1.44ms]  */
select * from `user_coachee_round_progress` where `stl_coachee_id` = '2' and `round_no` = '1' and `user_id` = '23762' and `name` = 'completedConversations' limit 1;
/*==================================================*/
/* Query 12 - 2025-08-12 08:15:45 [6.51ms]  */
update `user_coachee_round_progress` set `value` = '7', `updated_at` = '2025-08-12 08:15:45' where `id` = '866735';
/*==================================================*/
/* Query 13 - 2025-08-12 08:15:45 [1.42ms]  */
select * from `user_coachee_round_phase_details` where `stl_coachee_id` = '2' and `stl_round_phase_id` = '2' and `user_id` = '23762' limit 1;
/*==================================================*/
/* Query 14 - 2025-08-12 08:15:45 [6.78ms]  */
update `user_coachee_round_phase_details` set `completed_conversations` = '5', `updated_at` = '2025-08-12 08:15:45' where `id` = '641531';
/*==================================================*/
/* Query 15 - 2025-08-12 08:15:45 [1.36ms]  */
select `name`, `value`, `round_no`, `stl_coachee_id` from `user_coachee_round_progress` where `user_id` = '23762';
/*==================================================*/
/* Query 16 - 2025-08-12 08:15:45 [1.22ms]  */
select `name`, `value`, `round_no` from `user_round_progress` where `user_id` = '23762';
/*==================================================*/
/* Query 17 - 2025-08-12 08:15:45 [1.23ms]  */
select * from `events`;
/*==================================================*/
/* Query 18 - 2025-08-12 08:15:45 [1.04ms]  */
select * from `event_conditions`;
/*==================================================*/
/* Query 19 - 2025-08-12 08:15:45 [1.03ms]  */
select * from `event_types`;
/*==================================================*/
/* Query 20 - 2025-08-12 08:15:45 [1.13ms]  */
select * from `event_sources`;
/*==================================================*/
/* Query 21 - 2025-08-12 08:15:45 [1.29ms]  */
select * from `event_options`;
/*==================================================*/
/* Query 22 - 2025-08-12 08:15:45 [1.07ms]  */
select * from `event_option_response`;
/*==================================================*/
/* Query 23 - 2025-08-12 08:15:45 [1.22ms]  */
select * from `stl_events` where `stl_id` = '1' and `round_no` = '1';
/*==================================================*/
/* Query 24 - 2025-08-12 08:15:45 [1.36ms]  */
select * from `user_conversation_metrics` where `user_id` = '23762' and `round_no` = '1';
/*==================================================*/
/* Query 25 - 2025-08-12 08:15:45 [1.27ms]  */
select * from `user_events` where `user_id` = '23762' and `round_no` = '1';
/*==================================================*/
/* Query 26 - 2025-08-12 08:15:45 [1.09ms]  */
select `name`, `value` from `user_round_progress` where `user_id` = '23762' and `round_no` = '1';
/*==================================================*/
/* Query 1 - 2025-08-12 08:15:47 [1.42ms]  */
select * from `user_timer_details` where `user_id` = '23733' limit 1;
/*==================================================*/
/* Query 2 - 2025-08-12 08:15:47 [7.29ms]  */
update `user_timer_details` set `time_remaining` = '3045', `updated_at` = '2025-08-12 08:15:47' where `id` = '22712';
/*==================================================*/
/* Query 1 - 2025-08-12 08:15:49 [1.2ms]  */
select * from `stl_models` where `stl_id` = '1' limit 1;
/*==================================================*/
/* Query 2 - 2025-08-12 08:15:49 [0.96ms]  */
select * from `model_details` where `model_id` = '1';
/*==================================================*/
/* Query 3 - 2025-08-12 08:15:49 [0.98ms]  */
select * from `statement_option_responses` where `option_id` = '92';
/*==================================================*/
/* Query 4 - 2025-08-12 08:15:49 [0.87ms]  */
select * from `statement_option_metrics` where `option_id` = '92';
/*==================================================*/
/* Query 5 - 2025-08-12 08:15:49 [0.97ms]  */
select * from `user_metrics` where `user_id` = '23748';
/*==================================================*/
/* Query 6 - 2025-08-12 08:15:49 [1ms]  */
select * from `user_coachee_metrics` where `user_id` = '23748' and `stl_coachee_id` = '2';
/*==================================================*/
/* Query 7 - 2025-08-12 08:15:49 [8.81ms]  */
insert into `user_conversations` (`user_id`, `stl_conversation_id`) values ('23748', '250');
/*==================================================*/
/* Query 8 - 2025-08-12 08:15:49 [6.33ms]  */
insert into `user_selected_statement_options` (`response_id`, `stl_statement_id`, `stl_conversation_id`, `option_id`, `user_id`) values ('78', '50', '250', '92', '23748');
/*==================================================*/
/* Query 9 - 2025-08-12 08:15:49 [1.09ms]  */
select * from `user_round_progress` where `round_no` = '1' and `user_id` = '23748' and `name` = 'completedConversations' limit 1;
/*==================================================*/
/* Query 10 - 2025-08-12 08:15:49 [6.04ms]  */
update `user_round_progress` set `value` = '29', `updated_at` = '2025-08-12 08:15:49' where `id` = '593841';
/*==================================================*/
/* Query 11 - 2025-08-12 08:15:49 [0.99ms]  */
select * from `user_coachee_round_progress` where `stl_coachee_id` = '2' and `round_no` = '1' and `user_id` = '23748' and `name` = 'completedConversations' limit 1;
/*==================================================*/
/* Query 12 - 2025-08-12 08:15:49 [5.68ms]  */
update `user_coachee_round_progress` set `value` = '3', `updated_at` = '2025-08-12 08:15:49' where `id` = '866339';
/*==================================================*/
/* Query 13 - 2025-08-12 08:15:49 [1ms]  */
select * from `user_coachee_round_phase_details` where `stl_coachee_id` = '2' and `stl_round_phase_id` = '2' and `user_id` = '23748' limit 1;
/*==================================================*/
/* Query 14 - 2025-08-12 08:15:49 [5.69ms]  */
update `user_coachee_round_phase_details` set `completed_conversations` = '1', `updated_at` = '2025-08-12 08:15:49' where `id` = '641153';
/*==================================================*/
/* Query 15 - 2025-08-12 08:15:49 [1.01ms]  */
select `name`, `value`, `round_no`, `stl_coachee_id` from `user_coachee_round_progress` where `user_id` = '23748';
/*==================================================*/
/* Query 16 - 2025-08-12 08:15:49 [0.89ms]  */
select `name`, `value`, `round_no` from `user_round_progress` where `user_id` = '23748';
/*==================================================*/
/* Query 17 - 2025-08-12 08:15:49 [0.9ms]  */
select * from `events`;
/*==================================================*/
/* Query 18 - 2025-08-12 08:15:49 [0.74ms]  */
select * from `event_conditions`;
/*==================================================*/
/* Query 19 - 2025-08-12 08:15:49 [0.69ms]  */
select * from `event_types`;
/*==================================================*/
/* Query 20 - 2025-08-12 08:15:49 [1.26ms]  */
select * from `event_sources`;
/*==================================================*/
/* Query 21 - 2025-08-12 08:15:49 [0.8ms]  */
select * from `event_options`;
/*==================================================*/
/* Query 22 - 2025-08-12 08:15:49 [0.87ms]  */
select * from `event_option_response`;
/*==================================================*/
/* Query 23 - 2025-08-12 08:15:49 [0.93ms]  */
select * from `stl_events` where `stl_id` = '1' and `round_no` = '1';
/*==================================================*/
/* Query 24 - 2025-08-12 08:15:49 [1.19ms]  */
select * from `user_conversation_metrics` where `user_id` = '23748' and `round_no` = '1';
/*==================================================*/
/* Query 25 - 2025-08-12 08:15:49 [0.86ms]  */
select * from `user_events` where `user_id` = '23748' and `round_no` = '1';
/*==================================================*/
/* Query 26 - 2025-08-12 08:15:49 [1.56ms]  */
select `name`, `value` from `user_round_progress` where `user_id` = '23748' and `round_no` = '1';
/*==================================================*/
/* Query 1 - 2025-08-12 08:15:50 [1.4ms]  */
select * from `event_option_metrics` where `option_id` = '33';
/*==================================================*/
/* Query 2 - 2025-08-12 08:15:50 [1.42ms]  */
select * from `user_events` where `stl_event_id` = '2' and `user_id` = '23743' limit 1;
/*==================================================*/
/* Query 3 - 2025-08-12 08:15:50 [1.24ms]  */
select * from `user_coachee_metrics` where `user_id` = '23743';
/*==================================================*/
/* Query 4 - 2025-08-12 08:15:50 [1.29ms]  */
select * from `stl_models` where `stl_id` = '1' limit 1;
/*==================================================*/
/* Query 5 - 2025-08-12 08:15:50 [1.23ms]  */
select * from `model_details` where `model_id` = '1';
/*==================================================*/
/* Query 6 - 2025-08-12 08:15:50 [7.46ms]  */
insert into `user_coachee_event_metrics` (`actual_delta`, `delta`, `previous_value`, `round_no`, `stl_coachee_id`, `stl_event_id`, `stl_metric_id`, `stl_phase_id`, `updated_value`, `user_id`) values ('2', '4', '94', '1', '1', '2', '1', '4', '98', '23743'), ('2', '3', '52', '1', '2', '2', '1', '4', '55', '23743'), ('2', '2', '35', '1', '3', '2', '1', '4', '37', '23743');
/*==================================================*/
/* Query 7 - 2025-08-12 08:15:50 [7.22ms]  */
INSERT INTO user_coachee_metrics (user_id, stl_coachee_id, stl_metric_id, value) VALUES  (23743, 1, 1, 98) , (23743, 2, 1, 55) , (23743, 3, 1, 37)   ON DUPLICATE KEY UPDATE `value` = VALUES(`value`);
/*==================================================*/
/* Query 8 - 2025-08-12 08:15:50 [7.74ms]  */
INSERT INTO user_coachee_round_metrics (user_id, round_no, stl_coachee_id, stl_metric_id, value) VALUES  (23743, 1, 1, 1, 98) , (23743, 1, 2, 1, 55) , (23743, 1, 3, 1, 37)   ON DUPLICATE KEY UPDATE `value` = VALUES(`value`);
/*==================================================*/
/* Query 9 - 2025-08-12 08:15:50 [7.5ms]  */
update `user_events` set `completed` = '1', `selected_option_id` = '33', `updated_at` = '2025-08-12 08:15:50' where `id` = '131312';
/*==================================================*/
/* Query 10 - 2025-08-12 08:15:51 [1.38ms]  */
select count(*) as aggregate from `user_events` where `user_id` = '23743' and `round_no` = '1' and `completed` = '1';
/*==================================================*/
/* Query 1 - 2025-08-12 08:15:51 [1.2ms]  */
select * from `user_timer_details` where `user_id` = '23759' limit 1;
/*==================================================*/
/* Query 2 - 2025-08-12 08:15:51 [7.02ms]  */
update `user_timer_details` set `time_remaining` = '3120', `updated_at` = '2025-08-12 08:15:51' where `id` = '22738';
/*==================================================*/
/* Query 1 - 2025-08-12 08:15:52 [1.02ms]  */
select * from `user_timer_details` where `user_id` = '23743' limit 1;
/*==================================================*/
/* Query 2 - 2025-08-12 08:15:52 [8ms]  */
update `user_timer_details` set `time_remaining` = '3030', `updated_at` = '2025-08-12 08:15:52' where `id` = '22722';
/*==================================================*/
/* Query 1 - 2025-08-12 08:15:53 [1.11ms]  */
select * from `stl_models` where `stl_id` = '1' limit 1;
/*==================================================*/
/* Query 2 - 2025-08-12 08:15:53 [1.2ms]  */
select * from `model_details` where `model_id` = '1';
/*==================================================*/
/* Query 3 - 2025-08-12 08:15:53 [0.92ms]  */
select * from `statement_option_responses` where `option_id` = '110';
/*==================================================*/
/* Query 4 - 2025-08-12 08:15:53 [0.8ms]  */
select * from `statement_option_metrics` where `option_id` = '110';
/*==================================================*/
/* Query 5 - 2025-08-12 08:15:53 [0.81ms]  */
select * from `user_metrics` where `user_id` = '23753';
/*==================================================*/
/* Query 6 - 2025-08-12 08:15:53 [0.99ms]  */
select * from `user_coachee_metrics` where `user_id` = '23753' and `stl_coachee_id` = '2';
/*==================================================*/
/* Query 7 - 2025-08-12 08:15:53 [7.49ms]  */
insert into `user_coachee_conversation_metrics` (`actual_delta`, `delta`, `previous_value`, `round_no`, `stl_coachee_id`, `stl_conversation_id`, `stl_metric_id`, `stl_phase_id`, `updated_value`, `user_id`) values ('6', '4', '47', '1', '2', '262', '1', '2', '51', '23753');
/*==================================================*/
/* Query 8 - 2025-08-12 08:15:53 [7.01ms]  */
INSERT INTO user_coachee_metrics (user_id, stl_coachee_id, stl_metric_id, value) VALUES  (23753, 2, 1, 51)   ON DUPLICATE KEY UPDATE `value` = VALUES(`value`);
/*==================================================*/
/* Query 9 - 2025-08-12 08:15:53 [6.75ms]  */
INSERT INTO user_coachee_round_metrics (user_id, round_no, stl_coachee_id, stl_metric_id, value) VALUES  (23753, 1, 2, 1, 51)   ON DUPLICATE KEY UPDATE `value` = VALUES(`value`);
/*==================================================*/
/* Query 10 - 2025-08-12 08:15:53 [6.69ms]  */
insert into `user_conversation_metrics` (`actual_delta`, `delta`, `previous_value`, `round_no`, `stl_coachee_id`, `stl_conversation_id`, `stl_metric_id`, `stl_phase_id`, `updated_value`, `user_id`) values ('6', '6', '20', '1', '2', '262', '2', '2', '26', '23753');
/*==================================================*/
/* Query 11 - 2025-08-12 08:15:53 [6.13ms]  */
INSERT INTO user_metrics (user_id, stl_metric_id, value) VALUES  (23753, 2, 26)   ON DUPLICATE KEY UPDATE `value` = VALUES(`value`);
/*==================================================*/
/* Query 12 - 2025-08-12 08:15:53 [5.8ms]  */
INSERT INTO user_round_metrics (user_id, round_no, stl_metric_id, value) VALUES  (23753, 1, 2, 26)   ON DUPLICATE KEY UPDATE `value` = VALUES(`value`);
/*==================================================*/
/* Query 13 - 2025-08-12 08:15:53 [6.06ms]  */
insert into `user_conversations` (`user_id`, `stl_conversation_id`) values ('23753', '262');
/*==================================================*/
/* Query 14 - 2025-08-12 08:15:53 [6.21ms]  */
insert into `user_selected_statement_options` (`response_id`, `stl_statement_id`, `stl_conversation_id`, `option_id`, `user_id`) values ('96', '62', '262', '110', '23753');
/*==================================================*/
/* Query 15 - 2025-08-12 08:15:53 [1.17ms]  */
select * from `user_round_progress` where `round_no` = '1' and `user_id` = '23753' and `name` = 'completedConversations' limit 1;
/*==================================================*/
/* Query 16 - 2025-08-12 08:15:53 [7.02ms]  */
update `user_round_progress` set `value` = '44', `updated_at` = '2025-08-12 08:15:53' where `id` = '593921';
/*==================================================*/
/* Query 17 - 2025-08-12 08:15:53 [1.06ms]  */
select * from `user_coachee_round_progress` where `stl_coachee_id` = '2' and `round_no` = '1' and `user_id` = '23753' and `name` = 'completedConversations' limit 1;
/*==================================================*/
/* Query 18 - 2025-08-12 08:15:53 [6.64ms]  */
update `user_coachee_round_progress` set `value` = '15', `updated_at` = '2025-08-12 08:15:53' where `id` = '866459';
/*==================================================*/
/* Query 19 - 2025-08-12 08:15:53 [1.23ms]  */
select * from `user_coachee_round_phase_details` where `stl_coachee_id` = '2' and `stl_round_phase_id` = '2' and `user_id` = '23753' limit 1;
/*==================================================*/
/* Query 20 - 2025-08-12 08:15:53 [6.4ms]  */
update `user_coachee_round_phase_details` set `completed_conversations` = '13', `updated_at` = '2025-08-12 08:15:53' where `id` = '641288';
/*==================================================*/
/* Query 21 - 2025-08-12 08:15:53 [1.15ms]  */
select `name`, `value`, `round_no`, `stl_coachee_id` from `user_coachee_round_progress` where `user_id` = '23753';
/*==================================================*/
/* Query 22 - 2025-08-12 08:15:53 [1.02ms]  */
select `name`, `value`, `round_no` from `user_round_progress` where `user_id` = '23753';
/*==================================================*/
/* Query 23 - 2025-08-12 08:15:53 [1.05ms]  */
select * from `events`;
/*==================================================*/
/* Query 24 - 2025-08-12 08:15:53 [0.94ms]  */
select * from `event_conditions`;
/*==================================================*/
/* Query 25 - 2025-08-12 08:15:53 [0.84ms]  */
select * from `event_types`;
/*==================================================*/
/* Query 26 - 2025-08-12 08:15:53 [0.78ms]  */
select * from `event_sources`;
/*==================================================*/
/* Query 27 - 2025-08-12 08:15:53 [0.89ms]  */
select * from `event_options`;
/*==================================================*/
/* Query 28 - 2025-08-12 08:15:53 [0.95ms]  */
select * from `event_option_response`;
/*==================================================*/
/* Query 29 - 2025-08-12 08:15:53 [1.07ms]  */
select * from `stl_events` where `stl_id` = '1' and `round_no` = '1';
/*==================================================*/
/* Query 30 - 2025-08-12 08:15:53 [1.11ms]  */
select * from `user_conversation_metrics` where `user_id` = '23753' and `round_no` = '1';
/*==================================================*/
/* Query 31 - 2025-08-12 08:15:53 [0.97ms]  */
select * from `user_events` where `user_id` = '23753' and `round_no` = '1';
/*==================================================*/
/* Query 32 - 2025-08-12 08:15:53 [0.91ms]  */
select `name`, `value` from `user_round_progress` where `user_id` = '23753' and `round_no` = '1';
/*==================================================*/
/* Query 1 - 2025-08-12 08:15:58 [1.38ms]  */
select * from `stl_models` where `stl_id` = '1' limit 1;
/*==================================================*/
/* Query 2 - 2025-08-12 08:15:58 [1.51ms]  */
select * from `model_details` where `model_id` = '1';
/*==================================================*/
/* Query 3 - 2025-08-12 08:15:58 [1.43ms]  */
select * from `statement_option_responses` where `option_id` = '94';
/*==================================================*/
/* Query 4 - 2025-08-12 08:15:58 [1.34ms]  */
select * from `statement_option_metrics` where `option_id` = '94';
/*==================================================*/
/* Query 5 - 2025-08-12 08:15:58 [1.88ms]  */
select * from `user_metrics` where `user_id` = '23748';
/*==================================================*/
/* Query 6 - 2025-08-12 08:15:58 [1.5ms]  */
select * from `user_coachee_metrics` where `user_id` = '23748' and `stl_coachee_id` = '2';
/*==================================================*/
/* Query 7 - 2025-08-12 08:15:58 [9.29ms]  */
insert into `user_conversations` (`user_id`, `stl_conversation_id`) values ('23748', '252');
/*==================================================*/
/* Query 8 - 2025-08-12 08:15:58 [7.39ms]  */
insert into `user_selected_statement_options` (`response_id`, `stl_statement_id`, `stl_conversation_id`, `option_id`, `user_id`) values ('80', '52', '252', '94', '23748');
/*==================================================*/
/* Query 9 - 2025-08-12 08:15:58 [1.41ms]  */
select * from `user_round_progress` where `round_no` = '1' and `user_id` = '23748' and `name` = 'completedConversations' limit 1;
/*==================================================*/
/* Query 10 - 2025-08-12 08:15:58 [7.6ms]  */
update `user_round_progress` set `value` = '31', `updated_at` = '2025-08-12 08:15:58' where `id` = '593841';
/*==================================================*/
/* Query 11 - 2025-08-12 08:15:58 [1.44ms]  */
select * from `user_coachee_round_progress` where `stl_coachee_id` = '2' and `round_no` = '1' and `user_id` = '23748' and `name` = 'completedConversations' limit 1;
/*==================================================*/
/* Query 12 - 2025-08-12 08:15:58 [10.96ms]  */
update `user_coachee_round_progress` set `value` = '5', `updated_at` = '2025-08-12 08:15:58' where `id` = '866339';
/*==================================================*/
/* Query 13 - 2025-08-12 08:15:58 [1.79ms]  */
select * from `user_coachee_round_phase_details` where `stl_coachee_id` = '2' and `stl_round_phase_id` = '2' and `user_id` = '23748' limit 1;
/*==================================================*/
/* Query 14 - 2025-08-12 08:15:58 [6.75ms]  */
update `user_coachee_round_phase_details` set `completed_conversations` = '3', `updated_at` = '2025-08-12 08:15:58' where `id` = '641153';
/*==================================================*/
/* Query 15 - 2025-08-12 08:15:58 [1.39ms]  */
select `name`, `value`, `round_no`, `stl_coachee_id` from `user_coachee_round_progress` where `user_id` = '23748';
/*==================================================*/
/* Query 16 - 2025-08-12 08:15:58 [1.39ms]  */
select `name`, `value`, `round_no` from `user_round_progress` where `user_id` = '23748';
/*==================================================*/
/* Query 17 - 2025-08-12 08:15:58 [1.42ms]  */
select * from `events`;
/*==================================================*/
/* Query 18 - 2025-08-12 08:15:58 [1.65ms]  */
select * from `event_conditions`;
/*==================================================*/
/* Query 19 - 2025-08-12 08:15:58 [1.17ms]  */
select * from `event_types`;
/*==================================================*/
/* Query 20 - 2025-08-12 08:15:58 [1.19ms]  */
select * from `event_sources`;
/*==================================================*/
/* Query 21 - 2025-08-12 08:15:58 [1.25ms]  */
select * from `event_options`;
/*==================================================*/
/* Query 22 - 2025-08-12 08:15:58 [1.27ms]  */
select * from `event_option_response`;
/*==================================================*/
/* Query 23 - 2025-08-12 08:15:58 [1.44ms]  */
select * from `stl_events` where `stl_id` = '1' and `round_no` = '1';
/*==================================================*/
/* Query 24 - 2025-08-12 08:15:58 [1.67ms]  */
select * from `user_conversation_metrics` where `user_id` = '23748' and `round_no` = '1';
/*==================================================*/
/* Query 25 - 2025-08-12 08:15:58 [1.5ms]  */
select * from `user_events` where `user_id` = '23748' and `round_no` = '1';
/*==================================================*/
/* Query 26 - 2025-08-12 08:15:58 [1.4ms]  */
select `name`, `value` from `user_round_progress` where `user_id` = '23748' and `round_no` = '1';
/*==================================================*/
/* Query 1 - 2025-08-12 08:15:58 [1.51ms]  */
select * from `stl_models` where `stl_id` = '1' limit 1;
/*==================================================*/
/* Query 2 - 2025-08-12 08:15:58 [1.25ms]  */
select * from `model_details` where `model_id` = '1';
/*==================================================*/
/* Query 3 - 2025-08-12 08:15:58 [1.14ms]  */
select * from `statement_option_responses` where `option_id` = '99';
/*==================================================*/
/* Query 4 - 2025-08-12 08:15:58 [1.19ms]  */
select * from `statement_option_metrics` where `option_id` = '99';
/*==================================================*/
/* Query 5 - 2025-08-12 08:15:58 [1.3ms]  */
select * from `user_metrics` where `user_id` = '23762';
/*==================================================*/
/* Query 6 - 2025-08-12 08:15:58 [1.33ms]  */
select * from `user_coachee_metrics` where `user_id` = '23762' and `stl_coachee_id` = '2';
/*==================================================*/
/* Query 7 - 2025-08-12 08:15:58 [8.08ms]  */
insert into `user_conversations` (`user_id`, `stl_conversation_id`) values ('23762', '257');
/*==================================================*/
/* Query 8 - 2025-08-12 08:15:58 [7.72ms]  */
insert into `user_selected_statement_options` (`response_id`, `stl_statement_id`, `stl_conversation_id`, `option_id`, `user_id`) values ('229', '57', '257', '99', '23762');
/*==================================================*/
/* Query 9 - 2025-08-12 08:15:58 [1.37ms]  */
select * from `user_round_progress` where `round_no` = '1' and `user_id` = '23762' and `name` = 'completedConversations' limit 1;
/*==================================================*/
/* Query 10 - 2025-08-12 08:15:58 [7.92ms]  */
update `user_round_progress` set `value` = '35', `updated_at` = '2025-08-12 08:15:58' where `id` = '594107';
/*==================================================*/
/* Query 11 - 2025-08-12 08:15:58 [1.47ms]  */
select * from `user_coachee_round_progress` where `stl_coachee_id` = '2' and `round_no` = '1' and `user_id` = '23762' and `name` = 'completedConversations' limit 1;
/*==================================================*/
/* Query 12 - 2025-08-12 08:15:58 [7.42ms]  */
update `user_coachee_round_progress` set `value` = '9', `updated_at` = '2025-08-12 08:15:58' where `id` = '866735';
/*==================================================*/
/* Query 13 - 2025-08-12 08:15:58 [1.52ms]  */
select * from `user_coachee_round_phase_details` where `stl_coachee_id` = '2' and `stl_round_phase_id` = '2' and `user_id` = '23762' limit 1;
/*==================================================*/
/* Query 14 - 2025-08-12 08:15:58 [7.74ms]  */
update `user_coachee_round_phase_details` set `completed_conversations` = '7', `updated_at` = '2025-08-12 08:15:58' where `id` = '641531';
/*==================================================*/
/* Query 15 - 2025-08-12 08:15:58 [1.45ms]  */
