select * from `stl_models` where `stl_id` = '1' limit 1;
/*==================================================*/
/* Query 2 - 2025-08-12 02:35:16 [2.07ms]  */
select * from `model_details` where `model_id` = '1';
/*==================================================*/
/* Query 3 - 2025-08-12 02:35:16 [1.95ms]  */
select * from `statement_option_responses` where `option_id` = '52';
/*==================================================*/
/* Query 4 - 2025-08-12 02:35:16 [1.55ms]  */
select * from `statement_option_metrics` where `option_id` = '52';
/*==================================================*/
/* Query 5 - 2025-08-12 02:35:16 [1.85ms]  */
select * from `user_metrics` where `user_id` = '23728';
/*==================================================*/
/* Query 6 - 2025-08-12 02:35:16 [2.01ms]  */
select * from `user_coachee_metrics` where `user_id` = '23728' and `stl_coachee_id` = '1';
/*==================================================*/
/* Query 7 - 2025-08-12 02:35:16 [7.43ms]  */
insert into `user_conversations` (`user_id`, `stl_conversation_id`) values ('23728', '130');
/*==================================================*/
/* Query 8 - 2025-08-12 02:35:16 [7.39ms]  */
insert into `user_selected_statement_options` (`response_id`, `stl_statement_id`, `stl_conversation_id`, `option_id`, `user_id`) values ('', '30', '130', '52', '23728');
/*==================================================*/
/* Query 9 - 2025-08-12 02:35:16 [1.99ms]  */
select * from `user_round_progress` where `round_no` = '1' and `user_id` = '23728' and `name` = 'completedConversations' limit 1;
/*==================================================*/
/* Query 10 - 2025-08-12 02:35:16 [8.06ms]  */
update `user_round_progress` set `value` = '29', `updated_at` = '2025-08-12 02:35:16' where `id` = '593026';
/*==================================================*/
/* Query 11 - 2025-08-12 02:35:16 [2.34ms]  */
select * from `user_coachee_round_progress` where `stl_coachee_id` = '1' and `round_no` = '1' and `user_id` = '23728' and `name` = 'completedConversations' limit 1;
/*==================================================*/
/* Query 12 - 2025-08-12 02:35:16 [7.32ms]  */
update `user_coachee_round_progress` set `value` = '29', `updated_at` = '2025-08-12 02:35:16' where `id` = '865232';
/*==================================================*/
/* Query 13 - 2025-08-12 02:35:16 [1.86ms]  */
select * from `user_coachee_round_phase_details` where `stl_coachee_id` = '1' and `stl_round_phase_id` = '5' and `user_id` = '23728' limit 1;
/*==================================================*/
/* Query 14 - 2025-08-12 02:35:16 [6.81ms]  */
update `user_coachee_round_phase_details` set `completed_conversations` = '5', `updated_at` = '2025-08-12 02:35:16' where `id` = '640607';
/*==================================================*/
/* Query 15 - 2025-08-12 02:35:16 [1.97ms]  */
select `name`, `value`, `round_no`, `stl_coachee_id` from `user_coachee_round_progress` where `user_id` = '23728';
/*==================================================*/
/* Query 16 - 2025-08-12 02:35:16 [2.01ms]  */
select `name`, `value`, `round_no` from `user_round_progress` where `user_id` = '23728';
/*==================================================*/
/* Query 17 - 2025-08-12 02:35:16 [2.13ms]  */
select * from `events`;
/*==================================================*/
/* Query 18 - 2025-08-12 02:35:16 [1.74ms]  */
select * from `event_conditions`;
/*==================================================*/
/* Query 19 - 2025-08-12 02:35:16 [1.98ms]  */
select * from `event_types`;
/*==================================================*/
/* Query 20 - 2025-08-12 02:35:16 [1.97ms]  */
select * from `event_sources`;
/*==================================================*/
/* Query 21 - 2025-08-12 02:35:16 [1.73ms]  */
select * from `event_options`;
/*==================================================*/
/* Query 22 - 2025-08-12 02:35:16 [1.91ms]  */
select * from `event_option_response`;
/*==================================================*/
/* Query 23 - 2025-08-12 02:35:16 [1.65ms]  */
select * from `stl_events` where `stl_id` = '1' and `round_no` = '1';
/*==================================================*/
/* Query 24 - 2025-08-12 02:35:16 [1.82ms]  */
select * from `user_conversation_metrics` where `user_id` = '23728' and `round_no` = '1';
/*==================================================*/
/* Query 25 - 2025-08-12 02:35:16 [1.57ms]  */
select * from `user_events` where `user_id` = '23728' and `round_no` = '1';
/*==================================================*/
/* Query 26 - 2025-08-12 02:35:16 [1.56ms]  */
select `name`, `value` from `user_round_progress` where `user_id` = '23728' and `round_no` = '1';
/*==================================================*/
/* Query 1 - 2025-08-12 02:35:17 [1.72ms]  */
select * from `stl_models` where `stl_id` = '1' limit 1;
/*==================================================*/
/* Query 2 - 2025-08-12 02:35:17 [1.4ms]  */
select * from `model_details` where `model_id` = '1';
/*==================================================*/
/* Query 3 - 2025-08-12 02:35:17 [1.61ms]  */
select * from `statement_option_responses` where `option_id` = '90';
/*==================================================*/
/* Query 4 - 2025-08-12 02:35:17 [1.51ms]  */
select * from `statement_option_metrics` where `option_id` = '90';
/*==================================================*/
/* Query 5 - 2025-08-12 02:35:17 [1.81ms]  */
select * from `user_metrics` where `user_id` = '23715';
/*==================================================*/
/* Query 6 - 2025-08-12 02:35:17 [2.81ms]  */
select * from `user_coachee_metrics` where `user_id` = '23715' and `stl_coachee_id` = '2';
/*==================================================*/
/* Query 7 - 2025-08-12 02:35:17 [6.77ms]  */
insert into `user_coachee_conversation_metrics` (`actual_delta`, `delta`, `previous_value`, `round_no`, `stl_coachee_id`, `stl_conversation_id`, `stl_metric_id`, `stl_phase_id`, `updated_value`, `user_id`) values ('4', '4', '52', '1', '2', '249', '1', '1', '56', '23715');
/*==================================================*/
/* Query 8 - 2025-08-12 02:35:17 [6.99ms]  */
INSERT INTO user_coachee_metrics (user_id, stl_coachee_id, stl_metric_id, value) VALUES  (23715, 2, 1, 56)   ON DUPLICATE KEY UPDATE `value` = VALUES(`value`);
/*==================================================*/
/* Query 9 - 2025-08-12 02:35:17 [7.95ms]  */
INSERT INTO user_coachee_round_metrics (user_id, round_no, stl_coachee_id, stl_metric_id, value) VALUES  (23715, 1, 2, 1, 56)   ON DUPLICATE KEY UPDATE `value` = VALUES(`value`);
/*==================================================*/
/* Query 10 - 2025-08-12 02:35:17 [7.04ms]  */
insert into `user_conversation_metrics` (`actual_delta`, `delta`, `previous_value`, `round_no`, `stl_coachee_id`, `stl_conversation_id`, `stl_metric_id`, `stl_phase_id`, `updated_value`, `user_id`) values ('4', '4', '16', '1', '2', '249', '2', '1', '20', '23715');
/*==================================================*/
/* Query 11 - 2025-08-12 02:35:17 [10ms]  */
INSERT INTO user_metrics (user_id, stl_metric_id, value) VALUES  (23715, 2, 20)   ON DUPLICATE KEY UPDATE `value` = VALUES(`value`);
/*==================================================*/
/* Query 12 - 2025-08-12 02:35:17 [6.75ms]  */
INSERT INTO user_round_metrics (user_id, round_no, stl_metric_id, value) VALUES  (23715, 1, 2, 20)   ON DUPLICATE KEY UPDATE `value` = VALUES(`value`);
/*==================================================*/
/* Query 13 - 2025-08-12 02:35:17 [7.46ms]  */
insert into `user_conversations` (`user_id`, `stl_conversation_id`) values ('23715', '249');
/*==================================================*/
/* Query 14 - 2025-08-12 02:35:17 [7.36ms]  */
insert into `user_selected_statement_options` (`response_id`, `stl_statement_id`, `stl_conversation_id`, `option_id`, `user_id`) values ('', '49', '249', '90', '23715');
/*==================================================*/
/* Query 15 - 2025-08-12 02:35:17 [1.66ms]  */
select * from `user_round_progress` where `round_no` = '1' and `user_id` = '23715' and `name` = 'completedConversations' limit 1;
/*==================================================*/
/* Query 16 - 2025-08-12 02:35:17 [6.63ms]  */
update `user_round_progress` set `value` = '30', `updated_at` = '2025-08-12 02:35:17' where `id` = '592802';
/*==================================================*/
/* Query 17 - 2025-08-12 02:35:17 [1.43ms]  */
select * from `user_coachee_round_progress` where `stl_coachee_id` = '2' and `round_no` = '1' and `user_id` = '23715' and `name` = 'completedConversations' limit 1;
/*==================================================*/
/* Query 18 - 2025-08-12 02:35:17 [6.62ms]  */
update `user_coachee_round_progress` set `value` = '1', `updated_at` = '2025-08-12 02:35:17' where `id` = '864914';
/*==================================================*/
/* Query 19 - 2025-08-12 02:35:17 [2.17ms]  */
select * from `user_coachee_round_phase_details` where `stl_coachee_id` = '2' and `stl_round_phase_id` = '1' and `user_id` = '23715' limit 1;
/*==================================================*/
/* Query 20 - 2025-08-12 02:35:17 [7.25ms]  */
update `user_coachee_round_phase_details` set `completed_conversations` = '1', `updated_at` = '2025-08-12 02:35:17' where `id` = '640261';
/*==================================================*/
/* Query 21 - 2025-08-12 02:35:17 [1.83ms]  */
select `name`, `value`, `round_no`, `stl_coachee_id` from `user_coachee_round_progress` where `user_id` = '23715';
/*==================================================*/
/* Query 22 - 2025-08-12 02:35:17 [2.47ms]  */
select `name`, `value`, `round_no` from `user_round_progress` where `user_id` = '23715';
/*==================================================*/
/* Query 23 - 2025-08-12 02:35:17 [1.89ms]  */
select * from `events`;
/*==================================================*/
/* Query 24 - 2025-08-12 02:35:17 [2.39ms]  */
select * from `event_conditions`;
/*==================================================*/
/* Query 25 - 2025-08-12 02:35:17 [2.13ms]  */
select * from `event_types`;
/*==================================================*/
/* Query 26 - 2025-08-12 02:35:17 [2.39ms]  */
select * from `event_sources`;
/*==================================================*/
/* Query 27 - 2025-08-12 02:35:17 [2.53ms]  */
select * from `event_options`;
/*==================================================*/
/* Query 28 - 2025-08-12 02:35:17 [2.35ms]  */
select * from `event_option_response`;
/*==================================================*/
/* Query 29 - 2025-08-12 02:35:17 [1.81ms]  */
select * from `stl_events` where `stl_id` = '1' and `round_no` = '1';
/*==================================================*/
/* Query 30 - 2025-08-12 02:35:17 [1.86ms]  */
select * from `user_conversation_metrics` where `user_id` = '23715' and `round_no` = '1';
/*==================================================*/
/* Query 31 - 2025-08-12 02:35:17 [1.79ms]  */
select * from `user_events` where `user_id` = '23715' and `round_no` = '1';
/*==================================================*/
/* Query 32 - 2025-08-12 02:35:17 [1.35ms]  */
select `name`, `value` from `user_round_progress` where `user_id` = '23715' and `round_no` = '1';
/*==================================================*/
/* Query 1 - 2025-08-12 02:35:18 [1.29ms]  */
select * from `stl_models` where `stl_id` = '1' limit 1;
/*==================================================*/
/* Query 2 - 2025-08-12 02:35:18 [0.95ms]  */
select * from `model_details` where `model_id` = '1';
/*==================================================*/
/* Query 3 - 2025-08-12 02:35:18 [1.11ms]  */
select * from `statement_option_responses` where `option_id` = '148';
/*==================================================*/
/* Query 4 - 2025-08-12 02:35:18 [1.07ms]  */
select * from `statement_option_metrics` where `option_id` = '148';
/*==================================================*/
/* Query 5 - 2025-08-12 02:35:18 [1.16ms]  */
select * from `user_metrics` where `user_id` = '23703';
/*==================================================*/
/* Query 6 - 2025-08-12 02:35:18 [1.22ms]  */
select * from `user_coachee_metrics` where `user_id` = '23703' and `stl_coachee_id` = '2';
/*==================================================*/
/* Query 7 - 2025-08-12 02:35:18 [6.89ms]  */
insert into `user_conversations` (`user_id`, `stl_conversation_id`) values ('23703', '284');
/*==================================================*/
/* Query 8 - 2025-08-12 02:35:18 [6.06ms]  */
insert into `user_selected_statement_options` (`response_id`, `stl_statement_id`, `stl_conversation_id`, `option_id`, `user_id`) values ('131', '85', '284', '148', '23703');
/*==================================================*/
/* Query 9 - 2025-08-12 02:35:18 [1.75ms]  */
select * from `user_round_progress` where `round_no` = '2' and `user_id` = '23703' and `name` = 'completedConversations' limit 1;
/*==================================================*/
/* Query 10 - 2025-08-12 02:35:18 [6.01ms]  */
update `user_round_progress` set `value` = '24', `updated_at` = '2025-08-12 02:35:18' where `id` = '592464';
/*==================================================*/
/* Query 11 - 2025-08-12 02:35:18 [1.28ms]  */
select * from `user_coachee_round_progress` where `stl_coachee_id` = '2' and `round_no` = '2' and `user_id` = '23703' and `name` = 'completedConversations' limit 1;
/*==================================================*/
/* Query 12 - 2025-08-12 02:35:18 [6.28ms]  */
update `user_coachee_round_progress` set `value` = '8', `updated_at` = '2025-08-12 02:35:18' where `id` = '864245';
/*==================================================*/
/* Query 13 - 2025-08-12 02:35:18 [1.49ms]  */
select * from `user_coachee_round_phase_details` where `stl_coachee_id` = '2' and `stl_round_phase_id` = '9' and `user_id` = '23703' limit 1;
/*==================================================*/
/* Query 14 - 2025-08-12 02:35:18 [6.13ms]  */
update `user_coachee_round_phase_details` set `completed_conversations` = '8', `updated_at` = '2025-08-12 02:35:18' where `id` = '639942';
/*==================================================*/
/* Query 15 - 2025-08-12 02:35:18 [1.66ms]  */
select `name`, `value`, `round_no`, `stl_coachee_id` from `user_coachee_round_progress` where `user_id` = '23703';
/*==================================================*/
/* Query 16 - 2025-08-12 02:35:18 [1.62ms]  */
select `name`, `value`, `round_no` from `user_round_progress` where `user_id` = '23703';
/*==================================================*/
/* Query 17 - 2025-08-12 02:35:18 [1.4ms]  */
select * from `events`;
/*==================================================*/
/* Query 18 - 2025-08-12 02:35:18 [1.19ms]  */
select * from `event_conditions`;
/*==================================================*/
/* Query 19 - 2025-08-12 02:35:18 [1.15ms]  */
select * from `event_types`;
/*==================================================*/
/* Query 20 - 2025-08-12 02:35:18 [1.22ms]  */
select * from `event_sources`;
/*==================================================*/
/* Query 21 - 2025-08-12 02:35:18 [1.57ms]  */
select * from `event_options`;
/*==================================================*/
/* Query 22 - 2025-08-12 02:35:18 [1.11ms]  */
select * from `event_option_response`;
/*==================================================*/
/* Query 23 - 2025-08-12 02:35:18 [1.62ms]  */
select * from `stl_events` where `stl_id` = '1' and `round_no` = '2';
/*==================================================*/
/* Query 24 - 2025-08-12 02:35:18 [1.66ms]  */
select * from `user_conversation_metrics` where `user_id` = '23703' and `round_no` = '2';
/*==================================================*/
/* Query 25 - 2025-08-12 02:35:18 [1.58ms]  */
select * from `user_events` where `user_id` = '23703' and `round_no` = '2';
/*==================================================*/
/* Query 26 - 2025-08-12 02:35:18 [1.6ms]  */
select `name`, `value` from `user_round_progress` where `user_id` = '23703' and `round_no` = '2';
/*==================================================*/
/* Query 27 - 2025-08-12 02:35:18 [6.4ms]  */
insert into `user_events` (`duration_percentage`, `round_no`, `selected_coachee_id`, `stl_event_id`, `user_id`) values ('0', '2', '', '6', '23703');
/*==================================================*/
/* Query 1 - 2025-08-12 02:35:19 [1.72ms]  */
select * from `users` where `grp_id` = '2826' and `users`.`deleted_at` is null;
/*==================================================*/
/* Query 2 - 2025-08-12 02:35:19 [2.05ms]  */
select * from `user_metrics` where `user_id` in ('23645', '23647', '23649', '23651', '23653', '23655', '23657', '23659', '23661', '23663', '23665', '23667', '23669', '23671', '23673', '23675', '23677', '23678', '23681', '23683', '23685', '23687', '23689', '23691', '23693', '23695', '23697', '23699', '23701', '23703', '23705');
/*==================================================*/
/* Query 3 - 2025-08-12 02:35:19 [2.48ms]  */
select * from `user_coachee_metrics` where `user_id` in ('23645', '23647', '23649', '23651', '23653', '23655', '23657', '23659', '23661', '23663', '23665', '23667', '23669', '23671', '23673', '23675', '23677', '23678', '23681', '23683', '23685', '23687', '23689', '23691', '23693', '23695', '23697', '23699', '23701', '23703', '23705');
/*==================================================*/
/* Query 1 - 2025-08-12 02:35:20 [23.77ms]  */
select `id` from `users` where `uli_id` = '703868' and `parent_id` is null and `users`.`deleted_at` is null limit 1;
/*==================================================*/
/* Query 2 - 2025-08-12 02:35:20 [32.44ms]  */
select `id` from `users` where `uli_id` = '703868' and `parent_id` is null and `users`.`deleted_at` is null limit 1;
/*==================================================*/
/* Query 3 - 2025-08-12 02:35:20 [3.74ms]  */
select * from `users` where `id` = '23703' and `users`.`deleted_at` is null limit 1;
/*==================================================*/
/* Query 4 - 2025-08-12 02:35:20 [1.47ms]  */
select `stl_id` from `groups` inner join `stl_instances` on `stl_instances`.`id` = `groups`.`sli_id` where `groups`.`id` = '2826' limit 1;
/*==================================================*/
/* Query 5 - 2025-08-12 02:35:20 [1.67ms]  */
select * from `users` where `grp_id` = '2826' and `users`.`deleted_at` is null;
/*==================================================*/
/* Query 6 - 2025-08-12 02:35:20 [1.72ms]  */
select * from `user_timer_details` where `user_id` in ('23645', '23647', '23649', '23651', '23653', '23655', '23657', '23659', '23661', '23663', '23665', '23667', '23669', '23671', '23673', '23675', '23677', '23678', '23681', '23683', '23685', '23687', '23689', '23691', '23693', '23695', '23697', '23699', '23701', '23703', '23705');
/*==================================================*/
/* Query 7 - 2025-08-12 02:35:20 [3.18ms]  */
select * from `user_progress` where `user_id` in ('23645', '23647', '23649', '23651', '23653', '23655', '23657', '23659', '23661', '23663', '23665', '23667', '23669', '23671', '23673', '23675', '23677', '23678', '23681', '23683', '23685', '23687', '23689', '23691', '23693', '23695', '23697', '23699', '23701', '23703', '23705');
/*==================================================*/
/* Query 8 - 2025-08-12 02:35:20 [1.96ms]  */
select * from `users` where `grp_id` = '2826' and `users`.`deleted_at` is null;
/*==================================================*/
/* Query 9 - 2025-08-12 02:35:20 [2.39ms]  */
select * from `user_metrics` where `user_id` in ('23645', '23647', '23649', '23651', '23653', '23655', '23657', '23659', '23661', '23663', '23665', '23667', '23669', '23671', '23673', '23675', '23677', '23678', '23681', '23683', '23685', '23687', '23689', '23691', '23693', '23695', '23697', '23699', '23701', '23703', '23705');
/*==================================================*/
/* Query 10 - 2025-08-12 02:35:20 [2.88ms]  */
select * from `user_coachee_metrics` where `user_id` in ('23645', '23647', '23649', '23651', '23653', '23655', '23657', '23659', '23661', '23663', '23665', '23667', '23669', '23671', '23673', '23675', '23677', '23678', '23681', '23683', '23685', '23687', '23689', '23691', '23693', '23695', '23697', '23699', '23701', '23703', '23705');
/*==================================================*/
/* Query 1 - 2025-08-12 02:35:23 [1.65ms]  */
select * from `user_timer_details` where `user_id` = '23718' limit 1;
/*==================================================*/
/* Query 2 - 2025-08-12 02:35:23 [7.02ms]  */
update `user_timer_details` set `time_remaining` = '2925', `updated_at` = '2025-08-12 02:35:23' where `id` = '22697';
/*==================================================*/
/* Query 1 - 2025-08-12 02:35:23 [1.83ms]  */
select * from `user_timer_details` where `user_id` = '23723' limit 1;
/*==================================================*/
/* Query 2 - 2025-08-12 02:35:23 [7.66ms]  */
update `user_timer_details` set `time_remaining` = '2940', `updated_at` = '2025-08-12 02:35:23' where `id` = '22702';
/*==================================================*/
/* Query 1 - 2025-08-12 02:35:23 [2.1ms]  */
select * from `stl_models` where `stl_id` = '1' limit 1;
/*==================================================*/
/* Query 2 - 2025-08-12 02:35:23 [2.28ms]  */
select * from `model_details` where `model_id` = '1';
/*==================================================*/
/* Query 3 - 2025-08-12 02:35:23 [2.19ms]  */
select * from `statement_option_responses` where `option_id` = '72';
/*==================================================*/
/* Query 4 - 2025-08-12 02:35:23 [2.6ms]  */
select * from `statement_option_metrics` where `option_id` = '72';
/*==================================================*/
/* Query 5 - 2025-08-12 02:35:23 [2.11ms]  */
select * from `user_metrics` where `user_id` = '23697';
/*==================================================*/
/* Query 6 - 2025-08-12 02:35:23 [2.14ms]  */
select * from `user_coachee_metrics` where `user_id` = '23697' and `stl_coachee_id` = '1';
/*==================================================*/
/* Query 7 - 2025-08-12 02:35:23 [6.66ms]  */
insert into `user_conversations` (`user_id`, `stl_conversation_id`) values ('23697', '142');
/*==================================================*/
/* Query 8 - 2025-08-12 02:35:23 [7.37ms]  */
insert into `user_selected_statement_options` (`response_id`, `stl_statement_id`, `stl_conversation_id`, `option_id`, `user_id`) values ('62', '42', '142', '72', '23697');
/*==================================================*/
/* Query 9 - 2025-08-12 02:35:23 [2.32ms]  */
select * from `user_round_progress` where `round_no` = '2' and `user_id` = '23697' and `name` = 'completedConversations' limit 1;
/*==================================================*/
/* Query 10 - 2025-08-12 02:35:23 [5.88ms]  */
update `user_round_progress` set `value` = '46', `updated_at` = '2025-08-12 02:35:23' where `id` = '592334';
/*==================================================*/
/* Query 11 - 2025-08-12 02:35:23 [2.22ms]  */
select * from `user_coachee_round_progress` where `stl_coachee_id` = '1' and `round_no` = '2' and `user_id` = '23697' and `name` = 'completedConversations' limit 1;
/*==================================================*/
/* Query 12 - 2025-08-12 02:35:23 [7.57ms]  */
update `user_coachee_round_progress` set `value` = '10', `updated_at` = '2025-08-12 02:35:23' where `id` = '864083';
/*==================================================*/
/* Query 13 - 2025-08-12 02:35:23 [2.01ms]  */
select * from `user_coachee_round_phase_details` where `stl_coachee_id` = '1' and `stl_round_phase_id` = '11' and `user_id` = '23697' limit 1;
/*==================================================*/
/* Query 14 - 2025-08-12 02:35:23 [7.13ms]  */
update `user_coachee_round_phase_details` set `completed_conversations` = '1', `updated_at` = '2025-08-12 02:35:23' where `id` = '639773';
/*==================================================*/
/* Query 15 - 2025-08-12 02:35:23 [2.19ms]  */
select `name`, `value`, `round_no`, `stl_coachee_id` from `user_coachee_round_progress` where `user_id` = '23697';
/*==================================================*/
/* Query 16 - 2025-08-12 02:35:23 [1.61ms]  */
select `name`, `value`, `round_no` from `user_round_progress` where `user_id` = '23697';
/*==================================================*/
/* Query 17 - 2025-08-12 02:35:23 [1.97ms]  */
select * from `events`;
/*==================================================*/
/* Query 18 - 2025-08-12 02:35:23 [1.76ms]  */
select * from `event_conditions`;
/*==================================================*/
/* Query 19 - 2025-08-12 02:35:23 [1.75ms]  */
select * from `event_types`;
/*==================================================*/
/* Query 20 - 2025-08-12 02:35:24 [1.59ms]  */
select * from `event_sources`;
/*==================================================*/
/* Query 21 - 2025-08-12 02:35:24 [1.67ms]  */
select * from `event_options`;
/*==================================================*/
/* Query 22 - 2025-08-12 02:35:24 [3.33ms]  */
select * from `event_option_response`;
/*==================================================*/
/* Query 23 - 2025-08-12 02:35:24 [1.73ms]  */
select * from `stl_events` where `stl_id` = '1' and `round_no` = '2';
/*==================================================*/
/* Query 24 - 2025-08-12 02:35:24 [2.8ms]  */
select * from `user_conversation_metrics` where `user_id` = '23697' and `round_no` = '2';
/*==================================================*/
/* Query 25 - 2025-08-12 02:35:24 [2.14ms]  */
select * from `user_events` where `user_id` = '23697' and `round_no` = '2';
/*==================================================*/
/* Query 26 - 2025-08-12 02:35:24 [1.97ms]  */
select `name`, `value` from `user_round_progress` where `user_id` = '23697' and `round_no` = '2';
/*==================================================*/
/* Query 1 - 2025-08-12 02:35:25 [1.4ms]  */
select * from `stl_models` where `stl_id` = '1' limit 1;
/*==================================================*/
/* Query 2 - 2025-08-12 02:35:25 [1.15ms]  */
select * from `model_details` where `model_id` = '1';
/*==================================================*/
/* Query 3 - 2025-08-12 02:35:25 [1.44ms]  */
select * from `statement_option_responses` where `option_id` = '259';
/*==================================================*/
/* Query 4 - 2025-08-12 02:35:25 [1.09ms]  */
select * from `statement_option_metrics` where `option_id` = '259';
/*==================================================*/
/* Query 5 - 2025-08-12 02:35:25 [1.7ms]  */
select * from `user_metrics` where `user_id` = '23718';
/*==================================================*/
/* Query 6 - 2025-08-12 02:35:25 [1.68ms]  */
select * from `user_coachee_metrics` where `user_id` = '23718' and `stl_coachee_id` = '2';
/*==================================================*/
/* Query 7 - 2025-08-12 02:35:25 [9.48ms]  */
insert into `user_coachee_conversation_metrics` (`actual_delta`, `delta`, `previous_value`, `round_no`, `stl_coachee_id`, `stl_conversation_id`, `stl_metric_id`, `stl_phase_id`, `updated_value`, `user_id`) values ('-3', '-3', '56', '1', '2', '442', '1', '2', '53', '23718');
/*==================================================*/
/* Query 8 - 2025-08-12 02:35:25 [9.11ms]  */
INSERT INTO user_coachee_metrics (user_id, stl_coachee_id, stl_metric_id, value) VALUES  (23718, 2, 1, 53)   ON DUPLICATE KEY UPDATE `value` = VALUES(`value`);
/*==================================================*/
/* Query 9 - 2025-08-12 02:35:25 [6.92ms]  */
INSERT INTO user_coachee_round_metrics (user_id, round_no, stl_coachee_id, stl_metric_id, value) VALUES  (23718, 1, 2, 1, 53)   ON DUPLICATE KEY UPDATE `value` = VALUES(`value`);
/*==================================================*/
/* Query 10 - 2025-08-12 02:35:25 [7.35ms]  */
insert into `user_conversations` (`user_id`, `stl_conversation_id`) values ('23718', '442');
/*==================================================*/
/* Query 11 - 2025-08-12 02:35:25 [7.13ms]  */
insert into `user_selected_statement_options` (`response_id`, `stl_statement_id`, `stl_conversation_id`, `option_id`, `user_id`) values ('', '158', '442', '259', '23718');
/*==================================================*/
/* Query 12 - 2025-08-12 02:35:25 [1.67ms]  */
select * from `user_round_progress` where `round_no` = '1' and `user_id` = '23718' and `name` = 'completedConversations' limit 1;
/*==================================================*/
/* Query 13 - 2025-08-12 02:35:25 [7.01ms]  */
update `user_round_progress` set `value` = '43', `updated_at` = '2025-08-12 02:35:25' where `id` = '592852';
/*==================================================*/
/* Query 14 - 2025-08-12 02:35:25 [1.99ms]  */
select * from `user_coachee_round_progress` where `stl_coachee_id` = '2' and `round_no` = '1' and `user_id` = '23718' and `name` = 'completedConversations' limit 1;
/*==================================================*/
/* Query 15 - 2025-08-12 02:35:25 [6.64ms]  */
update `user_coachee_round_progress` set `value` = '14', `updated_at` = '2025-08-12 02:35:25' where `id` = '864986';
/*==================================================*/
/* Query 16 - 2025-08-12 02:35:25 [1.89ms]  */
select * from `user_coachee_round_phase_details` where `stl_coachee_id` = '2' and `stl_round_phase_id` = '2' and `user_id` = '23718' limit 1;
/*==================================================*/
/* Query 17 - 2025-08-12 02:35:25 [6.86ms]  */
update `user_coachee_round_phase_details` set `completed_conversations` = '12', `updated_at` = '2025-08-12 02:35:25' where `id` = '640343';
/*==================================================*/
/* Query 18 - 2025-08-12 02:35:25 [1.53ms]  */
select `name`, `value`, `round_no`, `stl_coachee_id` from `user_coachee_round_progress` where `user_id` = '23718';
/*==================================================*/
/* Query 19 - 2025-08-12 02:35:25 [1.28ms]  */
select `name`, `value`, `round_no` from `user_round_progress` where `user_id` = '23718';
/*==================================================*/
/* Query 20 - 2025-08-12 02:35:25 [1.53ms]  */
select * from `events`;
/*==================================================*/
/* Query 21 - 2025-08-12 02:35:25 [1.2ms]  */
select * from `event_conditions`;
/*==================================================*/
/* Query 22 - 2025-08-12 02:35:25 [1.77ms]  */
select * from `event_types`;
/*==================================================*/
/* Query 23 - 2025-08-12 02:35:25 [1.11ms]  */
select * from `event_sources`;
/*==================================================*/
/* Query 24 - 2025-08-12 02:35:25 [1.29ms]  */
select * from `event_options`;
/*==================================================*/
/* Query 25 - 2025-08-12 02:35:25 [0.99ms]  */
select * from `event_option_response`;
/*==================================================*/
/* Query 26 - 2025-08-12 02:35:25 [0.96ms]  */
select * from `stl_events` where `stl_id` = '1' and `round_no` = '1';
/*==================================================*/
/* Query 27 - 2025-08-12 02:35:25 [1.37ms]  */
select * from `user_conversation_metrics` where `user_id` = '23718' and `round_no` = '1';
/*==================================================*/
/* Query 28 - 2025-08-12 02:35:25 [0.99ms]  */
select * from `user_events` where `user_id` = '23718' and `round_no` = '1';
/*==================================================*/
/* Query 29 - 2025-08-12 02:35:25 [1.08ms]  */
select `name`, `value` from `user_round_progress` where `user_id` = '23718' and `round_no` = '1';
/*==================================================*/
/* Query 1 - 2025-08-12 02:35:27 [1.85ms]  */
select * from `user_timer_details` where `user_id` = '23697' limit 1;
/*==================================================*/
/* Query 2 - 2025-08-12 02:35:27 [8.3ms]  */
update `user_timer_details` set `time_remaining` = '60', `updated_at` = '2025-08-12 02:35:27' where `id` = '22676';
/*==================================================*/
/* Query 1 - 2025-08-12 02:35:27 [2.06ms]  */
select `id` from `users` where `hash` = 'QEKmBvQSk8SbJFAdptxzsHIrQpR5UossDDvAuHJoskxPvVBnt61754963619' and `users`.`deleted_at` is null limit 1;
/*==================================================*/
/* Query 2 - 2025-08-12 02:35:27 [2.21ms]  */
select `users`.`id` as `id`, `users`.`name`, `users`.`email`, `users`.`grp_id`, `users`.`uli_id`, `users`.`lti_id`, `users`.`report_link`, `users`.`hash`, `users`.`is_demo_user`, `groups`.`sli_id`, `groups`.`timer_id`, `groups`.`lang`, `groups`.`no_of_rounds`, `groups`.`has_timer`, `groups`.`commonDB_group_id`, `groups`.`lti_group_id`, `groups`.`show_feedback`, `groups`.`reportType`, `groups`.`vac_enabled` from `users` inner join `groups` on `groups`.`id` = `users`.`grp_id` where `users`.`id` = '23703' and `users`.`deleted_at` is null limit 1;
/*==================================================*/
/* Query 3 - 2025-08-12 02:35:27 [2.26ms]  */
select * from `stl_instances` where `stl_instances`.`id` = '2' limit 1;
/*==================================================*/
/* Query 4 - 2025-08-12 02:35:27 [2.48ms]  */
select * from `stl_instances` limit 1;
/*==================================================*/
/* Query 5 - 2025-08-12 02:35:27 [2.01ms]  */
select * from `stl_instances` where `id` = '2' limit 1;
/*==================================================*/
/* Query 6 - 2025-08-12 02:35:27 [12.48ms]  */
select `key`, `value` from `strings_lookup_default` where `lang` = 'zh-CN';
/*==================================================*/
/* Query 7 - 2025-08-12 02:35:27 [2.13ms]  */
select * from `metrics`;
/*==================================================*/
/* Query 8 - 2025-08-12 02:35:27 [2.19ms]  */
select * from `stl_metrics` where `stl_id` = '1';
/*==================================================*/
/* Query 9 - 2025-08-12 02:35:27 [2.19ms]  */
select * from `competencies`;
/*==================================================*/
/* Query 10 - 2025-08-12 02:35:27 [2.36ms]  */
select * from `stl_competencies` where `stl_id` = '1';
/*==================================================*/
/* Query 11 - 2025-08-12 02:35:27 [2.85ms]  */
select * from `user_conversation_metrics` where `user_id` = '23703';
/*==================================================*/
/* Query 12 - 2025-08-12 02:35:27 [2.22ms]  */
select * from `stl_models` where `stl_id` = '1' limit 1;
/*==================================================*/
/* Query 13 - 2025-08-12 02:35:27 [2.61ms]  */
select * from `model_details` where `model_id` = '1';
/*==================================================*/
/* Query 14 - 2025-08-12 02:35:27 [2.4ms]  */
select * from `phases`;
/*==================================================*/
/* Query 15 - 2025-08-12 02:35:27 [2.94ms]  */
select * from `stl_phases` where `stl_id` = '1';
/*==================================================*/
/* Query 16 - 2025-08-12 02:35:27 [2.63ms]  */
select `users`.`id` as `id`, `users`.`name`, `users`.`email`, `users`.`grp_id`, `users`.`uli_id`, `users`.`lti_id`, `users`.`report_link`, `users`.`hash`, `users`.`is_demo_user`, `groups`.`sli_id`, `groups`.`timer_id`, `groups`.`lang`, `groups`.`no_of_rounds`, `groups`.`has_timer`, `groups`.`commonDB_group_id`, `groups`.`lti_group_id`, `groups`.`show_feedback`, `groups`.`reportType`, `groups`.`vac_enabled` from `users` inner join `groups` on `groups`.`id` = `users`.`grp_id` where `users`.`id` = '23703' and `users`.`deleted_at` is null limit 1;
/*==================================================*/
/* Query 17 - 2025-08-12 02:35:27 [2.13ms]  */
select * from `stl_instances` where `id` = '2' limit 1;
/*==================================================*/
/* Query 18 - 2025-08-12 02:35:27 [1.92ms]  */
select * from `user_progress` where `user_id` = '23703' and `name` = 'currentRound' limit 1;
/*==================================================*/
/* Query 19 - 2025-08-12 02:35:27 [2.38ms]  */
select * from `user_round_metrics` where `user_id` in ('23703');
/*==================================================*/
/* Query 20 - 2025-08-12 02:35:27 [2.18ms]  */
select * from `user_metrics` where `user_id` in ('23703');
/*==================================================*/
/* Query 21 - 2025-08-12 02:35:27 [2.33ms]  */
select * from `user_coachee_round_metrics` where `user_id` in ('23703') order by `round_no` asc;
/*==================================================*/
/* Query 22 - 2025-08-12 02:35:27 [2.64ms]  */
select * from `user_coachee_metrics` where `user_id` in ('23703');
/*==================================================*/
/* Query 23 - 2025-08-12 02:35:27 [2.49ms]  */
select * from `user_competencies` where `user_id` in ('23703');
/*==================================================*/
/* Query 24 - 2025-08-12 02:35:27 [2.35ms]  */
select * from `user_conversation_metrics` where `user_id` in ('23703');
/*==================================================*/
/* Query 25 - 2025-08-12 02:35:27 [2.22ms]  */
select * from `mean_sd_competency`;
/*==================================================*/
/* Query 26 - 2025-08-12 02:35:27 [2.34ms]  */
select * from `mean_sd_grow`;
/*==================================================*/
/* Query 27 - 2025-08-12 02:35:27 [2.51ms]  */
select * from `mean_sd_overall_metric_data`;
/*==================================================*/
/* Query 28 - 2025-08-12 02:35:27 [2.75ms]  */
select * from `mean_sd_overall_coachee_metric_data`;
/*==================================================*/
/* Query 29 - 2025-08-12 02:35:27 [2.55ms]  */
select `metrics`.`id` as `id`, `metrics`.`key` as `key` from `stl_metrics` inner join `metrics` on `stl_metrics`.`metric_id` = `metrics`.`id` where `stl_metrics`.`stl_id` = '1';
/*==================================================*/
/* Query 30 - 2025-08-12 02:35:27 [2.31ms]  */
select `competencies`.`id` as `id`, `competencies`.`key` as `key` from `stl_competencies` inner join `competencies` on `stl_competencies`.`competency_id` = `competencies`.`id` where `stl_competencies`.`stl_id` = '1';
/*==================================================*/
/* Query 31 - 2025-08-12 02:35:27 [2.08ms]  */
select `phases`.`id` as `id`, `phases`.`key` as `key` from `stl_phases` inner join `phases` on `stl_phases`.`phase_id` = `phases`.`id` where `stl_phases`.`stl_id` = '1';
/*==================================================*/
/* Query 32 - 2025-08-12 02:35:27 [19.09ms]  */
select `key`, `value` from `strings_lookup_default` where `lang` = 'zh-CN';
/*==================================================*/
/* Query 1 - 2025-08-12 02:35:28 [1.85ms]  */
select * from `stl_models` where `stl_id` = '1' limit 1;
/*==================================================*/
/* Query 2 - 2025-08-12 02:35:28 [1.94ms]  */
select * from `model_details` where `model_id` = '1';
/*==================================================*/
/* Query 3 - 2025-08-12 02:35:28 [1.86ms]  */
select * from `statement_option_responses` where `option_id` = '112';
/*==================================================*/
/* Query 4 - 2025-08-12 02:35:28 [1.89ms]  */
select * from `statement_option_metrics` where `option_id` = '112';
/*==================================================*/
/* Query 5 - 2025-08-12 02:35:28 [1.86ms]  */
select * from `user_metrics` where `user_id` = '23723';
/*==================================================*/
/* Query 6 - 2025-08-12 02:35:28 [2.04ms]  */
select * from `user_coachee_metrics` where `user_id` = '23723' and `stl_coachee_id` = '2';
/*==================================================*/
/* Query 7 - 2025-08-12 02:35:28 [8.13ms]  */
insert into `user_conversations` (`user_id`, `stl_conversation_id`) values ('23723', '264');
/*==================================================*/
/* Query 8 - 2025-08-12 02:35:28 [7.58ms]  */
insert into `user_selected_statement_options` (`response_id`, `stl_statement_id`, `stl_conversation_id`, `option_id`, `user_id`) values ('98', '65', '264', '112', '23723');
/*==================================================*/
/* Query 9 - 2025-08-12 02:35:28 [2.27ms]  */
select * from `user_round_progress` where `round_no` = '1' and `user_id` = '23723' and `name` = 'completedConversations' limit 1;
/*==================================================*/
/* Query 10 - 2025-08-12 02:35:28 [7.7ms]  */
update `user_round_progress` set `value` = '46', `updated_at` = '2025-08-12 02:35:28' where `id` = '592930';
/*==================================================*/
/* Query 11 - 2025-08-12 02:35:28 [1.7ms]  */
select * from `user_coachee_round_progress` where `stl_coachee_id` = '2' and `round_no` = '1' and `user_id` = '23723' and `name` = 'completedConversations' limit 1;
/*==================================================*/
/* Query 12 - 2025-08-12 02:35:28 [7.66ms]  */
update `user_coachee_round_progress` set `value` = '17', `updated_at` = '2025-08-12 02:35:28' where `id` = '865109';
/*==================================================*/
/* Query 13 - 2025-08-12 02:35:28 [1.92ms]  */
select * from `user_coachee_round_phase_details` where `stl_coachee_id` = '2' and `stl_round_phase_id` = '2' and `user_id` = '23723' limit 1;
/*==================================================*/
/* Query 14 - 2025-08-12 02:35:28 [7.51ms]  */
update `user_coachee_round_phase_details` set `completed_conversations` = '15', `updated_at` = '2025-08-12 02:35:28' where `id` = '640478';
/*==================================================*/
/* Query 15 - 2025-08-12 02:35:28 [1.97ms]  */
select `name`, `value`, `round_no`, `stl_coachee_id` from `user_coachee_round_progress` where `user_id` = '23723';
/*==================================================*/
/* Query 16 - 2025-08-12 02:35:28 [1.72ms]  */
select `name`, `value`, `round_no` from `user_round_progress` where `user_id` = '23723';
/*==================================================*/
/* Query 17 - 2025-08-12 02:35:28 [2.09ms]  */
select * from `events`;
/*==================================================*/
/* Query 18 - 2025-08-12 02:35:28 [1.8ms]  */
select * from `event_conditions`;
/*==================================================*/
/* Query 19 - 2025-08-12 02:35:28 [1.86ms]  */
select * from `event_types`;
/*==================================================*/
/* Query 20 - 2025-08-12 02:35:28 [1.74ms]  */
select * from `event_sources`;
/*==================================================*/
/* Query 21 - 2025-08-12 02:35:28 [2ms]  */
select * from `event_options`;
/*==================================================*/
/* Query 22 - 2025-08-12 02:35:28 [2.06ms]  */
select * from `event_option_response`;
/*==================================================*/
/* Query 23 - 2025-08-12 02:35:28 [2.36ms]  */
select * from `stl_events` where `stl_id` = '1' and `round_no` = '1';
/*==================================================*/
/* Query 24 - 2025-08-12 02:35:28 [2.27ms]  */
select * from `user_conversation_metrics` where `user_id` = '23723' and `round_no` = '1';
/*==================================================*/
/* Query 25 - 2025-08-12 02:35:28 [2.34ms]  */
select * from `user_events` where `user_id` = '23723' and `round_no` = '1';
/*==================================================*/
/* Query 26 - 2025-08-12 02:35:28 [1.97ms]  */
select `name`, `value` from `user_round_progress` where `user_id` = '23723' and `round_no` = '1';
/*==================================================*/
/* Query 27 - 2025-08-12 02:35:28 [7.22ms]  */
insert into `user_events` (`duration_percentage`, `round_no`, `selected_coachee_id`, `stl_event_id`, `user_id`) values ('0.48', '1', '', '2', '23723');
/*==================================================*/
/* Query 1 - 2025-08-12 02:35:30 [1.6ms]  */
select `id` from `users` where `hash` = 'MdWrurprnWWQdwdvTbpDIVrfrW6usfelb5PumjkstGGydjq0Zk1754963490' and `users`.`deleted_at` is null limit 1;
/*==================================================*/
/* Query 2 - 2025-08-12 02:35:30 [1.93ms]  */
select `users`.`id` as `id`, `users`.`name`, `users`.`email`, `users`.`grp_id`, `users`.`uli_id`, `users`.`lti_id`, `users`.`report_link`, `users`.`hash`, `users`.`is_demo_user`, `groups`.`sli_id`, `groups`.`timer_id`, `groups`.`lang`, `groups`.`no_of_rounds`, `groups`.`has_timer`, `groups`.`commonDB_group_id`, `groups`.`lti_group_id`, `groups`.`show_feedback`, `groups`.`reportType`, `groups`.`vac_enabled` from `users` inner join `groups` on `groups`.`id` = `users`.`grp_id` where `users`.`id` = '23693' and `users`.`deleted_at` is null limit 1;
/*==================================================*/
/* Query 3 - 2025-08-12 02:35:30 [1.66ms]  */
select * from `stl_instances` where `stl_instances`.`id` = '2' limit 1;
/*==================================================*/
/* Query 4 - 2025-08-12 02:35:30 [1.48ms]  */
select * from `stl_instances` limit 1;
/*==================================================*/
/* Query 5 - 2025-08-12 02:35:30 [1.72ms]  */
select * from `stl_instances` where `id` = '2' limit 1;
/*==================================================*/
/* Query 6 - 2025-08-12 02:35:30 [12.74ms]  */
select `key`, `value` from `strings_lookup_default` where `lang` = 'zh-CN';
/*==================================================*/
/* Query 7 - 2025-08-12 02:35:30 [2.6ms]  */
select * from `metrics`;
/*==================================================*/
/* Query 8 - 2025-08-12 02:35:30 [2.07ms]  */
select * from `stl_metrics` where `stl_id` = '1';
/*==================================================*/
/* Query 9 - 2025-08-12 02:35:30 [2.45ms]  */
select * from `competencies`;
/*==================================================*/
/* Query 10 - 2025-08-12 02:35:30 [2.25ms]  */
select * from `stl_competencies` where `stl_id` = '1';
/*==================================================*/
/* Query 11 - 2025-08-12 02:35:30 [2.03ms]  */
select * from `user_conversation_metrics` where `user_id` = '23693';
/*==================================================*/
/* Query 12 - 2025-08-12 02:35:30 [1.91ms]  */
select * from `stl_models` where `stl_id` = '1' limit 1;
/*==================================================*/
/* Query 13 - 2025-08-12 02:35:30 [2.29ms]  */
select * from `model_details` where `model_id` = '1';
/*==================================================*/
/* Query 14 - 2025-08-12 02:35:30 [2.05ms]  */
select * from `phases`;
/*==================================================*/
/* Query 15 - 2025-08-12 02:35:30 [2.05ms]  */
select * from `stl_phases` where `stl_id` = '1';
/*==================================================*/
/* Query 16 - 2025-08-12 02:35:30 [1.96ms]  */
select `users`.`id` as `id`, `users`.`name`, `users`.`email`, `users`.`grp_id`, `users`.`uli_id`, `users`.`lti_id`, `users`.`report_link`, `users`.`hash`, `users`.`is_demo_user`, `groups`.`sli_id`, `groups`.`timer_id`, `groups`.`lang`, `groups`.`no_of_rounds`, `groups`.`has_timer`, `groups`.`commonDB_group_id`, `groups`.`lti_group_id`, `groups`.`show_feedback`, `groups`.`reportType`, `groups`.`vac_enabled` from `users` inner join `groups` on `groups`.`id` = `users`.`grp_id` where `users`.`id` = '23693' and `users`.`deleted_at` is null limit 1;
/*==================================================*/
/* Query 17 - 2025-08-12 02:35:30 [1.81ms]  */
select * from `stl_instances` where `id` = '2' limit 1;
/*==================================================*/
/* Query 18 - 2025-08-12 02:35:30 [1.68ms]  */
select * from `user_progress` where `user_id` = '23693' and `name` = 'currentRound' limit 1;
/*==================================================*/
/* Query 19 - 2025-08-12 02:35:30 [1.99ms]  */
select * from `user_round_metrics` where `user_id` in ('23693');
/*==================================================*/
/* Query 20 - 2025-08-12 02:35:30 [1.99ms]  */
select * from `user_metrics` where `user_id` in ('23693');
/*==================================================*/
/* Query 21 - 2025-08-12 02:35:30 [2.66ms]  */
select * from `user_coachee_round_metrics` where `user_id` in ('23693') order by `round_no` asc;
/*==================================================*/
/* Query 22 - 2025-08-12 02:35:30 [2ms]  */
select * from `user_coachee_metrics` where `user_id` in ('23693');
/*==================================================*/
/* Query 23 - 2025-08-12 02:35:30 [1.78ms]  */
select * from `user_competencies` where `user_id` in ('23693');
/*==================================================*/
/* Query 24 - 2025-08-12 02:35:30 [1.73ms]  */
select * from `user_conversation_metrics` where `user_id` in ('23693');
/*==================================================*/
/* Query 25 - 2025-08-12 02:35:30 [1.69ms]  */
select * from `mean_sd_competency`;
/*==================================================*/
/* Query 26 - 2025-08-12 02:35:30 [1.6ms]  */
select * from `mean_sd_grow`;
/*==================================================*/
/* Query 27 - 2025-08-12 02:35:30 [1.73ms]  */
select * from `mean_sd_overall_metric_data`;
/*==================================================*/
/* Query 28 - 2025-08-12 02:35:30 [2.03ms]  */
select * from `mean_sd_overall_coachee_metric_data`;
/*==================================================*/
/* Query 29 - 2025-08-12 02:35:30 [2.43ms]  */
select `metrics`.`id` as `id`, `metrics`.`key` as `key` from `stl_metrics` inner join `metrics` on `stl_metrics`.`metric_id` = `metrics`.`id` where `stl_metrics`.`stl_id` = '1';
/*==================================================*/
/* Query 30 - 2025-08-12 02:35:30 [1.82ms]  */
select `competencies`.`id` as `id`, `competencies`.`key` as `key` from `stl_competencies` inner join `competencies` on `stl_competencies`.`competency_id` = `competencies`.`id` where `stl_competencies`.`stl_id` = '1';
/*==================================================*/
/* Query 31 - 2025-08-12 02:35:30 [1.5ms]  */
select `phases`.`id` as `id`, `phases`.`key` as `key` from `stl_phases` inner join `phases` on `stl_phases`.`phase_id` = `phases`.`id` where `stl_phases`.`stl_id` = '1';
/*==================================================*/
/* Query 32 - 2025-08-12 02:35:30 [12.43ms]  */
select `key`, `value` from `strings_lookup_default` where `lang` = 'zh-CN';
/*==================================================*/
/* Query 33 - 2025-08-12 02:35:32 [2.56ms]  */
select * from `users` where `id` = '23703' and `users`.`deleted_at` is null limit 1;
/*==================================================*/
/* Query 34 - 2025-08-12 02:35:32 [10.2ms]  */
update `users` set `report_link` = 'https://konsole-reports.knolskape.com/konsole-reports/24_Coachinag_com_lxUD2l.pdf', `updated_at` = '2025-08-12 02:35:32' where `id` = '23703';
/*==================================================*/
/* Query 33 - 2025-08-12 02:35:35 [1.67ms]  */
select * from `users` where `id` = '23693' and `users`.`deleted_at` is null limit 1;
/*==================================================*/
/* Query 34 - 2025-08-12 02:35:35 [8.02ms]  */
update `users` set `report_link` = 'https://konsole-reports.knolskape.com/konsole-reports/4_coaching_com_aTfCZH.pdf', `updated_at` = '2025-08-12 02:35:35' where `id` = '23693';
/*==================================================*/
/* Query 1 - 2025-08-12 02:35:36 [1.35ms]  */
select * from `user_timer_details` where `user_id` = '23730' limit 1;
/*==================================================*/
/* Query 2 - 2025-08-12 02:35:36 [7.58ms]  */
update `user_timer_details` set `time_remaining` = '2940', `updated_at` = '2025-08-12 02:35:36' where `id` = '22709';
/*==================================================*/
/* Query 1 - 2025-08-12 02:35:37 [2.06ms]  */
select * from `stl_models` where `stl_id` = '1' limit 1;
/*==================================================*/
/* Query 2 - 2025-08-12 02:35:37 [1.83ms]  */
select * from `model_details` where `model_id` = '1';
/*==================================================*/
/* Query 3 - 2025-08-12 02:35:37 [1.72ms]  */
select * from `statement_option_responses` where `option_id` = '77';
/*==================================================*/
/* Query 4 - 2025-08-12 02:35:37 [2.24ms]  */
select * from `statement_option_metrics` where `option_id` = '77';
/*==================================================*/
/* Query 5 - 2025-08-12 02:35:37 [2.03ms]  */
select * from `user_metrics` where `user_id` = '23697';
/*==================================================*/
/* Query 6 - 2025-08-12 02:35:37 [2.07ms]  */
select * from `user_coachee_metrics` where `user_id` = '23697' and `stl_coachee_id` = '1';
/*==================================================*/
/* Query 1 - 2025-08-12 02:35:37 [2.91ms]  */
select * from `user_timer_details` where `user_id` = '23722' limit 1;
/*==================================================*/
/* Query 7 - 2025-08-12 02:35:37 [7.26ms]  */
insert into `user_coachee_conversation_metrics` (`actual_delta`, `delta`, `previous_value`, `round_no`, `stl_coachee_id`, `stl_conversation_id`, `stl_metric_id`, `stl_phase_id`, `updated_value`, `user_id`) values ('4', '0', '100', '2', '1', '144', '1', '4', '100', '23697');
/*==================================================*/
/* Query 8 - 2025-08-12 02:35:37 [5.73ms]  */
INSERT INTO user_coachee_metrics (user_id, stl_coachee_id, stl_metric_id, value) VALUES  (23697, 1, 1, 100)   ON DUPLICATE KEY UPDATE `value` = VALUES(`value`);
/*==================================================*/
/* Query 2 - 2025-08-12 02:35:37 [7.02ms]  */
update `user_timer_details` set `time_remaining` = '2985', `updated_at` = '2025-08-12 02:35:37' where `id` = '22701';
/*==================================================*/
/* Query 9 - 2025-08-12 02:35:37 [4.86ms]  */
INSERT INTO user_coachee_round_metrics (user_id, round_no, stl_coachee_id, stl_metric_id, value) VALUES  (23697, 2, 1, 1, 100)   ON DUPLICATE KEY UPDATE `value` = VALUES(`value`);
/*==================================================*/
/* Query 10 - 2025-08-12 02:35:37 [8.18ms]  */
insert into `user_conversation_metrics` (`actual_delta`, `delta`, `previous_value`, `round_no`, `stl_coachee_id`, `stl_conversation_id`, `stl_metric_id`, `stl_phase_id`, `updated_value`, `user_id`) values ('4', '4', '56', '2', '1', '144', '2', '4', '60', '23697');
/*==================================================*/
/* Query 11 - 2025-08-12 02:35:37 [8.21ms]  */
INSERT INTO user_metrics (user_id, stl_metric_id, value) VALUES  (23697, 2, 60)   ON DUPLICATE KEY UPDATE `value` = VALUES(`value`);
/*==================================================*/
/* Query 12 - 2025-08-12 02:35:37 [8.04ms]  */
INSERT INTO user_round_metrics (user_id, round_no, stl_metric_id, value) VALUES  (23697, 2, 2, 60)   ON DUPLICATE KEY UPDATE `value` = VALUES(`value`);
/*==================================================*/
/* Query 13 - 2025-08-12 02:35:37 [7.44ms]  */
insert into `user_conversations` (`user_id`, `stl_conversation_id`) values ('23697', '144');
/*==================================================*/
/* Query 14 - 2025-08-12 02:35:37 [7.91ms]  */
insert into `user_selected_statement_options` (`response_id`, `stl_statement_id`, `stl_conversation_id`, `option_id`, `user_id`) values ('67', '44', '144', '77', '23697');
/*==================================================*/
/* Query 15 - 2025-08-12 02:35:37 [1.9ms]  */
select * from `user_round_progress` where `round_no` = '2' and `user_id` = '23697' and `name` = 'completedConversations' limit 1;
/*==================================================*/
/* Query 16 - 2025-08-12 02:35:37 [8.31ms]  */
update `user_round_progress` set `value` = '48', `updated_at` = '2025-08-12 02:35:37' where `id` = '592334';
/*==================================================*/
/* Query 17 - 2025-08-12 02:35:37 [2.15ms]  */
select * from `user_coachee_round_progress` where `stl_coachee_id` = '1' and `round_no` = '2' and `user_id` = '23697' and `name` = 'completedConversations' limit 1;
/*==================================================*/
/* Query 18 - 2025-08-12 02:35:37 [7.47ms]  */
update `user_coachee_round_progress` set `value` = '12', `updated_at` = '2025-08-12 02:35:37' where `id` = '864083';
/*==================================================*/
/* Query 19 - 2025-08-12 02:35:37 [2.08ms]  */
select * from `user_coachee_round_phase_details` where `stl_coachee_id` = '1' and `stl_round_phase_id` = '11' and `user_id` = '23697' limit 1;
/*==================================================*/
/* Query 20 - 2025-08-12 02:35:37 [7.24ms]  */
update `user_coachee_round_phase_details` set `completed_conversations` = '3', `updated_at` = '2025-08-12 02:35:37' where `id` = '639773';
/*==================================================*/
/* Query 21 - 2025-08-12 02:35:37 [2.11ms]  */
select `name`, `value`, `round_no`, `stl_coachee_id` from `user_coachee_round_progress` where `user_id` = '23697';
/*==================================================*/
/* Query 22 - 2025-08-12 02:35:37 [2.15ms]  */
select `name`, `value`, `round_no` from `user_round_progress` where `user_id` = '23697';
/*==================================================*/
/* Query 23 - 2025-08-12 02:35:37 [2ms]  */
select * from `events`;
/*==================================================*/
/* Query 24 - 2025-08-12 02:35:37 [1.44ms]  */
select * from `event_conditions`;
/*==================================================*/
/* Query 25 - 2025-08-12 02:35:37 [1.78ms]  */
select * from `event_types`;
/*==================================================*/
/* Query 26 - 2025-08-12 02:35:37 [2.08ms]  */
select * from `event_sources`;
/*==================================================*/
/* Query 27 - 2025-08-12 02:35:37 [2.12ms]  */
select * from `event_options`;
/*==================================================*/
/* Query 28 - 2025-08-12 02:35:37 [1.72ms]  */
select * from `event_option_response`;
/*==================================================*/
/* Query 29 - 2025-08-12 02:35:37 [2.06ms]  */
select * from `stl_events` where `stl_id` = '1' and `round_no` = '2';
/*==================================================*/
/* Query 30 - 2025-08-12 02:35:37 [2.49ms]  */
select * from `user_conversation_metrics` where `user_id` = '23697' and `round_no` = '2';
/*==================================================*/
/* Query 31 - 2025-08-12 02:35:37 [1.85ms]  */
select * from `user_events` where `user_id` = '23697' and `round_no` = '2';
/*==================================================*/
/* Query 32 - 2025-08-12 02:35:37 [2.05ms]  */
select `name`, `value` from `user_round_progress` where `user_id` = '23697' and `round_no` = '2';
/*==================================================*/
/* Query 33 - 2025-08-12 02:35:37 [8.51ms]  */
insert into `user_events` (`duration_percentage`, `round_no`, `selected_coachee_id`, `stl_event_id`, `user_id`) values ('0.52', '2', '', '9', '23697');
/*==================================================*/
/* Query 1 - 2025-08-12 02:35:37 [1.63ms]  */
select * from `user_timer_details` where `user_id` = '23714' limit 1;
/*==================================================*/
/* Query 2 - 2025-08-12 02:35:37 [7.13ms]  */
update `user_timer_details` set `time_remaining` = '2925', `updated_at` = '2025-08-12 02:35:37' where `id` = '22693';
/*==================================================*/
/* Query 1 - 2025-08-12 02:35:39 [1.4ms]  */
select * from `user_timer_details` where `user_id` = '23689' limit 1;
/*==================================================*/
/* Query 1 - 2025-08-12 02:35:40 [1.68ms]  */
select * from `stl_models` where `stl_id` = '1' limit 1;
/*==================================================*/
/* Query 2 - 2025-08-12 02:35:40 [2.03ms]  */
select * from `model_details` where `model_id` = '1';
/*==================================================*/
/* Query 3 - 2025-08-12 02:35:40 [1.99ms]  */
select * from `statement_option_responses` where `option_id` = '132';
/*==================================================*/
/* Query 4 - 2025-08-12 02:35:40 [1.75ms]  */
select * from `statement_option_metrics` where `option_id` = '132';
/*==================================================*/
/* Query 5 - 2025-08-12 02:35:40 [1.95ms]  */
select * from `user_metrics` where `user_id` = '23719';
/*==================================================*/
/* Query 6 - 2025-08-12 02:35:40 [1.76ms]  */
select * from `user_coachee_metrics` where `user_id` = '23719' and `stl_coachee_id` = '2';
/*==================================================*/
/* Query 7 - 2025-08-12 02:35:40 [7.84ms]  */
insert into `user_conversations` (`user_id`, `stl_conversation_id`) values ('23719', '272');
/*==================================================*/
/* Query 8 - 2025-08-12 02:35:40 [7.33ms]  */
insert into `user_selected_statement_options` (`response_id`, `stl_statement_id`, `stl_conversation_id`, `option_id`, `user_id`) values ('118', '73', '272', '132', '23719');
/*==================================================*/
/* Query 9 - 2025-08-12 02:35:40 [1.88ms]  */
select * from `user_round_progress` where `round_no` = '1' and `user_id` = '23719' and `name` = 'completedConversations' limit 1;
/*==================================================*/
/* Query 10 - 2025-08-12 02:35:40 [7.24ms]  */
update `user_round_progress` set `value` = '54', `updated_at` = '2025-08-12 02:35:40' where `id` = '592866';
/*==================================================*/
/* Query 11 - 2025-08-12 02:35:40 [1.96ms]  */
select * from `user_coachee_round_progress` where `stl_coachee_id` = '2' and `round_no` = '1' and `user_id` = '23719' and `name` = 'completedConversations' limit 1;
/*==================================================*/
/* Query 12 - 2025-08-12 02:35:40 [7.89ms]  */
update `user_coachee_round_progress` set `value` = '25', `updated_at` = '2025-08-12 02:35:40' where `id` = '865007';
/*==================================================*/
/* Query 13 - 2025-08-12 02:35:40 [1.91ms]  */
select * from `user_coachee_round_phase_details` where `stl_coachee_id` = '2' and `stl_round_phase_id` = '5' and `user_id` = '23719' limit 1;
/*==================================================*/
/* Query 14 - 2025-08-12 02:35:40 [7.21ms]  */
update `user_coachee_round_phase_details` set `completed_conversations` = '2', `updated_at` = '2025-08-12 02:35:40' where `id` = '640373';
/*==================================================*/
/* Query 15 - 2025-08-12 02:35:40 [1.91ms]  */
select `name`, `value`, `round_no`, `stl_coachee_id` from `user_coachee_round_progress` where `user_id` = '23719';
/*==================================================*/
/* Query 16 - 2025-08-12 02:35:40 [2.02ms]  */
select `name`, `value`, `round_no` from `user_round_progress` where `user_id` = '23719';
/*==================================================*/
/* Query 17 - 2025-08-12 02:35:40 [1.64ms]  */
select * from `events`;
/*==================================================*/
/* Query 18 - 2025-08-12 02:35:40 [1.75ms]  */
select * from `event_conditions`;
/*==================================================*/
/* Query 19 - 2025-08-12 02:35:40 [1.47ms]  */
select * from `event_types`;
/*==================================================*/
/* Query 20 - 2025-08-12 02:35:40 [1.45ms]  */
select * from `event_sources`;
/*==================================================*/
/* Query 21 - 2025-08-12 02:35:40 [1.82ms]  */
select * from `event_options`;
/*==================================================*/
/* Query 22 - 2025-08-12 02:35:40 [1.61ms]  */
select * from `event_option_response`;
/*==================================================*/
/* Query 23 - 2025-08-12 02:35:40 [1.99ms]  */
select * from `stl_events` where `stl_id` = '1' and `round_no` = '1';
/*==================================================*/
/* Query 24 - 2025-08-12 02:35:40 [1.92ms]  */
select * from `user_conversation_metrics` where `user_id` = '23719' and `round_no` = '1';
/*==================================================*/
/* Query 25 - 2025-08-12 02:35:40 [1.5ms]  */
select * from `user_events` where `user_id` = '23719' and `round_no` = '1';
/*==================================================*/
/* Query 26 - 2025-08-12 02:35:40 [1.7ms]  */
select `name`, `value` from `user_round_progress` where `user_id` = '23719' and `round_no` = '1';
/*==================================================*/
/* Query 1 - 2025-08-12 02:35:40 [1.31ms]  */
select * from `stl_models` where `stl_id` = '1' limit 1;
/*==================================================*/
/* Query 2 - 2025-08-12 02:35:40 [3.36ms]  */
select * from `model_details` where `model_id` = '1';
/*==================================================*/
/* Query 3 - 2025-08-12 02:35:40 [1.63ms]  */
select * from `statement_option_responses` where `option_id` = '198';
/*==================================================*/
/* Query 4 - 2025-08-12 02:35:40 [1.43ms]  */
select * from `statement_option_metrics` where `option_id` = '198';
/*==================================================*/
/* Query 5 - 2025-08-12 02:35:40 [1.89ms]  */
select * from `user_metrics` where `user_id` = '23731';
/*==================================================*/
/* Query 6 - 2025-08-12 02:35:40 [3.82ms]  */
select * from `user_coachee_metrics` where `user_id` = '23731' and `stl_coachee_id` = '3';
/*==================================================*/
/* Query 7 - 2025-08-12 02:35:40 [7.5ms]  */
insert into `user_coachee_conversation_metrics` (`actual_delta`, `delta`, `previous_value`, `round_no`, `stl_coachee_id`, `stl_conversation_id`, `stl_metric_id`, `stl_phase_id`, `updated_value`, `user_id`) values ('2', '2', '38', '1', '3', '410', '1', '3', '40', '23731');
/*==================================================*/
/* Query 8 - 2025-08-12 02:35:40 [6.44ms]  */
INSERT INTO user_coachee_metrics (user_id, stl_coachee_id, stl_metric_id, value) VALUES  (23731, 3, 1, 40)   ON DUPLICATE KEY UPDATE `value` = VALUES(`value`);
/*==================================================*/
/* Query 9 - 2025-08-12 02:35:40 [6.61ms]  */
INSERT INTO user_coachee_round_metrics (user_id, round_no, stl_coachee_id, stl_metric_id, value) VALUES  (23731, 1, 3, 1, 40)   ON DUPLICATE KEY UPDATE `value` = VALUES(`value`);
/*==================================================*/
/* Query 10 - 2025-08-12 02:35:40 [6.62ms]  */
insert into `user_conversation_metrics` (`actual_delta`, `delta`, `previous_value`, `round_no`, `stl_coachee_id`, `stl_conversation_id`, `stl_metric_id`, `stl_phase_id`, `updated_value`, `user_id`) values ('2', '2', '34', '1', '3', '410', '2', '3', '36', '23731');
/*==================================================*/
/* Query 11 - 2025-08-12 02:35:40 [7ms]  */
INSERT INTO user_metrics (user_id, stl_metric_id, value) VALUES  (23731, 2, 36)   ON DUPLICATE KEY UPDATE `value` = VALUES(`value`);
/*==================================================*/
/* Query 12 - 2025-08-12 02:35:40 [7.42ms]  */
INSERT INTO user_round_metrics (user_id, round_no, stl_metric_id, value) VALUES  (23731, 1, 2, 36)   ON DUPLICATE KEY UPDATE `value` = VALUES(`value`);
/*==================================================*/
/* Query 13 - 2025-08-12 02:35:40 [7.53ms]  */
insert into `user_conversations` (`user_id`, `stl_conversation_id`) values ('23731', '410');
/*==================================================*/
/* Query 14 - 2025-08-12 02:35:40 [7.12ms]  */
insert into `user_selected_statement_options` (`response_id`, `stl_statement_id`, `stl_conversation_id`, `option_id`, `user_id`) values ('174', '111', '410', '198', '23731');
/*==================================================*/
/* Query 15 - 2025-08-12 02:35:40 [2.42ms]  */
select * from `user_round_progress` where `round_no` = '1' and `user_id` = '23731' and `name` = 'completedConversations' limit 1;
/*==================================================*/
/* Query 16 - 2025-08-12 02:35:40 [7.49ms]  */
update `user_round_progress` set `value` = '43', `updated_at` = '2025-08-12 02:35:40' where `id` = '593098';
/*==================================================*/
/* Query 17 - 2025-08-12 02:35:40 [2.51ms]  */
select * from `user_coachee_round_progress` where `stl_coachee_id` = '3' and `round_no` = '1' and `user_id` = '23731' and `name` = 'completedConversations' limit 1;
/*==================================================*/
/* Query 18 - 2025-08-12 02:35:40 [7.11ms]  */
update `user_coachee_round_progress` set `value` = '15', `updated_at` = '2025-08-12 02:35:40' where `id` = '865328';
/*==================================================*/
/* Query 19 - 2025-08-12 02:35:40 [1.84ms]  */
select * from `user_coachee_round_phase_details` where `stl_coachee_id` = '3' and `stl_round_phase_id` = '3' and `user_id` = '23731' limit 1;
/*==================================================*/
/* Query 20 - 2025-08-12 02:35:40 [7.04ms]  */
update `user_coachee_round_phase_details` set `completed_conversations` = '1', `updated_at` = '2025-08-12 02:35:40' where `id` = '640704';
/*==================================================*/
/* Query 21 - 2025-08-12 02:35:40 [2.68ms]  */
select `name`, `value`, `round_no`, `stl_coachee_id` from `user_coachee_round_progress` where `user_id` = '23731';
/*==================================================*/
/* Query 22 - 2025-08-12 02:35:40 [2.02ms]  */
select `name`, `value`, `round_no` from `user_round_progress` where `user_id` = '23731';
/*==================================================*/
/* Query 23 - 2025-08-12 02:35:40 [1.68ms]  */
select * from `events`;
/*==================================================*/
/* Query 24 - 2025-08-12 02:35:40 [1.5ms]  */
select * from `event_conditions`;
/*==================================================*/
/* Query 25 - 2025-08-12 02:35:40 [1.15ms]  */
select * from `event_types`;
/*==================================================*/
/* Query 26 - 2025-08-12 02:35:40 [1.41ms]  */
select * from `event_sources`;
/*==================================================*/
/* Query 27 - 2025-08-12 02:35:40 [1.47ms]  */
select * from `event_options`;
/*==================================================*/
/* Query 28 - 2025-08-12 02:35:40 [1.6ms]  */
select * from `event_option_response`;
/*==================================================*/
/* Query 29 - 2025-08-12 02:35:40 [2.68ms]  */
select * from `stl_events` where `stl_id` = '1' and `round_no` = '1';
/*==================================================*/
/* Query 30 - 2025-08-12 02:35:40 [2.95ms]  */
select * from `user_conversation_metrics` where `user_id` = '23731' and `round_no` = '1';
/*==================================================*/
/* Query 31 - 2025-08-12 02:35:40 [1.78ms]  */
select * from `user_events` where `user_id` = '23731' and `round_no` = '1';
/*==================================================*/
/* Query 32 - 2025-08-12 02:35:40 [1.57ms]  */
select `name`, `value` from `user_round_progress` where `user_id` = '23731' and `round_no` = '1';
/*==================================================*/
/* Query 1 - 2025-08-12 02:35:42 [1.49ms]  */
select * from `stl_models` where `stl_id` = '1' limit 1;
/*==================================================*/
/* Query 2 - 2025-08-12 02:35:42 [2.46ms]  */
select * from `model_details` where `model_id` = '1';
/*==================================================*/
/* Query 3 - 2025-08-12 02:35:42 [1.6ms]  */
select * from `statement_option_responses` where `option_id` = '175';
/*==================================================*/
/* Query 4 - 2025-08-12 02:35:42 [1.49ms]  */
select * from `statement_option_metrics` where `option_id` = '175';
/*==================================================*/
/* Query 5 - 2025-08-12 02:35:42 [1.27ms]  */
select * from `user_metrics` where `user_id` = '23705';
/*==================================================*/
/* Query 6 - 2025-08-12 02:35:42 [1.44ms]  */
select * from `user_coachee_metrics` where `user_id` = '23705' and `stl_coachee_id` = '3';
/*==================================================*/
/* Query 7 - 2025-08-12 02:35:42 [8.35ms]  */
insert into `user_conversations` (`user_id`, `stl_conversation_id`) values ('23705', '395');
/*==================================================*/
/* Query 8 - 2025-08-12 02:35:42 [7.84ms]  */
insert into `user_selected_statement_options` (`response_id`, `stl_statement_id`, `stl_conversation_id`, `option_id`, `user_id`) values ('152', '96', '395', '175', '23705');
/*==================================================*/
/* Query 9 - 2025-08-12 02:35:42 [1.3ms]  */
select * from `user_round_progress` where `round_no` = '1' and `user_id` = '23705' and `name` = 'completedConversations' limit 1;
/*==================================================*/
/* Query 10 - 2025-08-12 02:35:42 [15.91ms]  */
update `user_round_progress` set `value` = '52', `updated_at` = '2025-08-12 02:35:42' where `id` = '592515';
/*==================================================*/
/* Query 11 - 2025-08-12 02:35:42 [1.81ms]  */
select * from `user_coachee_round_progress` where `stl_coachee_id` = '3' and `round_no` = '1' and `user_id` = '23705' and `name` = 'completedConversations' limit 1;
/*==================================================*/
/* Query 12 - 2025-08-12 02:35:42 [9.07ms]  */
update `user_coachee_round_progress` set `value` = '4', `updated_at` = '2025-08-12 02:35:42' where `id` = '864365';
/*==================================================*/
/* Query 13 - 2025-08-12 02:35:42 [1.83ms]  */
select * from `user_coachee_round_phase_details` where `stl_coachee_id` = '3' and `stl_round_phase_id` = '2' and `user_id` = '23705' limit 1;
/*==================================================*/
/* Query 14 - 2025-08-12 02:35:42 [8.24ms]  */
update `user_coachee_round_phase_details` set `completed_conversations` = '2', `updated_at` = '2025-08-12 02:35:42' where `id` = '640001';
/*==================================================*/
/* Query 15 - 2025-08-12 02:35:42 [1.88ms]  */
select `name`, `value`, `round_no`, `stl_coachee_id` from `user_coachee_round_progress` where `user_id` = '23705';
/*==================================================*/
/* Query 16 - 2025-08-12 02:35:42 [2.58ms]  */
select `name`, `value`, `round_no` from `user_round_progress` where `user_id` = '23705';
/*==================================================*/
/* Query 17 - 2025-08-12 02:35:42 [1.66ms]  */
select * from `events`;
/*==================================================*/
/* Query 18 - 2025-08-12 02:35:42 [1.83ms]  */
select * from `event_conditions`;
/*==================================================*/
/* Query 19 - 2025-08-12 02:35:42 [1.59ms]  */
select * from `event_types`;
/*==================================================*/
/* Query 20 - 2025-08-12 02:35:42 [1.65ms]  */
select * from `event_sources`;
/*==================================================*/
/* Query 21 - 2025-08-12 02:35:42 [1.27ms]  */
select * from `event_options`;
/*==================================================*/
/* Query 22 - 2025-08-12 02:35:42 [1.25ms]  */
select * from `event_option_response`;
/*==================================================*/
/* Query 23 - 2025-08-12 02:35:42 [1.65ms]  */
select * from `stl_events` where `stl_id` = '1' and `round_no` = '1';
/*==================================================*/
/* Query 24 - 2025-08-12 02:35:42 [1.45ms]  */
select * from `user_conversation_metrics` where `user_id` = '23705' and `round_no` = '1';
/*==================================================*/
/* Query 25 - 2025-08-12 02:35:42 [1.42ms]  */
select * from `user_events` where `user_id` = '23705' and `round_no` = '1';
/*==================================================*/
/* Query 26 - 2025-08-12 02:35:42 [1.27ms]  */
select `name`, `value` from `user_round_progress` where `user_id` = '23705' and `round_no` = '1';
/*==================================================*/
/* Query 1 - 2025-08-12 02:35:42 [1.26ms]  */
select * from `user_timer_details` where `user_id` = '23727' limit 1;
/*==================================================*/
/* Query 2 - 2025-08-12 02:35:42 [7.72ms]  */
update `user_timer_details` set `time_remaining` = '2955', `updated_at` = '2025-08-12 02:35:42' where `id` = '22706';
/*==================================================*/
/* Query 1 - 2025-08-12 02:35:45 [1.83ms]  */
select `id` from `users` where `hash` = '9omV5cAIh7qOA8mGeFCdXdRGoxZeEEjwCoBj4rTRqtGUlHl8qk1754963467' and `users`.`deleted_at` is null limit 1;
/*==================================================*/
/* Query 2 - 2025-08-12 02:35:45 [2.05ms]  */
select `users`.`id` as `id`, `users`.`name`, `users`.`email`, `users`.`grp_id`, `users`.`uli_id`, `users`.`lti_id`, `users`.`report_link`, `users`.`hash`, `users`.`is_demo_user`, `groups`.`sli_id`, `groups`.`timer_id`, `groups`.`lang`, `groups`.`no_of_rounds`, `groups`.`has_timer`, `groups`.`commonDB_group_id`, `groups`.`lti_group_id`, `groups`.`show_feedback`, `groups`.`reportType`, `groups`.`vac_enabled` from `users` inner join `groups` on `groups`.`id` = `users`.`grp_id` where `users`.`id` = '23689' and `users`.`deleted_at` is null limit 1;
/*==================================================*/
/* Query 3 - 2025-08-12 02:35:45 [1.74ms]  */
select * from `stl_instances` where `stl_instances`.`id` = '2' limit 1;
/*==================================================*/
/* Query 4 - 2025-08-12 02:35:45 [1.81ms]  */
select * from `stl_instances` limit 1;
/*==================================================*/
/* Query 5 - 2025-08-12 02:35:45 [1.66ms]  */
select * from `stl_instances` where `id` = '2' limit 1;
/*==================================================*/
/* Query 6 - 2025-08-12 02:35:45 [11.97ms]  */
select `key`, `value` from `strings_lookup_default` where `lang` = 'zh-CN';
/*==================================================*/
/* Query 7 - 2025-08-12 02:35:45 [1.96ms]  */
select * from `metrics`;
/*==================================================*/
/* Query 8 - 2025-08-12 02:35:45 [1.7ms]  */
select * from `stl_metrics` where `stl_id` = '1';
/*==================================================*/
/* Query 9 - 2025-08-12 02:35:45 [1.87ms]  */
select * from `competencies`;
/*==================================================*/
/* Query 10 - 2025-08-12 02:35:45 [1.84ms]  */
select * from `stl_competencies` where `stl_id` = '1';
/*==================================================*/
/* Query 11 - 2025-08-12 02:35:45 [4.44ms]  */
select * from `user_conversation_metrics` where `user_id` = '23689';
/*==================================================*/
/* Query 12 - 2025-08-12 02:35:45 [1.84ms]  */
select * from `stl_models` where `stl_id` = '1' limit 1;
/*==================================================*/
/* Query 13 - 2025-08-12 02:35:45 [2.06ms]  */
select * from `model_details` where `model_id` = '1';
/*==================================================*/
/* Query 14 - 2025-08-12 02:35:45 [1.9ms]  */
select * from `phases`;
/*==================================================*/
/* Query 15 - 2025-08-12 02:35:45 [2.08ms]  */
select * from `stl_phases` where `stl_id` = '1';
/*==================================================*/
/* Query 16 - 2025-08-12 02:35:45 [3.2ms]  */
select `users`.`id` as `id`, `users`.`name`, `users`.`email`, `users`.`grp_id`, `users`.`uli_id`, `users`.`lti_id`, `users`.`report_link`, `users`.`hash`, `users`.`is_demo_user`, `groups`.`sli_id`, `groups`.`timer_id`, `groups`.`lang`, `groups`.`no_of_rounds`, `groups`.`has_timer`, `groups`.`commonDB_group_id`, `groups`.`lti_group_id`, `groups`.`show_feedback`, `groups`.`reportType`, `groups`.`vac_enabled` from `users` inner join `groups` on `groups`.`id` = `users`.`grp_id` where `users`.`id` = '23689' and `users`.`deleted_at` is null limit 1;
/*==================================================*/
/* Query 17 - 2025-08-12 02:35:45 [1.98ms]  */
select * from `stl_instances` where `id` = '2' limit 1;
/*==================================================*/
/* Query 18 - 2025-08-12 02:35:45 [1.66ms]  */
select * from `user_progress` where `user_id` = '23689' and `name` = 'currentRound' limit 1;
/*==================================================*/
/* Query 19 - 2025-08-12 02:35:45 [1.57ms]  */
select * from `user_round_metrics` where `user_id` in ('23689');
/*==================================================*/
/* Query 20 - 2025-08-12 02:35:45 [1.45ms]  */
select * from `user_metrics` where `user_id` in ('23689');
/*==================================================*/
/* Query 21 - 2025-08-12 02:35:45 [1.9ms]  */
select * from `user_coachee_round_metrics` where `user_id` in ('23689') order by `round_no` asc;
/*==================================================*/
/* Query 22 - 2025-08-12 02:35:45 [1.55ms]  */
select * from `user_coachee_metrics` where `user_id` in ('23689');
/*==================================================*/
/* Query 23 - 2025-08-12 02:35:45 [1.83ms]  */
select * from `user_competencies` where `user_id` in ('23689');
/*==================================================*/
/* Query 24 - 2025-08-12 02:35:45 [2.16ms]  */
select * from `user_conversation_metrics` where `user_id` in ('23689');
/*==================================================*/
/* Query 25 - 2025-08-12 02:35:45 [1.83ms]  */
select * from `mean_sd_competency`;
/*==================================================*/
/* Query 26 - 2025-08-12 02:35:45 [1.97ms]  */
select * from `mean_sd_grow`;
/*==================================================*/
/* Query 27 - 2025-08-12 02:35:45 [1.83ms]  */
select * from `mean_sd_overall_metric_data`;
/*==================================================*/
/* Query 28 - 2025-08-12 02:35:45 [1.76ms]  */
select * from `mean_sd_overall_coachee_metric_data`;
/*==================================================*/
/* Query 29 - 2025-08-12 02:35:45 [1.83ms]  */
select `metrics`.`id` as `id`, `metrics`.`key` as `key` from `stl_metrics` inner join `metrics` on `stl_metrics`.`metric_id` = `metrics`.`id` where `stl_metrics`.`stl_id` = '1';
/*==================================================*/
/* Query 30 - 2025-08-12 02:35:45 [1.89ms]  */
select `competencies`.`id` as `id`, `competencies`.`key` as `key` from `stl_competencies` inner join `competencies` on `stl_competencies`.`competency_id` = `competencies`.`id` where `stl_competencies`.`stl_id` = '1';
/*==================================================*/
/* Query 31 - 2025-08-12 02:35:45 [1.79ms]  */
select `phases`.`id` as `id`, `phases`.`key` as `key` from `stl_phases` inner join `phases` on `stl_phases`.`phase_id` = `phases`.`id` where `stl_phases`.`stl_id` = '1';
/*==================================================*/
/* Query 32 - 2025-08-12 02:35:45 [11.53ms]  */
select `key`, `value` from `strings_lookup_default` where `lang` = 'zh-CN';
/*==================================================*/
/* Query 1 - 2025-08-12 02:35:45 [1.56ms]  */
select * from `user_timer_details` where `user_id` = '23710' limit 1;
/*==================================================*/
/* Query 2 - 2025-08-12 02:35:45 [8.43ms]  */
update `user_timer_details` set `time_remaining` = '2925', `updated_at` = '2025-08-12 02:35:45' where `id` = '22689';
/*==================================================*/
/* Query 1 - 2025-08-12 02:35:49 [1.73ms]  */
select * from `user_timer_details` where `user_id` = '23725' limit 1;
/*==================================================*/
/* Query 2 - 2025-08-12 02:35:49 [8.67ms]  */
update `user_timer_details` set `time_remaining` = '2940', `updated_at` = '2025-08-12 02:35:49' where `id` = '22704';
/*==================================================*/
/* Query 33 - 2025-08-12 02:35:50 [2.13ms]  */
select * from `users` where `id` = '23689' and `users`.`deleted_at` is null limit 1;
/*==================================================*/
/* Query 34 - 2025-08-12 02:35:50 [9.2ms]  */
update `users` set `report_link` = 'https://konsole-reports.knolskape.com/konsole-reports/14_coaching_com_uiZEv3.pdf', `updated_at` = '2025-08-12 02:35:50' where `id` = '23689';
/*==================================================*/
/* Query 1 - 2025-08-12 02:35:51 [1.92ms]  */
select * from `user_timer_details` where `user_id` = '23730' limit 1;
/*==================================================*/
/* Query 2 - 2025-08-12 02:35:51 [7.94ms]  */
update `user_timer_details` set `time_remaining` = '2925', `updated_at` = '2025-08-12 02:35:51' where `id` = '22709';
/*==================================================*/
/* Query 1 - 2025-08-12 02:35:51 [2.29ms]  */
select * from `user_timer_details` where `user_id` = '23713' limit 1;
/*==================================================*/
/* Query 2 - 2025-08-12 02:35:51 [8.84ms]  */
update `user_timer_details` set `time_remaining` = '2910', `updated_at` = '2025-08-12 02:35:51' where `id` = '22692';
/*==================================================*/
/* Query 1 - 2025-08-12 02:35:53 [1.42ms]  */
select * from `user_timer_details` where `user_id` = '23711' limit 1;
/*==================================================*/
/* Query 2 - 2025-08-12 02:35:53 [8.38ms]  */
update `user_timer_details` set `time_remaining` = '2925', `updated_at` = '2025-08-12 02:35:53' where `id` = '22690';
/*==================================================*/
/* Query 1 - 2025-08-12 02:35:54 [1.39ms]  */
select * from `user_timer_details` where `user_id` = '23707' limit 1;
/*==================================================*/
/* Query 2 - 2025-08-12 02:35:54 [7.4ms]  */
update `user_timer_details` set `time_remaining` = '2910', `updated_at` = '2025-08-12 02:35:54' where `id` = '22686';
/*==================================================*/
/* Query 1 - 2025-08-12 02:35:54 [1.17ms]  */
select * from `user_timer_details` where `user_id` = '23715' limit 1;
/*==================================================*/
/* Query 1 - 2025-08-12 02:35:56 [1.69ms]  */
select * from `stl_models` where `stl_id` = '1' limit 1;
/*==================================================*/
/* Query 2 - 2025-08-12 02:35:56 [1.98ms]  */
select * from `model_details` where `model_id` = '1';
/*==================================================*/
/* Query 3 - 2025-08-12 02:35:56 [1.85ms]  */
select * from `statement_option_responses` where `option_id` = '123';
/*==================================================*/
/* Query 4 - 2025-08-12 02:35:56 [1.66ms]  */
select * from `statement_option_metrics` where `option_id` = '123';
/*==================================================*/
/* Query 5 - 2025-08-12 02:35:56 [1.76ms]  */
select * from `user_metrics` where `user_id` = '23716';
/*==================================================*/
/* Query 6 - 2025-08-12 02:35:56 [1.87ms]  */
select * from `user_coachee_metrics` where `user_id` = '23716' and `stl_coachee_id` = '2';
/*==================================================*/
/* Query 7 - 2025-08-12 02:35:56 [9.54ms]  */
insert into `user_coachee_conversation_metrics` (`actual_delta`, `delta`, `previous_value`, `round_no`, `stl_coachee_id`, `stl_conversation_id`, `stl_metric_id`, `stl_phase_id`, `updated_value`, `user_id`) values ('4', '4', '65', '1', '2', '268', '1', '4', '69', '23716');
/*==================================================*/
/* Query 8 - 2025-08-12 02:35:56 [9.02ms]  */
INSERT INTO user_coachee_metrics (user_id, stl_coachee_id, stl_metric_id, value) VALUES  (23716, 2, 1, 69)   ON DUPLICATE KEY UPDATE `value` = VALUES(`value`);
/*==================================================*/
/* Query 9 - 2025-08-12 02:35:56 [11.45ms]  */
INSERT INTO user_coachee_round_metrics (user_id, round_no, stl_coachee_id, stl_metric_id, value) VALUES  (23716, 1, 2, 1, 69)   ON DUPLICATE KEY UPDATE `value` = VALUES(`value`);
/*==================================================*/
/* Query 10 - 2025-08-12 02:35:56 [9.06ms]  */
insert into `user_conversation_metrics` (`actual_delta`, `delta`, `previous_value`, `round_no`, `stl_coachee_id`, `stl_conversation_id`, `stl_metric_id`, `stl_phase_id`, `updated_value`, `user_id`) values ('4', '4', '34', '1', '2', '268', '2', '4', '38', '23716');
/*==================================================*/
/* Query 11 - 2025-08-12 02:35:56 [8.67ms]  */
INSERT INTO user_metrics (user_id, stl_metric_id, value) VALUES  (23716, 2, 38)   ON DUPLICATE KEY UPDATE `value` = VALUES(`value`);
/*==================================================*/
/* Query 12 - 2025-08-12 02:35:56 [9.55ms]  */
INSERT INTO user_round_metrics (user_id, round_no, stl_metric_id, value) VALUES  (23716, 1, 2, 38)   ON DUPLICATE KEY UPDATE `value` = VALUES(`value`);
/*==================================================*/
/* Query 13 - 2025-08-12 02:35:56 [9ms]  */
insert into `user_conversations` (`user_id`, `stl_conversation_id`) values ('23716', '268');
/*==================================================*/
/* Query 14 - 2025-08-12 02:35:56 [7.93ms]  */
insert into `user_selected_statement_options` (`response_id`, `stl_statement_id`, `stl_conversation_id`, `option_id`, `user_id`) values ('109', '69', '268', '123', '23716');
/*==================================================*/
/* Query 15 - 2025-08-12 02:35:56 [1.59ms]  */
select * from `user_round_progress` where `round_no` = '1' and `user_id` = '23716' and `name` = 'completedConversations' limit 1;
/*==================================================*/
/* Query 16 - 2025-08-12 02:35:56 [7.96ms]  */
update `user_round_progress` set `value` = '50', `updated_at` = '2025-08-12 02:35:56' where `id` = '592816';
/*==================================================*/
/* Query 17 - 2025-08-12 02:35:56 [1.85ms]  */
select * from `user_coachee_round_progress` where `stl_coachee_id` = '2' and `round_no` = '1' and `user_id` = '23716' and `name` = 'completedConversations' limit 1;
/*==================================================*/
/* Query 18 - 2025-08-12 02:35:56 [8.36ms]  */
update `user_coachee_round_progress` set `value` = '21', `updated_at` = '2025-08-12 02:35:56' where `id` = '864936';
/*==================================================*/
/* Query 19 - 2025-08-12 02:35:56 [2.11ms]  */
select * from `user_coachee_round_phase_details` where `stl_coachee_id` = '2' and `stl_round_phase_id` = '4' and `user_id` = '23716' limit 1;
/*==================================================*/
/* Query 20 - 2025-08-12 02:35:56 [8.23ms]  */
update `user_coachee_round_phase_details` set `completed_conversations` = '1', `updated_at` = '2025-08-12 02:35:56' where `id` = '640291';
/*==================================================*/
/* Query 21 - 2025-08-12 02:35:56 [2.2ms]  */
select `name`, `value`, `round_no`, `stl_coachee_id` from `user_coachee_round_progress` where `user_id` = '23716';
/*==================================================*/
/* Query 22 - 2025-08-12 02:35:56 [1.64ms]  */
select `name`, `value`, `round_no` from `user_round_progress` where `user_id` = '23716';
/*==================================================*/
/* Query 23 - 2025-08-12 02:35:56 [1.77ms]  */
select * from `events`;
/*==================================================*/
/* Query 24 - 2025-08-12 02:35:56 [1.58ms]  */
select * from `event_conditions`;
/*==================================================*/
/* Query 25 - 2025-08-12 02:35:56 [1.8ms]  */
select * from `event_types`;
/*==================================================*/
/* Query 26 - 2025-08-12 02:35:56 [1.91ms]  */
select * from `event_sources`;
/*==================================================*/
/* Query 27 - 2025-08-12 02:35:56 [1.75ms]  */
select * from `event_options`;
/*==================================================*/
/* Query 28 - 2025-08-12 02:35:56 [1.65ms]  */
select * from `event_option_response`;
/*==================================================*/
/* Query 29 - 2025-08-12 02:35:56 [1.92ms]  */
select * from `stl_events` where `stl_id` = '1' and `round_no` = '1';
/*==================================================*/
/* Query 30 - 2025-08-12 02:35:56 [1.67ms]  */
select * from `user_conversation_metrics` where `user_id` = '23716' and `round_no` = '1';
/*==================================================*/
/* Query 31 - 2025-08-12 02:35:56 [2.01ms]  */
select * from `user_events` where `user_id` = '23716' and `round_no` = '1';
/*==================================================*/
/* Query 32 - 2025-08-12 02:35:56 [1.77ms]  */
select `name`, `value` from `user_round_progress` where `user_id` = '23716' and `round_no` = '1';
/*==================================================*/
/* Query 1 - 2025-08-12 02:35:57 [1.61ms]  */
select * from `user_timer_details` where `user_id` = '23727' limit 1;
/*==================================================*/
/* Query 2 - 2025-08-12 02:35:57 [8.13ms]  */
update `user_timer_details` set `time_remaining` = '2940', `updated_at` = '2025-08-12 02:35:57' where `id` = '22706';
/*==================================================*/
/* Query 1 - 2025-08-12 02:35:59 [2.5ms]  */
select * from `user_timer_details` where `user_id` = '23731' limit 1;
/*==================================================*/
/* Query 2 - 2025-08-12 02:35:59 [8ms]  */
update `user_timer_details` set `time_remaining` = '2970', `updated_at` = '2025-08-12 02:35:59' where `id` = '22710';
/*==================================================*/
/* Query 1 - 2025-08-12 02:36:01 [8.73ms]  */
INSERT INTO user_coachee_round_progress (user_id, stl_coachee_id, round_no, name, value) VALUES  (23728, 2, 1, 'isCoachingStarted', 1) , (23728, 2, 1, 'stlCoacheeId', 2) , (23728, 2, 1, 'roundNo', 1)   ON DUPLICATE KEY UPDATE `value` = VALUES(`value`);
/*==================================================*/
/* Query 2 - 2025-08-12 02:36:01 [1.4ms]  */
select `name`, `value`, `round_no`, `stl_coachee_id` from `user_coachee_round_progress` where `user_id` = '23728';
/*==================================================*/
/* Query 1 - 2025-08-12 02:36:03 [1.69ms]  */
select * from `stl_models` where `stl_id` = '1' limit 1;
/*==================================================*/
/* Query 2 - 2025-08-12 02:36:03 [1.51ms]  */
select * from `model_details` where `model_id` = '1';
/*==================================================*/
/* Query 3 - 2025-08-12 02:36:03 [1.54ms]  */
select * from `statement_option_responses` where `option_id` = '50';
/*==================================================*/
/* Query 4 - 2025-08-12 02:36:03 [1.44ms]  */
select * from `statement_option_metrics` where `option_id` = '50';
/*==================================================*/
/* Query 5 - 2025-08-12 02:36:03 [1.56ms]  */
select * from `user_metrics` where `user_id` = '23726';
/*==================================================*/
/* Query 6 - 2025-08-12 02:36:03 [1.41ms]  */
select * from `user_coachee_metrics` where `user_id` = '23726' and `stl_coachee_id` = '1';
/*==================================================*/
/* Query 7 - 2025-08-12 02:36:03 [7.95ms]  */
insert into `user_conversations` (`user_id`, `stl_conversation_id`) values ('23726', '128');
/*==================================================*/
/* Query 8 - 2025-08-12 02:36:03 [7.44ms]  */
insert into `user_selected_statement_options` (`response_id`, `stl_statement_id`, `stl_conversation_id`, `option_id`, `user_id`) values ('42', '28', '128', '50', '23726');
/*==================================================*/
/* Query 9 - 2025-08-12 02:36:03 [1.51ms]  */
select * from `user_round_progress` where `round_no` = '1' and `user_id` = '23726' and `name` = 'completedConversations' limit 1;
/*==================================================*/
/* Query 10 - 2025-08-12 02:36:03 [8.19ms]  */
update `user_round_progress` set `value` = '27', `updated_at` = '2025-08-12 02:36:03' where `id` = '592980';
/*==================================================*/
/* Query 11 - 2025-08-12 02:36:03 [1.55ms]  */
select * from `user_coachee_round_progress` where `stl_coachee_id` = '1' and `round_no` = '1' and `user_id` = '23726' and `name` = 'completedConversations' limit 1;
/*==================================================*/
/* Query 12 - 2025-08-12 02:36:03 [7.71ms]  */
update `user_coachee_round_progress` set `value` = '27', `updated_at` = '2025-08-12 02:36:03' where `id` = '865181';
/*==================================================*/
/* Query 13 - 2025-08-12 02:36:03 [1.54ms]  */
select * from `user_coachee_round_phase_details` where `stl_coachee_id` = '1' and `stl_round_phase_id` = '5' and `user_id` = '23726' limit 1;
/*==================================================*/
/* Query 14 - 2025-08-12 02:36:03 [8.65ms]  */
update `user_coachee_round_phase_details` set `completed_conversations` = '3', `updated_at` = '2025-08-12 02:36:03' where `id` = '640553';
/*==================================================*/
/* Query 15 - 2025-08-12 02:36:03 [1.57ms]  */
select `name`, `value`, `round_no`, `stl_coachee_id` from `user_coachee_round_progress` where `user_id` = '23726';
/*==================================================*/
/* Query 16 - 2025-08-12 02:36:03 [1.5ms]  */
select `name`, `value`, `round_no` from `user_round_progress` where `user_id` = '23726';
/*==================================================*/
/* Query 17 - 2025-08-12 02:36:03 [1.46ms]  */
select * from `events`;
/*==================================================*/
/* Query 18 - 2025-08-12 02:36:03 [1.43ms]  */
select * from `event_conditions`;
/*==================================================*/
/* Query 19 - 2025-08-12 02:36:03 [1.52ms]  */
select * from `event_types`;
/*==================================================*/
/* Query 20 - 2025-08-12 02:36:03 [1.29ms]  */
select * from `event_sources`;
/*==================================================*/
/* Query 21 - 2025-08-12 02:36:03 [1.35ms]  */
select * from `event_options`;
/*==================================================*/
/* Query 22 - 2025-08-12 02:36:03 [1.27ms]  */
select * from `event_option_response`;
/*==================================================*/
/* Query 23 - 2025-08-12 02:36:03 [1.4ms]  */
select * from `stl_events` where `stl_id` = '1' and `round_no` = '1';
/*==================================================*/
/* Query 24 - 2025-08-12 02:36:03 [1.45ms]  */
select * from `user_conversation_metrics` where `user_id` = '23726' and `round_no` = '1';
/*==================================================*/
/* Query 25 - 2025-08-12 02:36:03 [1.53ms]  */
select * from `user_events` where `user_id` = '23726' and `round_no` = '1';
/*==================================================*/
/* Query 26 - 2025-08-12 02:36:03 [1.81ms]  */
select `name`, `value` from `user_round_progress` where `user_id` = '23726' and `round_no` = '1';
/*==================================================*/
/* Query 1 - 2025-08-12 02:36:05 [1.57ms]  */
select * from `user_timer_details` where `user_id` = '23716' limit 1;
/*==================================================*/
/* Query 2 - 2025-08-12 02:36:05 [8.22ms]  */
update `user_timer_details` set `time_remaining` = '2910', `updated_at` = '2025-08-12 02:36:05' where `id` = '22695';
/*==================================================*/
/* Query 1 - 2025-08-12 02:36:06 [1.71ms]  */
select * from `user_timer_details` where `user_id` = '23729' limit 1;
/*==================================================*/
/* Query 2 - 2025-08-12 02:36:06 [8.29ms]  */
update `user_timer_details` set `time_remaining` = '2925', `updated_at` = '2025-08-12 02:36:06' where `id` = '22708';
/*==================================================*/
/* Query 1 - 2025-08-12 02:36:07 [1.59ms]  */
select * from `stl_models` where `stl_id` = '1' limit 1;
/*==================================================*/
/* Query 2 - 2025-08-12 02:36:07 [1.49ms]  */
select * from `model_details` where `model_id` = '1';
/*==================================================*/
/* Query 3 - 2025-08-12 02:36:07 [1.52ms]  */
select * from `statement_option_responses` where `option_id` = '75';
/*==================================================*/
/* Query 4 - 2025-08-12 02:36:07 [1.54ms]  */
select * from `statement_option_metrics` where `option_id` = '75';
/*==================================================*/
/* Query 5 - 2025-08-12 02:36:07 [1.85ms]  */
select * from `user_metrics` where `user_id` = '23701';
/*==================================================*/
/* Query 6 - 2025-08-12 02:36:07 [1.52ms]  */
select * from `user_coachee_metrics` where `user_id` = '23701' and `stl_coachee_id` = '1';
/*==================================================*/
/* Query 7 - 2025-08-12 02:36:07 [9.15ms]  */
insert into `user_coachee_conversation_metrics` (`actual_delta`, `delta`, `previous_value`, `round_no`, `stl_coachee_id`, `stl_conversation_id`, `stl_metric_id`, `stl_phase_id`, `updated_value`, `user_id`) values ('-0', '-0', '100', '2', '1', '144', '1', '4', '100', '23701');
/*==================================================*/
/* Query 8 - 2025-08-12 02:36:07 [4.88ms]  */
INSERT INTO user_coachee_metrics (user_id, stl_coachee_id, stl_metric_id, value) VALUES  (23701, 1, 1, 100)   ON DUPLICATE KEY UPDATE `value` = VALUES(`value`);
/*==================================================*/
/* Query 9 - 2025-08-12 02:36:07 [4.85ms]  */
INSERT INTO user_coachee_round_metrics (user_id, round_no, stl_coachee_id, stl_metric_id, value) VALUES  (23701, 2, 1, 1, 100)   ON DUPLICATE KEY UPDATE `value` = VALUES(`value`);
/*==================================================*/
/* Query 10 - 2025-08-12 02:36:07 [7.61ms]  */
insert into `user_conversation_metrics` (`actual_delta`, `delta`, `previous_value`, `round_no`, `stl_coachee_id`, `stl_conversation_id`, `stl_metric_id`, `stl_phase_id`, `updated_value`, `user_id`) values ('-0', '-0', '130', '2', '1', '144', '2', '4', '130', '23701');
/*==================================================*/
/* Query 11 - 2025-08-12 02:36:07 [4.91ms]  */
INSERT INTO user_metrics (user_id, stl_metric_id, value) VALUES  (23701, 2, 130)   ON DUPLICATE KEY UPDATE `value` = VALUES(`value`);
/*==================================================*/
/* Query 12 - 2025-08-12 02:36:07 [5.07ms]  */
INSERT INTO user_round_metrics (user_id, round_no, stl_metric_id, value) VALUES  (23701, 2, 2, 130)   ON DUPLICATE KEY UPDATE `value` = VALUES(`value`);
/*==================================================*/
/* Query 13 - 2025-08-12 02:36:07 [9.41ms]  */
insert into `user_conversations` (`user_id`, `stl_conversation_id`) values ('23701', '144');
/*==================================================*/
/* Query 14 - 2025-08-12 02:36:07 [7.79ms]  */
insert into `user_selected_statement_options` (`response_id`, `stl_statement_id`, `stl_conversation_id`, `option_id`, `user_id`) values ('65', '44', '144', '75', '23701');
/*==================================================*/
/* Query 15 - 2025-08-12 02:36:07 [1.42ms]  */
select * from `user_round_progress` where `round_no` = '2' and `user_id` = '23701' and `name` = 'completedConversations' limit 1;
/*==================================================*/
/* Query 16 - 2025-08-12 02:36:07 [7.53ms]  */
update `user_round_progress` set `value` = '48', `updated_at` = '2025-08-12 02:36:07' where `id` = '592426';
/*==================================================*/
/* Query 17 - 2025-08-12 02:36:07 [1.59ms]  */
select * from `user_coachee_round_progress` where `stl_coachee_id` = '1' and `round_no` = '2' and `user_id` = '23701' and `name` = 'completedConversations' limit 1;
/*==================================================*/
/* Query 18 - 2025-08-12 02:36:07 [6.78ms]  */
update `user_coachee_round_progress` set `value` = '12', `updated_at` = '2025-08-12 02:36:07' where `id` = '864188';
/*==================================================*/
/* Query 19 - 2025-08-12 02:36:07 [1.57ms]  */
select * from `user_coachee_round_phase_details` where `stl_coachee_id` = '1' and `stl_round_phase_id` = '11' and `user_id` = '23701' limit 1;
/*==================================================*/
/* Query 20 - 2025-08-12 02:36:07 [6.84ms]  */
update `user_coachee_round_phase_details` set `completed_conversations` = '3', `updated_at` = '2025-08-12 02:36:07' where `id` = '639881';
/*==================================================*/
/* Query 21 - 2025-08-12 02:36:07 [1.59ms]  */
select `name`, `value`, `round_no`, `stl_coachee_id` from `user_coachee_round_progress` where `user_id` = '23701';
/*==================================================*/
/* Query 22 - 2025-08-12 02:36:07 [1.63ms]  */
select `name`, `value`, `round_no` from `user_round_progress` where `user_id` = '23701';
/*==================================================*/
/* Query 23 - 2025-08-12 02:36:07 [1.6ms]  */
select * from `events`;
/*==================================================*/
/* Query 24 - 2025-08-12 02:36:07 [1.42ms]  */
select * from `event_conditions`;
/*==================================================*/
/* Query 25 - 2025-08-12 02:36:07 [1.42ms]  */
select * from `event_types`;
/*==================================================*/
/* Query 26 - 2025-08-12 02:36:07 [1.38ms]  */
select * from `event_sources`;
/*==================================================*/
/* Query 27 - 2025-08-12 02:36:07 [1.51ms]  */
select * from `event_options`;
/*==================================================*/
/* Query 28 - 2025-08-12 02:36:07 [1.37ms]  */
select * from `event_option_response`;
/*==================================================*/
/* Query 29 - 2025-08-12 02:36:07 [1.47ms]  */
select * from `stl_events` where `stl_id` = '1' and `round_no` = '2';
/*==================================================*/
/* Query 30 - 2025-08-12 02:36:07 [1.69ms]  */
select * from `user_conversation_metrics` where `user_id` = '23701' and `round_no` = '2';
/*==================================================*/
/* Query 31 - 2025-08-12 02:36:07 [1.84ms]  */
select * from `user_events` where `user_id` = '23701' and `round_no` = '2';
/*==================================================*/
/* Query 32 - 2025-08-12 02:36:07 [1.58ms]  */
select `name`, `value` from `user_round_progress` where `user_id` = '23701' and `round_no` = '2';
/*==================================================*/
/* Query 33 - 2025-08-12 02:36:07 [8.33ms]  */
insert into `user_events` (`duration_percentage`, `round_no`, `selected_coachee_id`, `stl_event_id`, `user_id`) values ('0.52', '2', '', '9', '23701');
/*==================================================*/
/* Query 1 - 2025-08-12 02:36:10 [1.3ms]  */
select * from `stl_models` where `stl_id` = '1' limit 1;
/*==================================================*/
/* Query 2 - 2025-08-12 02:36:10 [1.38ms]  */
select * from `model_details` where `model_id` = '1';
/*==================================================*/
/* Query 3 - 2025-08-12 02:36:10 [1.36ms]  */
select * from `statement_option_responses` where `option_id` = '111';
/*==================================================*/
/* Query 4 - 2025-08-12 02:36:10 [1.16ms]  */
select * from `statement_option_metrics` where `option_id` = '111';
/*==================================================*/
/* Query 5 - 2025-08-12 02:36:10 [1.12ms]  */
select * from `user_metrics` where `user_id` = '23717';
/*==================================================*/
/* Query 6 - 2025-08-12 02:36:10 [1.22ms]  */
select * from `user_coachee_metrics` where `user_id` = '23717' and `stl_coachee_id` = '2';
/*==================================================*/
/* Query 7 - 2025-08-12 02:36:10 [11.39ms]  */
insert into `user_conversations` (`user_id`, `stl_conversation_id`) values ('23717', '263');
/*==================================================*/
/* Query 8 - 2025-08-12 02:36:10 [7.66ms]  */
insert into `user_selected_statement_options` (`response_id`, `stl_statement_id`, `stl_conversation_id`, `option_id`, `user_id`) values ('97', '63', '263', '111', '23717');
/*==================================================*/
/* Query 9 - 2025-08-12 02:36:10 [1.35ms]  */
select * from `user_round_progress` where `round_no` = '1' and `user_id` = '23717' and `name` = 'completedConversations' limit 1;
/*==================================================*/
/* Query 10 - 2025-08-12 02:36:10 [7.98ms]  */
update `user_round_progress` set `value` = '45', `updated_at` = '2025-08-12 02:36:10' where `id` = '592834';
/*==================================================*/
/* Query 11 - 2025-08-12 02:36:10 [1.38ms]  */
select * from `user_coachee_round_progress` where `stl_coachee_id` = '2' and `round_no` = '1' and `user_id` = '23717' and `name` = 'completedConversations' limit 1;
/*==================================================*/
/* Query 12 - 2025-08-12 02:36:10 [7.76ms]  */
update `user_coachee_round_progress` set `value` = '16', `updated_at` = '2025-08-12 02:36:10' where `id` = '864962';
/*==================================================*/
/* Query 13 - 2025-08-12 02:36:10 [1.36ms]  */
select * from `user_coachee_round_phase_details` where `stl_coachee_id` = '2' and `stl_round_phase_id` = '2' and `user_id` = '23717' limit 1;
/*==================================================*/
/* Query 14 - 2025-08-12 02:36:10 [7.32ms]  */
update `user_coachee_round_phase_details` set `completed_conversations` = '14', `updated_at` = '2025-08-12 02:36:10' where `id` = '640316';
/*==================================================*/
/* Query 15 - 2025-08-12 02:36:10 [1.37ms]  */
select `name`, `value`, `round_no`, `stl_coachee_id` from `user_coachee_round_progress` where `user_id` = '23717';
/*==================================================*/
/* Query 16 - 2025-08-12 02:36:10 [1.16ms]  */
select `name`, `value`, `round_no` from `user_round_progress` where `user_id` = '23717';
/*==================================================*/
/* Query 17 - 2025-08-12 02:36:10 [1.24ms]  */
select * from `events`;
/*==================================================*/
/* Query 18 - 2025-08-12 02:36:10 [1.38ms]  */
select * from `event_conditions`;
/*==================================================*/
/* Query 19 - 2025-08-12 02:36:10 [1.07ms]  */
select * from `event_types`;
/*==================================================*/
/* Query 20 - 2025-08-12 02:36:10 [1.14ms]  */
select * from `event_sources`;
/*==================================================*/
/* Query 21 - 2025-08-12 02:36:10 [1.22ms]  */
select * from `event_options`;
/*==================================================*/
/* Query 22 - 2025-08-12 02:36:10 [1.07ms]  */
select * from `event_option_response`;
/*==================================================*/
/* Query 23 - 2025-08-12 02:36:10 [1.27ms]  */
select * from `stl_events` where `stl_id` = '1' and `round_no` = '1';
/*==================================================*/
/* Query 24 - 2025-08-12 02:36:10 [1.23ms]  */
select * from `user_conversation_metrics` where `user_id` = '23717' and `round_no` = '1';
/*==================================================*/
/* Query 25 - 2025-08-12 02:36:10 [1.42ms]  */
select * from `user_events` where `user_id` = '23717' and `round_no` = '1';
/*==================================================*/
/* Query 26 - 2025-08-12 02:36:10 [1.24ms]  */
select `name`, `value` from `user_round_progress` where `user_id` = '23717' and `round_no` = '1';
/*==================================================*/
/* Query 1 - 2025-08-12 02:36:10 [1.31ms]  */
select * from `stl_models` where `stl_id` = '1' limit 1;
/*==================================================*/
/* Query 2 - 2025-08-12 02:36:10 [1.14ms]  */
select * from `model_details` where `model_id` = '1';
/*==================================================*/
/* Query 3 - 2025-08-12 02:36:10 [1.17ms]  */
select * from `statement_option_responses` where `option_id` = '51';
/*==================================================*/
/* Query 4 - 2025-08-12 02:36:10 [1.5ms]  */
select * from `statement_option_metrics` where `option_id` = '51';
/*==================================================*/
/* Query 5 - 2025-08-12 02:36:10 [1.21ms]  */
select * from `user_metrics` where `user_id` = '23726';
/*==================================================*/
/* Query 6 - 2025-08-12 02:36:10 [1.75ms]  */
select * from `user_coachee_metrics` where `user_id` = '23726' and `stl_coachee_id` = '1';
/*==================================================*/
/* Query 7 - 2025-08-12 02:36:10 [7.13ms]  */
insert into `user_conversations` (`user_id`, `stl_conversation_id`) values ('23726', '129');
/*==================================================*/
/* Query 8 - 2025-08-12 02:36:10 [6.83ms]  */
insert into `user_selected_statement_options` (`response_id`, `stl_statement_id`, `stl_conversation_id`, `option_id`, `user_id`) values ('', '29', '129', '51', '23726');
/*==================================================*/
/* Query 9 - 2025-08-12 02:36:10 [1.25ms]  */
select * from `user_round_progress` where `round_no` = '1' and `user_id` = '23726' and `name` = 'completedConversations' limit 1;
/*==================================================*/
/* Query 10 - 2025-08-12 02:36:10 [7.36ms]  */
update `user_round_progress` set `value` = '28', `updated_at` = '2025-08-12 02:36:10' where `id` = '592980';
/*==================================================*/
/* Query 11 - 2025-08-12 02:36:10 [1.27ms]  */
select * from `user_coachee_round_progress` where `stl_coachee_id` = '1' and `round_no` = '1' and `user_id` = '23726' and `name` = 'completedConversations' limit 1;
/*==================================================*/
/* Query 12 - 2025-08-12 02:36:10 [7.37ms]  */
update `user_coachee_round_progress` set `value` = '28', `updated_at` = '2025-08-12 02:36:10' where `id` = '865181';
/*==================================================*/
/* Query 13 - 2025-08-12 02:36:10 [1.18ms]  */
select * from `user_coachee_round_phase_details` where `stl_coachee_id` = '1' and `stl_round_phase_id` = '5' and `user_id` = '23726' limit 1;
/*==================================================*/
/* Query 14 - 2025-08-12 02:36:10 [6.88ms]  */
update `user_coachee_round_phase_details` set `completed_conversations` = '4', `updated_at` = '2025-08-12 02:36:10' where `id` = '640553';
/*==================================================*/
/* Query 15 - 2025-08-12 02:36:10 [1.19ms]  */
select `name`, `value`, `round_no`, `stl_coachee_id` from `user_coachee_round_progress` where `user_id` = '23726';
/*==================================================*/
/* Query 16 - 2025-08-12 02:36:10 [1.27ms]  */
select `name`, `value`, `round_no` from `user_round_progress` where `user_id` = '23726';
/*==================================================*/
/* Query 17 - 2025-08-12 02:36:10 [1.42ms]  */
select * from `events`;
/*==================================================*/
/* Query 18 - 2025-08-12 02:36:10 [1.71ms]  */
select * from `event_conditions`;
/*==================================================*/
/* Query 19 - 2025-08-12 02:36:10 [0.98ms]  */
select * from `event_types`;
/*==================================================*/
/* Query 20 - 2025-08-12 02:36:10 [1.06ms]  */
select * from `event_sources`;
/*==================================================*/
/* Query 21 - 2025-08-12 02:36:10 [1.13ms]  */
select * from `event_options`;
/*==================================================*/
/* Query 22 - 2025-08-12 02:36:10 [1.13ms]  */
select * from `event_option_response`;
/*==================================================*/
/* Query 23 - 2025-08-12 02:36:10 [1.08ms]  */
select * from `stl_events` where `stl_id` = '1' and `round_no` = '1';
/*==================================================*/
/* Query 24 - 2025-08-12 02:36:10 [1.29ms]  */
select * from `user_conversation_metrics` where `user_id` = '23726' and `round_no` = '1';
/*==================================================*/
/* Query 25 - 2025-08-12 02:36:10 [1.21ms]  */
select * from `user_events` where `user_id` = '23726' and `round_no` = '1';
/*==================================================*/
/* Query 26 - 2025-08-12 02:36:10 [1.14ms]  */
select `name`, `value` from `user_round_progress` where `user_id` = '23726' and `round_no` = '1';
/*==================================================*/
/* Query 1 - 2025-08-12 02:36:11 [1.15ms]  */
select * from `stl_models` where `stl_id` = '1' limit 1;
/*==================================================*/
/* Query 2 - 2025-08-12 02:36:11 [1.64ms]  */
select * from `model_details` where `model_id` = '1';
/*==================================================*/
/* Query 3 - 2025-08-12 02:36:11 [1.13ms]  */
select * from `statement_option_responses` where `option_id` = '179';
/*==================================================*/
/* Query 4 - 2025-08-12 02:36:11 [1.2ms]  */
select * from `statement_option_metrics` where `option_id` = '179';
/*==================================================*/
/* Query 5 - 2025-08-12 02:36:11 [1.32ms]  */
select * from `user_metrics` where `user_id` = '23705';
/*==================================================*/
/* Query 6 - 2025-08-12 02:36:11 [1.2ms]  */
select * from `user_coachee_metrics` where `user_id` = '23705' and `stl_coachee_id` = '3';
/*==================================================*/
/* Query 7 - 2025-08-12 02:36:11 [7.65ms]  */
insert into `user_conversations` (`user_id`, `stl_conversation_id`) values ('23705', '399');
/*==================================================*/
/* Query 8 - 2025-08-12 02:36:11 [7.15ms]  */
insert into `user_selected_statement_options` (`response_id`, `stl_statement_id`, `stl_conversation_id`, `option_id`, `user_id`) values ('156', '100', '399', '179', '23705');
/*==================================================*/
/* Query 9 - 2025-08-12 02:36:11 [1.3ms]  */
select * from `user_round_progress` where `round_no` = '1' and `user_id` = '23705' and `name` = 'completedConversations' limit 1;
/*==================================================*/
/* Query 10 - 2025-08-12 02:36:11 [6.89ms]  */
update `user_round_progress` set `value` = '56', `updated_at` = '2025-08-12 02:36:11' where `id` = '592515';
/*==================================================*/
/* Query 11 - 2025-08-12 02:36:11 [1.38ms]  */
select * from `user_coachee_round_progress` where `stl_coachee_id` = '3' and `round_no` = '1' and `user_id` = '23705' and `name` = 'completedConversations' limit 1;
/*==================================================*/
/* Query 12 - 2025-08-12 02:36:11 [7.94ms]  */
update `user_coachee_round_progress` set `value` = '8', `updated_at` = '2025-08-12 02:36:11' where `id` = '864365';
/*==================================================*/
/* Query 13 - 2025-08-12 02:36:11 [1.41ms]  */
select * from `user_coachee_round_phase_details` where `stl_coachee_id` = '3' and `stl_round_phase_id` = '2' and `user_id` = '23705' limit 1;
/*==================================================*/
/* Query 14 - 2025-08-12 02:36:11 [7.07ms]  */
update `user_coachee_round_phase_details` set `completed_conversations` = '6', `updated_at` = '2025-08-12 02:36:11' where `id` = '640001';
/*==================================================*/
/* Query 15 - 2025-08-12 02:36:11 [1.33ms]  */
select `name`, `value`, `round_no`, `stl_coachee_id` from `user_coachee_round_progress` where `user_id` = '23705';
/*==================================================*/
/* Query 16 - 2025-08-12 02:36:11 [1.14ms]  */
select `name`, `value`, `round_no` from `user_round_progress` where `user_id` = '23705';
/*==================================================*/
/* Query 17 - 2025-08-12 02:36:11 [1.08ms]  */
select * from `events`;
/*==================================================*/
/* Query 18 - 2025-08-12 02:36:11 [0.96ms]  */
select * from `event_conditions`;
/*==================================================*/
/* Query 19 - 2025-08-12 02:36:11 [0.87ms]  */
select * from `event_types`;
/*==================================================*/
/* Query 20 - 2025-08-12 02:36:11 [0.84ms]  */
select * from `event_sources`;
/*==================================================*/
/* Query 21 - 2025-08-12 02:36:11 [1.19ms]  */
select * from `event_options`;
/*==================================================*/
/* Query 22 - 2025-08-12 02:36:11 [0.95ms]  */
select * from `event_option_response`;
/*==================================================*/
/* Query 23 - 2025-08-12 02:36:11 [1.21ms]  */
select * from `stl_events` where `stl_id` = '1' and `round_no` = '1';
/*==================================================*/
/* Query 24 - 2025-08-12 02:36:11 [1.16ms]  */
select * from `user_conversation_metrics` where `user_id` = '23705' and `round_no` = '1';
/*==================================================*/
/* Query 25 - 2025-08-12 02:36:11 [1.11ms]  */
select * from `user_events` where `user_id` = '23705' and `round_no` = '1';
/*==================================================*/
/* Query 26 - 2025-08-12 02:36:11 [1.01ms]  */
select `name`, `value` from `user_round_progress` where `user_id` = '23705' and `round_no` = '1';
/*==================================================*/
/* Query 1 - 2025-08-12 02:36:14 [1.1ms]  */
select * from `user_timer_details` where `user_id` = '23697' limit 1;
/*==================================================*/
/* Query 2 - 2025-08-12 02:36:14 [7.83ms]  */
update `user_timer_details` set `time_remaining` = '15', `updated_at` = '2025-08-12 02:36:14' where `id` = '22676';
/*==================================================*/
/* Query 1 - 2025-08-12 02:36:16 [1.63ms]  */
select * from `stl_models` where `stl_id` = '1' limit 1;
/*==================================================*/
/* Query 2 - 2025-08-12 02:36:16 [1.43ms]  */
select * from `model_details` where `model_id` = '1';
/*==================================================*/
/* Query 3 - 2025-08-12 02:36:16 [1.52ms]  */
select * from `statement_option_responses` where `option_id` = '209';
/*==================================================*/
/* Query 4 - 2025-08-12 02:36:16 [1.53ms]  */
select * from `statement_option_metrics` where `option_id` = '209';
/*==================================================*/
/* Query 5 - 2025-08-12 02:36:16 [1.43ms]  */
select * from `user_metrics` where `user_id` = '23721';
/*==================================================*/
/* Query 6 - 2025-08-12 02:36:16 [1.63ms]  */
select * from `user_coachee_metrics` where `user_id` = '23721' and `stl_coachee_id` = '3';
/*==================================================*/
/* Query 7 - 2025-08-12 02:36:16 [7.46ms]  */
insert into `user_conversations` (`user_id`, `stl_conversation_id`) values ('23721', '415');
/*==================================================*/
/* Query 8 - 2025-08-12 02:36:16 [7.52ms]  */
insert into `user_selected_statement_options` (`response_id`, `stl_statement_id`, `stl_conversation_id`, `option_id`, `user_id`) values ('184', '116', '415', '209', '23721');
/*==================================================*/
/* Query 9 - 2025-08-12 02:36:16 [1.49ms]  */
select * from `user_round_progress` where `round_no` = '1' and `user_id` = '23721' and `name` = 'completedConversations' limit 1;
/*==================================================*/
/* Query 10 - 2025-08-12 02:36:16 [7.94ms]  */
update `user_round_progress` set `value` = '49', `updated_at` = '2025-08-12 02:36:16' where `id` = '592900';
/*==================================================*/
/* Query 11 - 2025-08-12 02:36:16 [1.63ms]  */
select * from `user_coachee_round_progress` where `stl_coachee_id` = '3' and `round_no` = '1' and `user_id` = '23721' and `name` = 'completedConversations' limit 1;
/*==================================================*/
/* Query 12 - 2025-08-12 02:36:16 [8.41ms]  */
update `user_coachee_round_progress` set `value` = '20', `updated_at` = '2025-08-12 02:36:16' where `id` = '865067';
/*==================================================*/
/* Query 13 - 2025-08-12 02:36:16 [1.63ms]  */
select * from `user_coachee_round_phase_details` where `stl_coachee_id` = '3' and `stl_round_phase_id` = '4' and `user_id` = '23721' limit 1;
/*==================================================*/
/* Query 14 - 2025-08-12 02:36:16 [8.45ms]  */
update `user_coachee_round_phase_details` set `completed_conversations` = '3', `updated_at` = '2025-08-12 02:36:16' where `id` = '640435';
/*==================================================*/
/* Query 15 - 2025-08-12 02:36:16 [1.46ms]  */
select `name`, `value`, `round_no`, `stl_coachee_id` from `user_coachee_round_progress` where `user_id` = '23721';
/*==================================================*/
/* Query 16 - 2025-08-12 02:36:16 [1.46ms]  */
select `name`, `value`, `round_no` from `user_round_progress` where `user_id` = '23721';
/*==================================================*/
/* Query 17 - 2025-08-12 02:36:16 [1.44ms]  */
select * from `events`;
/*==================================================*/
/* Query 18 - 2025-08-12 02:36:16 [1.32ms]  */
select * from `event_conditions`;
/*==================================================*/
/* Query 19 - 2025-08-12 02:36:16 [1.57ms]  */
select * from `event_types`;
/*==================================================*/
/* Query 20 - 2025-08-12 02:36:16 [1.38ms]  */
select * from `event_sources`;
/*==================================================*/
/* Query 21 - 2025-08-12 02:36:16 [1.5ms]  */
select * from `event_options`;
/*==================================================*/
/* Query 22 - 2025-08-12 02:36:16 [1.32ms]  */
select * from `event_option_response`;
/*==================================================*/
/* Query 23 - 2025-08-12 02:36:16 [1.49ms]  */
select * from `stl_events` where `stl_id` = '1' and `round_no` = '1';
/*==================================================*/
/* Query 24 - 2025-08-12 02:36:16 [1.61ms]  */
select * from `user_conversation_metrics` where `user_id` = '23721' and `round_no` = '1';
/*==================================================*/
/* Query 25 - 2025-08-12 02:36:16 [1.51ms]  */
select * from `user_events` where `user_id` = '23721' and `round_no` = '1';
/*==================================================*/
/* Query 26 - 2025-08-12 02:36:16 [1.39ms]  */
select `name`, `value` from `user_round_progress` where `user_id` = '23721' and `round_no` = '1';
/*==================================================*/
/* Query 1 - 2025-08-12 02:36:20 [1.84ms]  */
select * from `stl_models` where `stl_id` = '1' limit 1;
/*==================================================*/
/* Query 2 - 2025-08-12 02:36:20 [1.69ms]  */
select * from `model_details` where `model_id` = '1';
/*==================================================*/
/* Query 3 - 2025-08-12 02:36:20 [1.52ms]  */
select * from `statement_option_responses` where `option_id` = '52';
/*==================================================*/
/* Query 4 - 2025-08-12 02:36:20 [1.48ms]  */
select * from `statement_option_metrics` where `option_id` = '52';
/*==================================================*/
/* Query 5 - 2025-08-12 02:36:20 [1.63ms]  */
select * from `user_metrics` where `user_id` = '23726';
/*==================================================*/
/* Query 6 - 2025-08-12 02:36:20 [1.85ms]  */
select * from `user_coachee_metrics` where `user_id` = '23726' and `stl_coachee_id` = '1';
/*==================================================*/
/* Query 7 - 2025-08-12 02:36:20 [7.91ms]  */
insert into `user_conversations` (`user_id`, `stl_conversation_id`) values ('23726', '130');
/*==================================================*/
/* Query 8 - 2025-08-12 02:36:20 [8.02ms]  */
insert into `user_selected_statement_options` (`response_id`, `stl_statement_id`, `stl_conversation_id`, `option_id`, `user_id`) values ('', '30', '130', '52', '23726');
/*==================================================*/
/* Query 9 - 2025-08-12 02:36:20 [1.94ms]  */
select * from `user_round_progress` where `round_no` = '1' and `user_id` = '23726' and `name` = 'completedConversations' limit 1;
/*==================================================*/
/* Query 10 - 2025-08-12 02:36:20 [8.41ms]  */
update `user_round_progress` set `value` = '29', `updated_at` = '2025-08-12 02:36:20' where `id` = '592980';
/*==================================================*/
/* Query 11 - 2025-08-12 02:36:20 [1.81ms]  */
select * from `user_coachee_round_progress` where `stl_coachee_id` = '1' and `round_no` = '1' and `user_id` = '23726' and `name` = 'completedConversations' limit 1;
/*==================================================*/
/* Query 12 - 2025-08-12 02:36:20 [7.94ms]  */
update `user_coachee_round_progress` set `value` = '29', `updated_at` = '2025-08-12 02:36:20' where `id` = '865181';
/*==================================================*/
/* Query 13 - 2025-08-12 02:36:20 [1.76ms]  */
select * from `user_coachee_round_phase_details` where `stl_coachee_id` = '1' and `stl_round_phase_id` = '5' and `user_id` = '23726' limit 1;
/*==================================================*/
/* Query 14 - 2025-08-12 02:36:20 [7.87ms]  */
update `user_coachee_round_phase_details` set `completed_conversations` = '5', `updated_at` = '2025-08-12 02:36:20' where `id` = '640553';
/*==================================================*/
/* Query 15 - 2025-08-12 02:36:20 [1.82ms]  */
select `name`, `value`, `round_no`, `stl_coachee_id` from `user_coachee_round_progress` where `user_id` = '23726';
/*==================================================*/
/* Query 16 - 2025-08-12 02:36:20 [1.58ms]  */
select `name`, `value`, `round_no` from `user_round_progress` where `user_id` = '23726';
/*==================================================*/
/* Query 17 - 2025-08-12 02:36:20 [1.63ms]  */
select * from `events`;
/*==================================================*/
/* Query 18 - 2025-08-12 02:36:20 [1.63ms]  */
select * from `event_conditions`;
/*==================================================*/
/* Query 19 - 2025-08-12 02:36:20 [1.71ms]  */
select * from `event_types`;
/*==================================================*/
/* Query 20 - 2025-08-12 02:36:20 [1.43ms]  */
select * from `event_sources`;
/*==================================================*/
/* Query 21 - 2025-08-12 02:36:20 [1.56ms]  */
select * from `event_options`;
/*==================================================*/
/* Query 22 - 2025-08-12 02:36:20 [1.73ms]  */
select * from `event_option_response`;
/*==================================================*/
/* Query 23 - 2025-08-12 02:36:20 [1.61ms]  */
select * from `stl_events` where `stl_id` = '1' and `round_no` = '1';
/*==================================================*/
/* Query 24 - 2025-08-12 02:36:20 [1.47ms]  */
select * from `user_conversation_metrics` where `user_id` = '23726' and `round_no` = '1';
/*==================================================*/
/* Query 25 - 2025-08-12 02:36:20 [1.9ms]  */
select * from `user_events` where `user_id` = '23726' and `round_no` = '1';
/*==================================================*/
/* Query 26 - 2025-08-12 02:36:20 [1.57ms]  */
select `name`, `value` from `user_round_progress` where `user_id` = '23726' and `round_no` = '1';
/*==================================================*/
/* Query 1 - 2025-08-12 02:36:20 [1.44ms]  */
select * from `user_timer_details` where `user_id` = '23719' limit 1;
/*==================================================*/
/* Query 2 - 2025-08-12 02:36:20 [8.15ms]  */
update `user_timer_details` set `time_remaining` = '2880', `updated_at` = '2025-08-12 02:36:20' where `id` = '22698';
/*==================================================*/
/* Query 1 - 2025-08-12 02:36:20 [2.09ms]  */
select * from `user_timer_details` where `user_id` = '23716' limit 1;
/*==================================================*/
/* Query 2 - 2025-08-12 02:36:20 [6.94ms]  */
update `user_timer_details` set `time_remaining` = '2895', `updated_at` = '2025-08-12 02:36:20' where `id` = '22695';
/*==================================================*/
/* Query 1 - 2025-08-12 02:36:23 [1.44ms]  */
select * from `user_timer_details` where `user_id` = '23711' limit 1;
/*==================================================*/
/* Query 2 - 2025-08-12 02:36:23 [7.54ms]  */
update `user_timer_details` set `time_remaining` = '2895', `updated_at` = '2025-08-12 02:36:23' where `id` = '22690';
/*==================================================*/
/* Query 1 - 2025-08-12 02:36:23 [1.66ms]  */
select * from `stl_models` where `stl_id` = '1' limit 1;
/*==================================================*/
/* Query 2 - 2025-08-12 02:36:23 [1.53ms]  */
select * from `model_details` where `model_id` = '1';
/*==================================================*/
/* Query 3 - 2025-08-12 02:36:23 [1.51ms]  */
select * from `statement_option_responses` where `option_id` = '262';
/*==================================================*/
/* Query 4 - 2025-08-12 02:36:23 [2.22ms]  */
select * from `statement_option_metrics` where `option_id` = '262';
/*==================================================*/
/* Query 5 - 2025-08-12 02:36:23 [1.76ms]  */
select * from `user_metrics` where `user_id` = '23721';
/*==================================================*/
/* Query 6 - 2025-08-12 02:36:23 [1.74ms]  */
select * from `user_coachee_metrics` where `user_id` = '23721' and `stl_coachee_id` = '3';
/*==================================================*/
/* Query 7 - 2025-08-12 02:36:23 [8.28ms]  */
insert into `user_coachee_conversation_metrics` (`actual_delta`, `delta`, `previous_value`, `round_no`, `stl_coachee_id`, `stl_conversation_id`, `stl_metric_id`, `stl_phase_id`, `updated_value`, `user_id`) values ('-0', '-2', '52', '1', '3', '445', '1', '5', '50', '23721');
/*==================================================*/
/* Query 8 - 2025-08-12 02:36:23 [8.17ms]  */
INSERT INTO user_coachee_metrics (user_id, stl_coachee_id, stl_metric_id, value) VALUES  (23721, 3, 1, 50)   ON DUPLICATE KEY UPDATE `value` = VALUES(`value`);
/*==================================================*/
/* Query 9 - 2025-08-12 02:36:23 [7.4ms]  */
INSERT INTO user_coachee_round_metrics (user_id, round_no, stl_coachee_id, stl_metric_id, value) VALUES  (23721, 1, 3, 1, 50)   ON DUPLICATE KEY UPDATE `value` = VALUES(`value`);
/*==================================================*/
/* Query 10 - 2025-08-12 02:36:23 [7.62ms]  */
insert into `user_conversations` (`user_id`, `stl_conversation_id`) values ('23721', '445');
/*==================================================*/
/* Query 11 - 2025-08-12 02:36:23 [8.11ms]  */
insert into `user_selected_statement_options` (`response_id`, `stl_statement_id`, `stl_conversation_id`, `option_id`, `user_id`) values ('', '161', '445', '262', '23721');
/*==================================================*/
/* Query 12 - 2025-08-12 02:36:23 [1.59ms]  */
select * from `user_round_progress` where `round_no` = '1' and `user_id` = '23721' and `name` = 'completedConversations' limit 1;
/*==================================================*/
/* Query 13 - 2025-08-12 02:36:23 [7.78ms]  */
update `user_round_progress` set `value` = '51', `updated_at` = '2025-08-12 02:36:23' where `id` = '592900';
/*==================================================*/
/* Query 14 - 2025-08-12 02:36:23 [1.66ms]  */
select * from `user_coachee_round_progress` where `stl_coachee_id` = '3' and `round_no` = '1' and `user_id` = '23721' and `name` = 'completedConversations' limit 1;
/*==================================================*/
/* Query 15 - 2025-08-12 02:36:23 [7.91ms]  */
update `user_coachee_round_progress` set `value` = '22', `updated_at` = '2025-08-12 02:36:23' where `id` = '865067';
/*==================================================*/
/* Query 16 - 2025-08-12 02:36:23 [1.69ms]  */
select * from `user_coachee_round_phase_details` where `stl_coachee_id` = '3' and `stl_round_phase_id` = '5' and `user_id` = '23721' limit 1;
/*==================================================*/
/* Query 17 - 2025-08-12 02:36:23 [7.36ms]  */
update `user_coachee_round_phase_details` set `completed_conversations` = '1', `updated_at` = '2025-08-12 02:36:23' where `id` = '640436';
/*==================================================*/
/* Query 18 - 2025-08-12 02:36:23 [1.8ms]  */
select `name`, `value`, `round_no`, `stl_coachee_id` from `user_coachee_round_progress` where `user_id` = '23721';
/*==================================================*/
/* Query 19 - 2025-08-12 02:36:23 [1.84ms]  */
select `name`, `value`, `round_no` from `user_round_progress` where `user_id` = '23721';
/*==================================================*/
/* Query 20 - 2025-08-12 02:36:23 [1.92ms]  */
select * from `events`;
/*==================================================*/
/* Query 21 - 2025-08-12 02:36:23 [1.52ms]  */
select * from `event_conditions`;
/*==================================================*/
/* Query 22 - 2025-08-12 02:36:23 [1.84ms]  */
select * from `event_types`;
/*==================================================*/
/* Query 23 - 2025-08-12 02:36:23 [1.49ms]  */
select * from `event_sources`;
/*==================================================*/
/* Query 24 - 2025-08-12 02:36:23 [1.65ms]  */
select * from `event_options`;
/*==================================================*/
/* Query 25 - 2025-08-12 02:36:23 [1.4ms]  */
select * from `event_option_response`;
/*==================================================*/
/* Query 26 - 2025-08-12 02:36:23 [1.55ms]  */
select * from `stl_events` where `stl_id` = '1' and `round_no` = '1';
/*==================================================*/
/* Query 27 - 2025-08-12 02:36:23 [1.66ms]  */
select * from `user_conversation_metrics` where `user_id` = '23721' and `round_no` = '1';
/*==================================================*/
/* Query 28 - 2025-08-12 02:36:23 [1.66ms]  */
select * from `user_events` where `user_id` = '23721' and `round_no` = '1';
/*==================================================*/
/* Query 29 - 2025-08-12 02:36:23 [1.5ms]  */
select `name`, `value` from `user_round_progress` where `user_id` = '23721' and `round_no` = '1';
/*==================================================*/
/* Query 1 - 2025-08-12 02:36:24 [1.81ms]  */
select * from `user_timer_details` where `user_id` = '23715' limit 1;
/*==================================================*/
/* Query 2 - 2025-08-12 02:36:24 [7.75ms]  */
update `user_timer_details` set `time_remaining` = '2910', `updated_at` = '2025-08-12 02:36:24' where `id` = '22694';
/*==================================================*/
/* Query 1 - 2025-08-12 02:36:25 [1.96ms]  */
select * from `user_timer_details` where `user_id` = '23701' limit 1;
/*==================================================*/
/* Query 1 - 2025-08-12 02:36:25 [0.94ms]  */
select * from `user_timer_details` where `user_id` = '23707' limit 1;
/*==================================================*/
/* Query 2 - 2025-08-12 02:36:25 [7.48ms]  */
update `user_timer_details` set `time_remaining` = '2895', `updated_at` = '2025-08-12 02:36:25' where `id` = '22686';
/*==================================================*/
/* Query 1 - 2025-08-12 02:36:27 [1.12ms]  */
select * from `user_timer_details` where `user_id` = '23697' limit 1;
/*==================================================*/
/* Query 2 - 2025-08-12 02:36:27 [6.87ms]  */
update `user_timer_details` set `time_remaining` = '0', `updated_at` = '2025-08-12 02:36:27' where `id` = '22676';
/*==================================================*/
/* Query 1 - 2025-08-12 02:36:27 [1.16ms]  */
select * from `user_timer_details` where `user_id` = '23705' limit 1;
/*==================================================*/
/* Query 2 - 2025-08-12 02:36:27 [7.21ms]  */
update `user_timer_details` set `time_remaining` = '180', `updated_at` = '2025-08-12 02:36:27' where `id` = '22684';
/*==================================================*/
/* Query 1 - 2025-08-12 02:36:27 [1.44ms]  */
select * from `stl_models` where `stl_id` = '1' limit 1;
/*==================================================*/
/* Query 2 - 2025-08-12 02:36:27 [1.39ms]  */
select * from `model_details` where `model_id` = '1';
/*==================================================*/
/* Query 3 - 2025-08-12 02:36:27 [1.33ms]  */
select * from `statement_option_responses` where `option_id` = '126';
/*==================================================*/
/* Query 4 - 2025-08-12 02:36:27 [1.32ms]  */
select * from `statement_option_metrics` where `option_id` = '126';
/*==================================================*/
/* Query 5 - 2025-08-12 02:36:27 [1.31ms]  */
select * from `user_metrics` where `user_id` = '23727';
/*==================================================*/
/* Query 6 - 2025-08-12 02:36:27 [1.43ms]  */
select * from `user_coachee_metrics` where `user_id` = '23727' and `stl_coachee_id` = '2';
/*==================================================*/
/* Query 7 - 2025-08-12 02:36:27 [7.1ms]  */
insert into `user_conversations` (`user_id`, `stl_conversation_id`) values ('23727', '270');
/*==================================================*/
/* Query 8 - 2025-08-12 02:36:27 [7.72ms]  */
insert into `user_selected_statement_options` (`response_id`, `stl_statement_id`, `stl_conversation_id`, `option_id`, `user_id`) values ('', '71', '270', '126', '23727');
/*==================================================*/
/* Query 9 - 2025-08-12 02:36:27 [1.46ms]  */
select * from `user_round_progress` where `round_no` = '1' and `user_id` = '23727' and `name` = 'completedConversations' limit 1;
/*==================================================*/
/* Query 10 - 2025-08-12 02:36:27 [7.23ms]  */
update `user_round_progress` set `value` = '52', `updated_at` = '2025-08-12 02:36:27' where `id` = '592998';
/*==================================================*/
/* Query 11 - 2025-08-12 02:36:27 [1.46ms]  */
select * from `user_coachee_round_progress` where `stl_coachee_id` = '2' and `round_no` = '1' and `user_id` = '23727' and `name` = 'completedConversations' limit 1;
/*==================================================*/
/* Query 12 - 2025-08-12 02:36:27 [7.52ms]  */
update `user_coachee_round_progress` set `value` = '23', `updated_at` = '2025-08-12 02:36:27' where `id` = '865211';
/*==================================================*/
/* Query 13 - 2025-08-12 02:36:27 [1.6ms]  */
select * from `user_coachee_round_phase_details` where `stl_coachee_id` = '2' and `stl_round_phase_id` = '4' and `user_id` = '23727' limit 1;
/*==================================================*/
/* Query 14 - 2025-08-12 02:36:27 [7.99ms]  */
update `user_coachee_round_phase_details` set `completed_conversations` = '3', `updated_at` = '2025-08-12 02:36:27' where `id` = '640588';
/*==================================================*/
/* Query 15 - 2025-08-12 02:36:27 [1.56ms]  */
select `name`, `value`, `round_no`, `stl_coachee_id` from `user_coachee_round_progress` where `user_id` = '23727';
/*==================================================*/
/* Query 16 - 2025-08-12 02:36:27 [1.47ms]  */
select `name`, `value`, `round_no` from `user_round_progress` where `user_id` = '23727';
/*==================================================*/
/* Query 17 - 2025-08-12 02:36:27 [1.48ms]  */
select * from `events`;
/*==================================================*/
/* Query 18 - 2025-08-12 02:36:27 [1.48ms]  */
select * from `event_conditions`;
/*==================================================*/
/* Query 19 - 2025-08-12 02:36:27 [1.34ms]  */
select * from `event_types`;
/*==================================================*/
/* Query 20 - 2025-08-12 02:36:27 [1.46ms]  */
select * from `event_sources`;
/*==================================================*/
/* Query 21 - 2025-08-12 02:36:27 [1.48ms]  */
select * from `event_options`;
/*==================================================*/
/* Query 22 - 2025-08-12 02:36:27 [1.34ms]  */
select * from `event_option_response`;
/*==================================================*/
/* Query 23 - 2025-08-12 02:36:27 [1.39ms]  */
select * from `stl_events` where `stl_id` = '1' and `round_no` = '1';
/*==================================================*/
/* Query 24 - 2025-08-12 02:36:27 [1.49ms]  */
select * from `user_conversation_metrics` where `user_id` = '23727' and `round_no` = '1';
/*==================================================*/
/* Query 25 - 2025-08-12 02:36:27 [1.43ms]  */
select * from `user_events` where `user_id` = '23727' and `round_no` = '1';
/*==================================================*/
/* Query 26 - 2025-08-12 02:36:27 [1.44ms]  */
select `name`, `value` from `user_round_progress` where `user_id` = '23727' and `round_no` = '1';
/*==================================================*/
/* Query 1 - 2025-08-12 02:36:28 [1.53ms]  */
select * from `users` where `users`.`id` = '23697' and `users`.`deleted_at` is null limit 1;
/*==================================================*/
/* Query 2 - 2025-08-12 02:36:28 [1.63ms]  */
select * from `user_conversation_metrics` where `user_id` = '23697';
/*==================================================*/
/* Query 3 - 2025-08-12 02:36:28 [1.97ms]  */
select * from `stl_models` where `stl_id` = '1' limit 1;
/*==================================================*/
/* Query 4 - 2025-08-12 02:36:28 [1.43ms]  */
select * from `model_details` where `model_id` = '1';
/*==================================================*/
/* Query 5 - 2025-08-12 02:36:28 [1.77ms]  */
select * from `stl_conversations` where `stl_id` = '1';
/*==================================================*/
/* Query 6 - 2025-08-12 02:36:28 [1.55ms]  */
select * from `stl_phase_competencies`;
/*==================================================*/
/* Query 7 - 2025-08-12 02:36:28 [8.34ms]  */
INSERT INTO user_competencies (user_id, stl_competency_id, value) VALUES  (23697, 1, 59) , (23697, 2, 46) , (23697, 3, 39) , (23697, 4, 53)   ON DUPLICATE KEY UPDATE `value` = VALUES(`value`);
/*==================================================*/
/* Query 8 - 2025-08-12 02:36:28 [1.81ms]  */
select `users`.`id` as `id`, `users`.`name`, `users`.`email`, `users`.`grp_id`, `users`.`uli_id`, `users`.`lti_id`, `users`.`report_link`, `users`.`hash`, `users`.`is_demo_user`, `groups`.`sli_id`, `groups`.`timer_id`, `groups`.`lang`, `groups`.`no_of_rounds`, `groups`.`has_timer`, `groups`.`commonDB_group_id`, `groups`.`lti_group_id`, `groups`.`show_feedback`, `groups`.`reportType`, `groups`.`vac_enabled` from `users` inner join `groups` on `groups`.`id` = `users`.`grp_id` where `users`.`id` = '23697' and `users`.`deleted_at` is null limit 1;
/*==================================================*/
/* Query 9 - 2025-08-12 02:36:28 [1.48ms]  */
select * from `stl_instances` where `id` = '2' limit 1;
/*==================================================*/
/* Query 10 - 2025-08-12 02:36:28 [1.53ms]  */
select * from `user_progress` where `user_id` = '23697' and `name` = 'currentRound' limit 1;
/*==================================================*/
/* Query 11 - 2025-08-12 02:36:28 [1.61ms]  */
select * from `user_round_metrics` where `user_id` in ('23697');
/*==================================================*/
/* Query 12 - 2025-08-12 02:36:28 [1.53ms]  */
select * from `user_metrics` where `user_id` in ('23697');
/*==================================================*/
/* Query 13 - 2025-08-12 02:36:28 [1.56ms]  */
select * from `user_coachee_round_metrics` where `user_id` in ('23697') order by `round_no` asc;
/*==================================================*/
/* Query 14 - 2025-08-12 02:36:28 [1.41ms]  */
select * from `user_coachee_metrics` where `user_id` in ('23697');
/*==================================================*/
/* Query 15 - 2025-08-12 02:36:28 [1.37ms]  */
select * from `user_competencies` where `user_id` in ('23697');
/*==================================================*/
/* Query 16 - 2025-08-12 02:36:28 [1.53ms]  */
select * from `phases`;
/*==================================================*/
/* Query 17 - 2025-08-12 02:36:28 [1.49ms]  */
select * from `stl_phases` where `stl_id` = '1';
/*==================================================*/
/* Query 18 - 2025-08-12 02:36:28 [1.64ms]  */
select * from `user_conversation_metrics` where `user_id` in ('23697');
/*==================================================*/
/* Query 19 - 2025-08-12 02:36:28 [1.37ms]  */
select * from `mean_sd_competency`;
/*==================================================*/
/* Query 20 - 2025-08-12 02:36:28 [1.59ms]  */
select * from `mean_sd_grow`;
/*==================================================*/
/* Query 21 - 2025-08-12 02:36:28 [1.28ms]  */
select * from `mean_sd_overall_metric_data`;
/*==================================================*/
/* Query 22 - 2025-08-12 02:36:28 [1.38ms]  */
select * from `mean_sd_overall_coachee_metric_data`;
/*==================================================*/
/* Query 23 - 2025-08-12 02:36:28 [1.45ms]  */
select `metrics`.`id` as `id`, `metrics`.`key` as `key` from `stl_metrics` inner join `metrics` on `stl_metrics`.`metric_id` = `metrics`.`id` where `stl_metrics`.`stl_id` = '1';
/*==================================================*/
/* Query 24 - 2025-08-12 02:36:28 [1.51ms]  */
select `competencies`.`id` as `id`, `competencies`.`key` as `key` from `stl_competencies` inner join `competencies` on `stl_competencies`.`competency_id` = `competencies`.`id` where `stl_competencies`.`stl_id` = '1';
/*==================================================*/
/* Query 25 - 2025-08-12 02:36:28 [1.47ms]  */
select `phases`.`id` as `id`, `phases`.`key` as `key` from `stl_phases` inner join `phases` on `stl_phases`.`phase_id` = `phases`.`id` where `stl_phases`.`stl_id` = '1';
/*==================================================*/
/* Query 26 - 2025-08-12 02:36:28 [11.31ms]  */
select `key`, `value` from `strings_lookup_default` where `lang` = 'zh-CN';
/*==================================================*/
/* Query 1 - 2025-08-12 02:36:28 [1.62ms]  */
select * from `stl_instances`;
/*==================================================*/
/* Query 2 - 2025-08-12 02:36:28 [1.54ms]  */
select * from `timers`;
/*==================================================*/
/* Query 3 - 2025-08-12 02:36:28 [9.86ms]  */
select distinct `lang` from `strings_lookup_default`;
/*==================================================*/
/* Query 4 - 2025-08-12 02:36:28 [1.55ms]  */
select * from `timers`;
/*==================================================*/
/* Query 5 - 2025-08-12 02:36:28 [9.29ms]  */
select distinct `lang` from `strings_lookup_default`;
/*==================================================*/
/* Query 6 - 2025-08-12 02:36:28 [1.4ms]  */
select * from `timers`;
/*==================================================*/
/* Query 7 - 2025-08-12 02:36:28 [8.97ms]  */
select distinct `lang` from `strings_lookup_default`;
/*==================================================*/
/* Query 8 - 2025-08-12 02:36:28 [1.42ms]  */
select * from `timers`;
/*==================================================*/
/* Query 9 - 2025-08-12 02:36:28 [8.8ms]  */
select distinct `lang` from `strings_lookup_default`;
/*==================================================*/
/* Query 1 - 2025-08-12 02:36:30 [1.06ms]  */
select * from `user_timer_details` where `user_id` = '23710' limit 1;
/*==================================================*/
/* Query 2 - 2025-08-12 02:36:30 [9.36ms]  */
update `user_timer_details` set `time_remaining` = '2880', `updated_at` = '2025-08-12 02:36:30' where `id` = '22689';
/*==================================================*/
/* Query 1 - 2025-08-12 02:36:34 [1.34ms]  */
select * from `user_timer_details` where `user_id` = '23725' limit 1;
/*==================================================*/
/* Query 2 - 2025-08-12 02:36:34 [7.55ms]  */
update `user_timer_details` set `time_remaining` = '2895', `updated_at` = '2025-08-12 02:36:34' where `id` = '22704';
/*==================================================*/
/* Query 1 - 2025-08-12 02:36:34 [1.22ms]  */
select * from `stl_models` where `stl_id` = '1' limit 1;
/*==================================================*/
/* Query 2 - 2025-08-12 02:36:34 [1.16ms]  */
select * from `model_details` where `model_id` = '1';
/*==================================================*/
/* Query 3 - 2025-08-12 02:36:34 [1.51ms]  */
select * from `stl_conversations` where `stl_id` = '1';
/*==================================================*/
/* Query 4 - 2025-08-12 02:36:34 [1.41ms]  */
select * from `statement_types`;
/*==================================================*/
/* Query 5 - 2025-08-12 02:36:34 [3.51ms]  */
select `statement_options`.`emotion_key` as `optionEmotionKey`, `statement_options`.`id` as `optionId`, `statement_options`.`key` as `optionKey`, `statements`.`type` as `type`, `statements`.`emotion_key`, `statements`.`desc_key`, `statements`.`key`, `stl_statements`.`id` from `stl_statements` inner join `statements` on `statement_id` = `statements`.`id` inner join `statement_options` on `statements`.`id` = `statement_options`.`statement_id` where `stl_statements`.`id` in ('1', '2', '3', '5', '6', '7', '9', '10', '11', '12', '13', '14', '15', '16', '17', '18', '19', '20', '21', '23', '24', '25', '26', '27', '28', '29', '30', '31', '33', '34', '36', '37', '38', '39', '41', '42', '43', '44', '45', '46', '47', '48', '141', '49', '50', '51', '52', '53', '55', '56', '57', '59', '64', '61', '62', '63', '65', '66', '67', '68', '69', '70', '71', '72', '73', '74', '75', '76', '77', '78', '79', '80', '83', '84', '85', '86', '87', '88', '89', '90', '91', '92', '93', '142', '94', '95', '96', '97', '98', '99', '100', '101', '106', '107', '108', '109', '110', '111', '112', '113', '115', '116', '117', '118', '119', '120', '121', '122', '123', '124', '125', '126', '129', '130', '131', '132', '133', '134', '135', '136', '137', '138', '139', '143', '156', '157', '158', '159', '160', '161', '162', '163', '164', '165', '166', '167');
/*==================================================*/
/* Query 6 - 2025-08-12 02:36:34 [1.27ms]  */
select * from `user_conversations` where `user_id` = '23715';
/*==================================================*/
/* Query 7 - 2025-08-12 02:36:34 [1.27ms]  */
select * from `user_conversation_metrics` where `user_id` = '23715';
/*==================================================*/
/* Query 8 - 2025-08-12 02:36:34 [1.18ms]  */
select * from `user_coachee_conversation_metrics` where `user_id` = '23715';
/*==================================================*/
/* Query 9 - 2025-08-12 02:36:34 [1.59ms]  */
select * from `user_selected_statement_options` where `user_id` = '23715';
/*==================================================*/
/* Query 10 - 2025-08-12 02:36:34 [1.52ms]  */
select * from `statement_option_responses`;
/*==================================================*/
/* Query 11 - 2025-08-12 02:36:34 [1.33ms]  */
select * from `user_metrics` where `user_id` = '23715';
/*==================================================*/
/* Query 12 - 2025-08-12 02:36:34 [1.22ms]  */
select `stl_coachee_id`, `stl_metric_id`, `value` from `user_coachee_metrics` where `user_id` = '23715';
/*==================================================*/
/* Query 13 - 2025-08-12 02:36:34 [1.23ms]  */
select `stl_coachee_id`, `stl_kpi_id`, `value` from `user_coachee_kpis` where `user_id` = '23715';
/*==================================================*/
/* Query 14 - 2025-08-12 02:36:34 [1.17ms]  */
select `name`, `value`, `round_no`, `stl_coachee_id` from `user_coachee_round_progress` where `user_id` = '23715';
/*==================================================*/
/* Query 15 - 2025-08-12 02:36:34 [1.17ms]  */
select * from `user_coachee_round_phase_details` where `user_id` = '23715';
/*==================================================*/
/* Query 16 - 2025-08-12 02:36:34 [1.29ms]  */
select * from `user_coachee_feebacks` where `user_id` = '23715';
/*==================================================*/
/* Query 17 - 2025-08-12 02:36:34 [1.2ms]  */
select * from `events`;
/*==================================================*/
/* Query 18 - 2025-08-12 02:36:35 [1.13ms]  */
select * from `event_conditions`;
/*==================================================*/
/* Query 19 - 2025-08-12 02:36:35 [1.15ms]  */
select * from `event_types`;
/*==================================================*/
/* Query 20 - 2025-08-12 02:36:35 [1.19ms]  */
select * from `event_sources`;
/*==================================================*/
/* Query 21 - 2025-08-12 02:36:35 [1.19ms]  */
select * from `event_options`;
/*==================================================*/
/* Query 22 - 2025-08-12 02:36:35 [1.13ms]  */
select * from `event_option_response`;
/*==================================================*/
/* Query 23 - 2025-08-12 02:36:35 [1.56ms]  */
select * from `user_events` where `user_id` = '23715';
/*==================================================*/
/* Query 24 - 2025-08-12 02:36:35 [1.25ms]  */
select * from `user_coachee_event_metrics` where `user_id` = '23715';
/*==================================================*/
/* Query 25 - 2025-08-12 02:36:35 [1.19ms]  */
select * from `stl_events` where `stl_id` = '1';
/*==================================================*/
/* Query 1 - 2025-08-12 02:36:36 [1.38ms]  */
select * from `user_timer_details` where `user_id` = '23729' limit 1;
/*==================================================*/
/* Query 2 - 2025-08-12 02:36:36 [6.93ms]  */
update `user_timer_details` set `time_remaining` = '2895', `updated_at` = '2025-08-12 02:36:36' where `id` = '22708';
/*==================================================*/
/* Query 1 - 2025-08-12 02:36:36 [1.3ms]  */
select * from `user_timer_details` where `user_id` = '23712' limit 1;
/*==================================================*/
/* Query 2 - 2025-08-12 02:36:36 [8.26ms]  */
update `user_timer_details` set `time_remaining` = '2865', `updated_at` = '2025-08-12 02:36:36' where `id` = '22691';
/*==================================================*/
/* Query 1 - 2025-08-12 02:36:37 [1.59ms]  */
select * from `user_timer_details` where `user_id` = '23714' limit 1;
/*==================================================*/
/* Query 2 - 2025-08-12 02:36:37 [7.8ms]  */
update `user_timer_details` set `time_remaining` = '2865', `updated_at` = '2025-08-12 02:36:37' where `id` = '22693';
/*==================================================*/
/* Query 1 - 2025-08-12 02:36:39 [1.16ms]  */
select * from `user_timer_details` where `user_id` = '23707' limit 1;
/*==================================================*/
/* Query 2 - 2025-08-12 02:36:39 [8.89ms]  */
update `user_timer_details` set `time_remaining` = '2865', `updated_at` = '2025-08-12 02:36:39' where `id` = '22686';
/*==================================================*/
/* Query 1 - 2025-08-12 02:36:39 [1.22ms]  */
select * from `stl_models` where `stl_id` = '1' limit 1;
/*==================================================*/
/* Query 2 - 2025-08-12 02:36:39 [0.91ms]  */
select * from `model_details` where `model_id` = '1';
/*==================================================*/
/* Query 3 - 2025-08-12 02:36:39 [1.16ms]  */
select * from `statement_option_responses` where `option_id` = '119';
/*==================================================*/
/* Query 4 - 2025-08-12 02:36:39 [0.9ms]  */
select * from `statement_option_metrics` where `option_id` = '119';
/*==================================================*/
/* Query 5 - 2025-08-12 02:36:39 [1.16ms]  */
select * from `user_metrics` where `user_id` = '23713';
/*==================================================*/
/* Query 6 - 2025-08-12 02:36:39 [1.65ms]  */
select * from `user_coachee_metrics` where `user_id` = '23713' and `stl_coachee_id` = '2';
/*==================================================*/
/* Query 7 - 2025-08-12 02:36:39 [7.04ms]  */
insert into `user_conversations` (`user_id`, `stl_conversation_id`) values ('23713', '267');
/*==================================================*/
/* Query 8 - 2025-08-12 02:36:39 [6.47ms]  */
insert into `user_selected_statement_options` (`response_id`, `stl_statement_id`, `stl_conversation_id`, `option_id`, `user_id`) values ('105', '68', '267', '119', '23713');
/*==================================================*/
/* Query 9 - 2025-08-12 02:36:39 [1.12ms]  */
select * from `user_round_progress` where `round_no` = '1' and `user_id` = '23713' and `name` = 'completedConversations' limit 1;
/*==================================================*/
/* Query 10 - 2025-08-12 02:36:39 [6.54ms]  */
update `user_round_progress` set `value` = '49', `updated_at` = '2025-08-12 02:36:39' where `id` = '592770';
/*==================================================*/
/* Query 11 - 2025-08-12 02:36:39 [1.03ms]  */
select * from `user_coachee_round_progress` where `stl_coachee_id` = '2' and `round_no` = '1' and `user_id` = '23713' and `name` = 'completedConversations' limit 1;
/*==================================================*/
/* Query 12 - 2025-08-12 02:36:39 [5.89ms]  */
update `user_coachee_round_progress` set `value` = '20', `updated_at` = '2025-08-12 02:36:39' where `id` = '864866';
/*==================================================*/
/* Query 13 - 2025-08-12 02:36:39 [1.08ms]  */
select * from `user_coachee_round_phase_details` where `stl_coachee_id` = '2' and `stl_round_phase_id` = '3' and `user_id` = '23713' limit 1;
/*==================================================*/
/* Query 14 - 2025-08-12 02:36:39 [5.97ms]  */
update `user_coachee_round_phase_details` set `completed_conversations` = '2', `updated_at` = '2025-08-12 02:36:39' where `id` = '640209';
/*==================================================*/
/* Query 15 - 2025-08-12 02:36:39 [1.21ms]  */
select `name`, `value`, `round_no`, `stl_coachee_id` from `user_coachee_round_progress` where `user_id` = '23713';
/*==================================================*/
/* Query 16 - 2025-08-12 02:36:39 [1.07ms]  */
select `name`, `value`, `round_no` from `user_round_progress` where `user_id` = '23713';
/*==================================================*/
/* Query 17 - 2025-08-12 02:36:39 [1.1ms]  */
select * from `events`;
/*==================================================*/
/* Query 18 - 2025-08-12 02:36:39 [0.94ms]  */
select * from `event_conditions`;
/*==================================================*/
/* Query 19 - 2025-08-12 02:36:39 [0.83ms]  */
select * from `event_types`;
/*==================================================*/
/* Query 20 - 2025-08-12 02:36:39 [0.83ms]  */
select * from `event_sources`;
/*==================================================*/
/* Query 21 - 2025-08-12 02:36:39 [0.92ms]  */
select * from `event_options`;
/*==================================================*/
/* Query 22 - 2025-08-12 02:36:39 [0.83ms]  */
select * from `event_option_response`;
/*==================================================*/
/* Query 23 - 2025-08-12 02:36:39 [0.92ms]  */
select * from `stl_events` where `stl_id` = '1' and `round_no` = '1';
/*==================================================*/
/* Query 24 - 2025-08-12 02:36:39 [0.99ms]  */
select * from `user_conversation_metrics` where `user_id` = '23713' and `round_no` = '1';
/*==================================================*/
/* Query 25 - 2025-08-12 02:36:39 [0.82ms]  */
select * from `user_events` where `user_id` = '23713' and `round_no` = '1';
/*==================================================*/
/* Query 26 - 2025-08-12 02:36:39 [0.77ms]  */
select `name`, `value` from `user_round_progress` where `user_id` = '23713' and `round_no` = '1';
/*==================================================*/
/* Query 1 - 2025-08-12 02:36:39 [1.39ms]  */
select * from `user_timer_details` where `user_id` = '23728' limit 1;
/*==================================================*/
/* Query 2 - 2025-08-12 02:36:39 [6.82ms]  */
update `user_timer_details` set `time_remaining` = '2910', `updated_at` = '2025-08-12 02:36:39' where `id` = '22707';
/*==================================================*/
/* Query 1 - 2025-08-12 02:36:45 [1.05ms]  */
select * from `user_timer_details` where `user_id` = '23710' limit 1;
/*==================================================*/
/* Query 2 - 2025-08-12 02:36:45 [6.97ms]  */
update `user_timer_details` set `time_remaining` = '2865', `updated_at` = '2025-08-12 02:36:45' where `id` = '22689';
/*==================================================*/
/* Query 1 - 2025-08-12 02:36:46 [1.39ms]  */
select * from `user_timer_details` where `user_id` = '23716' limit 1;
/*==================================================*/
/* Query 2 - 2025-08-12 02:36:46 [6.63ms]  */
update `user_timer_details` set `time_remaining` = '2865', `updated_at` = '2025-08-12 02:36:46' where `id` = '22695';
/*==================================================*/
/* Query 1 - 2025-08-12 02:36:46 [7.56ms]  */
INSERT INTO user_coachee_round_progress (user_id, stl_coachee_id, round_no, name, value) VALUES  (23714, 3, 1, 'isCoachingStarted', 1) , (23714, 3, 1, 'stlCoacheeId', 3) , (23714, 3, 1, 'roundNo', 1)   ON DUPLICATE KEY UPDATE `value` = VALUES(`value`);
/*==================================================*/
/* Query 2 - 2025-08-12 02:36:46 [1.84ms]  */
select `name`, `value`, `round_no`, `stl_coachee_id` from `user_coachee_round_progress` where `user_id` = '23714';
/*==================================================*/
/* Query 1 - 2025-08-12 02:36:46 [1.49ms]  */
select * from `stl_models` where `stl_id` = '1' limit 1;
/*==================================================*/
/* Query 2 - 2025-08-12 02:36:46 [1.59ms]  */
select * from `model_details` where `model_id` = '1';
/*==================================================*/
/* Query 3 - 2025-08-12 02:36:46 [1.42ms]  */
select * from `statement_option_responses` where `option_id` = '134';
/*==================================================*/
/* Query 4 - 2025-08-12 02:36:46 [1.43ms]  */
select * from `statement_option_metrics` where `option_id` = '134';
/*==================================================*/
/* Query 5 - 2025-08-12 02:36:46 [1.46ms]  */
select * from `user_metrics` where `user_id` = '23712';
/*==================================================*/
/* Query 6 - 2025-08-12 02:36:46 [1.67ms]  */
select * from `user_coachee_metrics` where `user_id` = '23712' and `stl_coachee_id` = '2';
/*==================================================*/
/* Query 7 - 2025-08-12 02:36:46 [7.26ms]  */
insert into `user_conversations` (`user_id`, `stl_conversation_id`) values ('23712', '274');
/*==================================================*/
/* Query 8 - 2025-08-12 02:36:46 [7.2ms]  */
insert into `user_selected_statement_options` (`response_id`, `stl_statement_id`, `stl_conversation_id`, `option_id`, `user_id`) values ('', '75', '274', '134', '23712');
/*==================================================*/
/* Query 9 - 2025-08-12 02:36:46 [1.51ms]  */
select * from `user_round_progress` where `round_no` = '1' and `user_id` = '23712' and `name` = 'completedConversations' limit 1;
/*==================================================*/
/* Query 10 - 2025-08-12 02:36:46 [7.95ms]  */
update `user_round_progress` set `value` = '57', `updated_at` = '2025-08-12 02:36:46' where `id` = '592754';
/*==================================================*/
/* Query 11 - 2025-08-12 02:36:46 [1.65ms]  */
select * from `user_coachee_round_progress` where `stl_coachee_id` = '2' and `round_no` = '1' and `user_id` = '23712' and `name` = 'completedConversations' limit 1;
/*==================================================*/
/* Query 12 - 2025-08-12 02:36:46 [7.29ms]  */
update `user_coachee_round_progress` set `value` = '28', `updated_at` = '2025-08-12 02:36:46' where `id` = '864842';
/*==================================================*/
/* Query 13 - 2025-08-12 02:36:46 [1.7ms]  */
select * from `user_coachee_round_phase_details` where `stl_coachee_id` = '2' and `stl_round_phase_id` = '5' and `user_id` = '23712' limit 1;
/*==================================================*/
/* Query 14 - 2025-08-12 02:36:46 [7.19ms]  */
update `user_coachee_round_phase_details` set `completed_conversations` = '5', `updated_at` = '2025-08-12 02:36:46' where `id` = '640184';
/*==================================================*/
/* Query 15 - 2025-08-12 02:36:46 [1.57ms]  */
select `name`, `value`, `round_no`, `stl_coachee_id` from `user_coachee_round_progress` where `user_id` = '23712';
/*==================================================*/
/* Query 16 - 2025-08-12 02:36:46 [1.68ms]  */
select `name`, `value`, `round_no` from `user_round_progress` where `user_id` = '23712';
/*==================================================*/
/* Query 17 - 2025-08-12 02:36:46 [3.39ms]  */
select * from `events`;
/*==================================================*/
/* Query 18 - 2025-08-12 02:36:46 [1.45ms]  */
select * from `event_conditions`;
/*==================================================*/
/* Query 19 - 2025-08-12 02:36:46 [1.33ms]  */
select * from `event_types`;
/*==================================================*/
/* Query 20 - 2025-08-12 02:36:46 [1.23ms]  */
select * from `event_sources`;
/*==================================================*/
/* Query 21 - 2025-08-12 02:36:46 [1.42ms]  */
select * from `event_options`;
/*==================================================*/
/* Query 22 - 2025-08-12 02:36:46 [1.42ms]  */
select * from `event_option_response`;
/*==================================================*/
/* Query 23 - 2025-08-12 02:36:46 [1.68ms]  */
select * from `stl_events` where `stl_id` = '1' and `round_no` = '1';
/*==================================================*/
/* Query 24 - 2025-08-12 02:36:46 [1.52ms]  */
select * from `user_conversation_metrics` where `user_id` = '23712' and `round_no` = '1';
/*==================================================*/
/* Query 25 - 2025-08-12 02:36:46 [1.48ms]  */
select * from `user_events` where `user_id` = '23712' and `round_no` = '1';
/*==================================================*/
/* Query 26 - 2025-08-12 02:36:46 [1.48ms]  */
select `name`, `value` from `user_round_progress` where `user_id` = '23712' and `round_no` = '1';
/*==================================================*/
/* Query 1 - 2025-08-12 02:36:51 [1.62ms]  */
select * from `stl_models` where `stl_id` = '1' limit 1;
/*==================================================*/
/* Query 2 - 2025-08-12 02:36:51 [1.46ms]  */
select * from `model_details` where `model_id` = '1';
/*==================================================*/
/* Query 3 - 2025-08-12 02:36:51 [1.64ms]  */
select * from `statement_option_responses` where `option_id` = '90';
/*==================================================*/
/* Query 4 - 2025-08-12 02:36:51 [1.46ms]  */
select * from `statement_option_metrics` where `option_id` = '90';
/*==================================================*/
/* Query 5 - 2025-08-12 02:36:51 [1.46ms]  */
select * from `user_metrics` where `user_id` = '23728';
/*==================================================*/
/* Query 6 - 2025-08-12 02:36:51 [1.5ms]  */
select * from `user_coachee_metrics` where `user_id` = '23728' and `stl_coachee_id` = '2';
/*==================================================*/
/* Query 7 - 2025-08-12 02:36:51 [7.43ms]  */
insert into `user_coachee_conversation_metrics` (`actual_delta`, `delta`, `previous_value`, `round_no`, `stl_coachee_id`, `stl_conversation_id`, `stl_metric_id`, `stl_phase_id`, `updated_value`, `user_id`) values ('4', '4', '52', '1', '2', '249', '1', '1', '56', '23728');
/*==================================================*/
/* Query 8 - 2025-08-12 02:36:51 [7.22ms]  */
INSERT INTO user_coachee_metrics (user_id, stl_coachee_id, stl_metric_id, value) VALUES  (23728, 2, 1, 56)   ON DUPLICATE KEY UPDATE `value` = VALUES(`value`);
/*==================================================*/
/* Query 9 - 2025-08-12 02:36:51 [7.44ms]  */
INSERT INTO user_coachee_round_metrics (user_id, round_no, stl_coachee_id, stl_metric_id, value) VALUES  (23728, 1, 2, 1, 56)   ON DUPLICATE KEY UPDATE `value` = VALUES(`value`);
/*==================================================*/
/* Query 1 - 2025-08-12 02:36:51 [1.15ms]  */
select * from `user_timer_details` where `user_id` = '23708' limit 1;
/*==================================================*/
/* Query 2 - 2025-08-12 02:36:51 [6.92ms]  */
update `user_timer_details` set `time_remaining` = '2835', `updated_at` = '2025-08-12 02:36:51' where `id` = '22687';
/*==================================================*/
/* Query 10 - 2025-08-12 02:36:51 [10.27ms]  */
insert into `user_conversation_metrics` (`actual_delta`, `delta`, `previous_value`, `round_no`, `stl_coachee_id`, `stl_conversation_id`, `stl_metric_id`, `stl_phase_id`, `updated_value`, `user_id`) values ('4', '4', '22', '1', '2', '249', '2', '1', '26', '23728');
/*==================================================*/
/* Query 11 - 2025-08-12 02:36:51 [7.31ms]  */
INSERT INTO user_metrics (user_id, stl_metric_id, value) VALUES  (23728, 2, 26)   ON DUPLICATE KEY UPDATE `value` = VALUES(`value`);
/*==================================================*/
/* Query 12 - 2025-08-12 02:36:51 [7.51ms]  */
INSERT INTO user_round_metrics (user_id, round_no, stl_metric_id, value) VALUES  (23728, 1, 2, 26)   ON DUPLICATE KEY UPDATE `value` = VALUES(`value`);
/*==================================================*/
/* Query 13 - 2025-08-12 02:36:51 [6.4ms]  */
insert into `user_conversations` (`user_id`, `stl_conversation_id`) values ('23728', '249');
/*==================================================*/
/* Query 14 - 2025-08-12 02:36:51 [7.23ms]  */
insert into `user_selected_statement_options` (`response_id`, `stl_statement_id`, `stl_conversation_id`, `option_id`, `user_id`) values ('', '49', '249', '90', '23728');
/*==================================================*/
/* Query 15 - 2025-08-12 02:36:51 [1.56ms]  */
select * from `user_round_progress` where `round_no` = '1' and `user_id` = '23728' and `name` = 'completedConversations' limit 1;
/*==================================================*/
/* Query 16 - 2025-08-12 02:36:51 [7.7ms]  */
update `user_round_progress` set `value` = '30', `updated_at` = '2025-08-12 02:36:51' where `id` = '593026';
/*==================================================*/
/* Query 17 - 2025-08-12 02:36:51 [1.59ms]  */
select * from `user_coachee_round_progress` where `stl_coachee_id` = '2' and `round_no` = '1' and `user_id` = '23728' and `name` = 'completedConversations' limit 1;
/*==================================================*/
/* Query 18 - 2025-08-12 02:36:51 [6.86ms]  */
update `user_coachee_round_progress` set `value` = '1', `updated_at` = '2025-08-12 02:36:51' where `id` = '865235';
/*==================================================*/
/* Query 19 - 2025-08-12 02:36:51 [1.64ms]  */
select * from `user_coachee_round_phase_details` where `stl_coachee_id` = '2' and `stl_round_phase_id` = '1' and `user_id` = '23728' limit 1;
/*==================================================*/
/* Query 20 - 2025-08-12 02:36:51 [6.92ms]  */
update `user_coachee_round_phase_details` set `completed_conversations` = '1', `updated_at` = '2025-08-12 02:36:51' where `id` = '640612';
/*==================================================*/
/* Query 21 - 2025-08-12 02:36:51 [1.51ms]  */
select `name`, `value`, `round_no`, `stl_coachee_id` from `user_coachee_round_progress` where `user_id` = '23728';
/*==================================================*/
/* Query 22 - 2025-08-12 02:36:51 [1.57ms]  */
select `name`, `value`, `round_no` from `user_round_progress` where `user_id` = '23728';
/*==================================================*/
/* Query 23 - 2025-08-12 02:36:51 [1.6ms]  */
select * from `events`;
/*==================================================*/
/* Query 24 - 2025-08-12 02:36:51 [1.34ms]  */
select * from `event_conditions`;
/*==================================================*/
/* Query 25 - 2025-08-12 02:36:51 [1.44ms]  */
select * from `event_types`;
/*==================================================*/
/* Query 26 - 2025-08-12 02:36:51 [1.32ms]  */
select * from `event_sources`;
/*==================================================*/
/* Query 27 - 2025-08-12 02:36:51 [1.47ms]  */
select * from `event_options`;
/*==================================================*/
/* Query 28 - 2025-08-12 02:36:51 [1.41ms]  */
select * from `event_option_response`;
/*==================================================*/
/* Query 29 - 2025-08-12 02:36:51 [1.4ms]  */
select * from `stl_events` where `stl_id` = '1' and `round_no` = '1';
/*==================================================*/
/* Query 30 - 2025-08-12 02:36:51 [1.5ms]  */
select * from `user_conversation_metrics` where `user_id` = '23728' and `round_no` = '1';
/*==================================================*/
/* Query 31 - 2025-08-12 02:36:51 [1.45ms]  */
select * from `user_events` where `user_id` = '23728' and `round_no` = '1';
/*==================================================*/
/* Query 32 - 2025-08-12 02:36:51 [1.43ms]  */
select `name`, `value` from `user_round_progress` where `user_id` = '23728' and `round_no` = '1';
/*==================================================*/
/* Query 1 - 2025-08-12 02:36:53 [1.13ms]  */
select * from `user_timer_details` where `user_id` = '23709' limit 1;
/*==================================================*/
/* Query 2 - 2025-08-12 02:36:53 [7.55ms]  */
update `user_timer_details` set `time_remaining` = '2880', `updated_at` = '2025-08-12 02:36:53' where `id` = '22688';
/*==================================================*/
/* Query 1 - 2025-08-12 02:36:57 [1.56ms]  */
select * from `user_timer_details` where `user_id` = '23727' limit 1;
/*==================================================*/
/* Query 2 - 2025-08-12 02:36:58 [8.89ms]  */
update `user_timer_details` set `time_remaining` = '2880', `updated_at` = '2025-08-12 02:36:58' where `id` = '22706';
/*==================================================*/
/* Query 1 - 2025-08-12 02:37:00 [1.29ms]  */
select * from `user_timer_details` where `user_id` = '23710' limit 1;
/*==================================================*/
/* Query 2 - 2025-08-12 02:37:00 [7.62ms]  */
update `user_timer_details` set `time_remaining` = '2850', `updated_at` = '2025-08-12 02:37:00' where `id` = '22689';
/*==================================================*/
/* Query 1 - 2025-08-12 02:37:01 [1.52ms]  */
select * from `user_timer_details` where `user_id` = '23716' limit 1;
/*==================================================*/
/* Query 2 - 2025-08-12 02:37:01 [7.1ms]  */
update `user_timer_details` set `time_remaining` = '2850', `updated_at` = '2025-08-12 02:37:01' where `id` = '22695';
/*==================================================*/
/* Query 1 - 2025-08-12 02:37:04 [1.65ms]  */
select * from `stl_models` where `stl_id` = '1' limit 1;
/*==================================================*/
/* Query 2 - 2025-08-12 02:37:04 [1.59ms]  */
select * from `model_details` where `model_id` = '1';
/*==================================================*/
/* Query 3 - 2025-08-12 02:37:04 [1.37ms]  */
select * from `statement_option_responses` where `option_id` = '218';
/*==================================================*/
/* Query 4 - 2025-08-12 02:37:04 [1.36ms]  */
select * from `statement_option_metrics` where `option_id` = '218';
/*==================================================*/
/* Query 5 - 2025-08-12 02:37:04 [1.51ms]  */
select * from `user_metrics` where `user_id` = '23721';
/*==================================================*/
/* Query 6 - 2025-08-12 02:37:04 [1.36ms]  */
select * from `user_coachee_metrics` where `user_id` = '23721' and `stl_coachee_id` = '3';
/*==================================================*/
/* Query 7 - 2025-08-12 02:37:04 [7.95ms]  */
insert into `user_conversations` (`user_id`, `stl_conversation_id`) values ('23721', '420');
/*==================================================*/
/* Query 8 - 2025-08-12 02:37:04 [7.69ms]  */
insert into `user_selected_statement_options` (`response_id`, `stl_statement_id`, `stl_conversation_id`, `option_id`, `user_id`) values ('', '121', '420', '218', '23721');
/*==================================================*/
/* Query 9 - 2025-08-12 02:37:04 [1.74ms]  */
select * from `user_round_progress` where `round_no` = '1' and `user_id` = '23721' and `name` = 'completedConversations' limit 1;
/*==================================================*/
/* Query 10 - 2025-08-12 02:37:04 [7.19ms]  */
update `user_round_progress` set `value` = '55', `updated_at` = '2025-08-12 02:37:04' where `id` = '592900';
/*==================================================*/
/* Query 11 - 2025-08-12 02:37:04 [1.67ms]  */
select * from `user_coachee_round_progress` where `stl_coachee_id` = '3' and `round_no` = '1' and `user_id` = '23721' and `name` = 'completedConversations' limit 1;
/*==================================================*/
/* Query 12 - 2025-08-12 02:37:04 [7.08ms]  */
update `user_coachee_round_progress` set `value` = '26', `updated_at` = '2025-08-12 02:37:04' where `id` = '865067';
/*==================================================*/
/* Query 13 - 2025-08-12 02:37:04 [1.85ms]  */
select * from `user_coachee_round_phase_details` where `stl_coachee_id` = '3' and `stl_round_phase_id` = '5' and `user_id` = '23721' limit 1;
/*==================================================*/
/* Query 14 - 2025-08-12 02:37:04 [7.98ms]  */
update `user_coachee_round_phase_details` set `completed_conversations` = '5', `updated_at` = '2025-08-12 02:37:04' where `id` = '640436';
/*==================================================*/
/* Query 15 - 2025-08-12 02:37:04 [1.61ms]  */
select `name`, `value`, `round_no`, `stl_coachee_id` from `user_coachee_round_progress` where `user_id` = '23721';
/*==================================================*/
/* Query 16 - 2025-08-12 02:37:04 [1.72ms]  */
select `name`, `value`, `round_no` from `user_round_progress` where `user_id` = '23721';
/*==================================================*/
/* Query 17 - 2025-08-12 02:37:04 [1.53ms]  */
select * from `events`;
/*==================================================*/
/* Query 18 - 2025-08-12 02:37:04 [1.31ms]  */
select * from `event_conditions`;
/*==================================================*/
/* Query 19 - 2025-08-12 02:37:04 [1.29ms]  */
select * from `event_types`;
/*==================================================*/
/* Query 20 - 2025-08-12 02:37:04 [1.33ms]  */
select * from `event_sources`;
/*==================================================*/
/* Query 21 - 2025-08-12 02:37:04 [1.34ms]  */
select * from `event_options`;
/*==================================================*/
/* Query 22 - 2025-08-12 02:37:04 [1.34ms]  */
select * from `event_option_response`;
/*==================================================*/
/* Query 23 - 2025-08-12 02:37:04 [1.51ms]  */
select * from `stl_events` where `stl_id` = '1' and `round_no` = '1';
/*==================================================*/
/* Query 24 - 2025-08-12 02:37:04 [1.51ms]  */
select * from `user_conversation_metrics` where `user_id` = '23721' and `round_no` = '1';
/*==================================================*/
/* Query 25 - 2025-08-12 02:37:04 [1.52ms]  */
select * from `user_events` where `user_id` = '23721' and `round_no` = '1';
/*==================================================*/
/* Query 26 - 2025-08-12 02:37:04 [1.36ms]  */
select `name`, `value` from `user_round_progress` where `user_id` = '23721' and `round_no` = '1';
/*==================================================*/
/* Query 1 - 2025-08-12 02:37:05 [1.25ms]  */
select * from `user_timer_details` where `user_id` = '23715' limit 1;
/*==================================================*/
/* Query 2 - 2025-08-12 02:37:05 [7.68ms]  */
update `user_timer_details` set `time_remaining` = '2880', `updated_at` = '2025-08-12 02:37:05' where `id` = '22694';
/*==================================================*/
/* Query 1 - 2025-08-12 02:37:06 [1.07ms]  */
select * from `stl_models` where `stl_id` = '1' limit 1;
/*==================================================*/
/* Query 2 - 2025-08-12 02:37:06 [1.24ms]  */
select * from `model_details` where `model_id` = '1';
/*==================================================*/
/* Query 3 - 2025-08-12 02:37:06 [1.01ms]  */
select * from `statement_option_responses` where `option_id` = '173';
/*==================================================*/
/* Query 4 - 2025-08-12 02:37:06 [1.2ms]  */
select * from `statement_option_metrics` where `option_id` = '173';
/*==================================================*/
/* Query 5 - 2025-08-12 02:37:06 [0.98ms]  */
select * from `user_metrics` where `user_id` = '23712';
/*==================================================*/
/* Query 6 - 2025-08-12 02:37:06 [1.15ms]  */
select * from `user_coachee_metrics` where `user_id` = '23712' and `stl_coachee_id` = '3';
/*==================================================*/
/* Query 7 - 2025-08-12 02:37:06 [7.37ms]  */
insert into `user_coachee_conversation_metrics` (`actual_delta`, `delta`, `previous_value`, `round_no`, `stl_coachee_id`, `stl_conversation_id`, `stl_metric_id`, `stl_phase_id`, `updated_value`, `user_id`) values ('6', '4', '32', '1', '3', '393', '1', '1', '36', '23712');
/*==================================================*/
/* Query 8 - 2025-08-12 02:37:06 [7.65ms]  */
INSERT INTO user_coachee_metrics (user_id, stl_coachee_id, stl_metric_id, value) VALUES  (23712, 3, 1, 36)   ON DUPLICATE KEY UPDATE `value` = VALUES(`value`);
/*==================================================*/
/* Query 9 - 2025-08-12 02:37:06 [7.5ms]  */
INSERT INTO user_coachee_round_metrics (user_id, round_no, stl_coachee_id, stl_metric_id, value) VALUES  (23712, 1, 3, 1, 36)   ON DUPLICATE KEY UPDATE `value` = VALUES(`value`);
/*==================================================*/
/* Query 10 - 2025-08-12 02:37:06 [8.03ms]  */
insert into `user_conversation_metrics` (`actual_delta`, `delta`, `previous_value`, `round_no`, `stl_coachee_id`, `stl_conversation_id`, `stl_metric_id`, `stl_phase_id`, `updated_value`, `user_id`) values ('6', '6', '42', '1', '3', '393', '2', '1', '48', '23712');
/*==================================================*/
/* Query 11 - 2025-08-12 02:37:06 [6.98ms]  */
INSERT INTO user_metrics (user_id, stl_metric_id, value) VALUES  (23712, 2, 48)   ON DUPLICATE KEY UPDATE `value` = VALUES(`value`);
/*==================================================*/
/* Query 12 - 2025-08-12 02:37:06 [7.69ms]  */
INSERT INTO user_round_metrics (user_id, round_no, stl_metric_id, value) VALUES  (23712, 1, 2, 48)   ON DUPLICATE KEY UPDATE `value` = VALUES(`value`);
/*==================================================*/
/* Query 13 - 2025-08-12 02:37:06 [8.61ms]  */
insert into `user_conversations` (`user_id`, `stl_conversation_id`) values ('23712', '393');
/*==================================================*/
/* Query 14 - 2025-08-12 02:37:06 [8.1ms]  */
insert into `user_selected_statement_options` (`response_id`, `stl_statement_id`, `stl_conversation_id`, `option_id`, `user_id`) values ('', '94', '393', '173', '23712');
/*==================================================*/
/* Query 15 - 2025-08-12 02:37:06 [1.33ms]  */
select * from `user_round_progress` where `round_no` = '1' and `user_id` = '23712' and `name` = 'completedConversations' limit 1;
/*==================================================*/
/* Query 16 - 2025-08-12 02:37:06 [7.7ms]  */
update `user_round_progress` set `value` = '58', `updated_at` = '2025-08-12 02:37:06' where `id` = '592754';
/*==================================================*/
/* Query 17 - 2025-08-12 02:37:06 [1.03ms]  */
select * from `user_coachee_round_progress` where `stl_coachee_id` = '3' and `round_no` = '1' and `user_id` = '23712' and `name` = 'completedConversations' limit 1;
/*==================================================*/
/* Query 18 - 2025-08-12 02:37:06 [7.03ms]  */
update `user_coachee_round_progress` set `value` = '1', `updated_at` = '2025-08-12 02:37:06' where `id` = '864845';
/*==================================================*/
/* Query 19 - 2025-08-12 02:37:06 [1.16ms]  */
select * from `user_coachee_round_phase_details` where `stl_coachee_id` = '3' and `stl_round_phase_id` = '1' and `user_id` = '23712' limit 1;
/*==================================================*/
/* Query 20 - 2025-08-12 02:37:06 [7.21ms]  */
update `user_coachee_round_phase_details` set `completed_conversations` = '1', `updated_at` = '2025-08-12 02:37:06' where `id` = '640189';
/*==================================================*/
/* Query 21 - 2025-08-12 02:37:06 [1.08ms]  */
select `name`, `value`, `round_no`, `stl_coachee_id` from `user_coachee_round_progress` where `user_id` = '23712';
/*==================================================*/
/* Query 22 - 2025-08-12 02:37:06 [0.99ms]  */
select `name`, `value`, `round_no` from `user_round_progress` where `user_id` = '23712';
/*==================================================*/
/* Query 23 - 2025-08-12 02:37:06 [1.02ms]  */
select * from `events`;
/*==================================================*/
/* Query 24 - 2025-08-12 02:37:06 [1ms]  */
select * from `event_conditions`;
/*==================================================*/
/* Query 25 - 2025-08-12 02:37:06 [0.83ms]  */
select * from `event_types`;
/*==================================================*/
/* Query 26 - 2025-08-12 02:37:06 [0.89ms]  */
select * from `event_sources`;
/*==================================================*/
/* Query 27 - 2025-08-12 02:37:06 [0.95ms]  */
select * from `event_options`;
/*==================================================*/
/* Query 28 - 2025-08-12 02:37:06 [0.81ms]  */
select * from `event_option_response`;
/*==================================================*/
/* Query 29 - 2025-08-12 02:37:06 [0.93ms]  */
select * from `stl_events` where `stl_id` = '1' and `round_no` = '1';
/*==================================================*/
/* Query 30 - 2025-08-12 02:37:06 [1.07ms]  */
select * from `user_conversation_metrics` where `user_id` = '23712' and `round_no` = '1';
/*==================================================*/
/* Query 31 - 2025-08-12 02:37:06 [1.18ms]  */
select * from `user_events` where `user_id` = '23712' and `round_no` = '1';
/*==================================================*/
/* Query 32 - 2025-08-12 02:37:06 [0.9ms]  */
select `name`, `value` from `user_round_progress` where `user_id` = '23712' and `round_no` = '1';
/*==================================================*/
/* Query 1 - 2025-08-12 02:37:07 [1.43ms]  */
select * from `stl_models` where `stl_id` = '1' limit 1;
/*==================================================*/
/* Query 2 - 2025-08-12 02:37:07 [1.47ms]  */
select * from `model_details` where `model_id` = '1';
/*==================================================*/
/* Query 3 - 2025-08-12 02:37:07 [1.51ms]  */
select * from `statement_option_responses` where `option_id` = '133';
/*==================================================*/
/* Query 4 - 2025-08-12 02:37:07 [1.37ms]  */
select * from `statement_option_metrics` where `option_id` = '133';
/*==================================================*/
/* Query 5 - 2025-08-12 02:37:07 [1.64ms]  */
select * from `user_metrics` where `user_id` = '23716';
/*==================================================*/
/* Query 6 - 2025-08-12 02:37:07 [1.78ms]  */
select * from `user_coachee_metrics` where `user_id` = '23716' and `stl_coachee_id` = '2';
/*==================================================*/
/* Query 7 - 2025-08-12 02:37:07 [6.78ms]  */
insert into `user_conversations` (`user_id`, `stl_conversation_id`) values ('23716', '273');
/*==================================================*/
/* Query 8 - 2025-08-12 02:37:07 [6.8ms]  */
insert into `user_selected_statement_options` (`response_id`, `stl_statement_id`, `stl_conversation_id`, `option_id`, `user_id`) values ('', '74', '273', '133', '23716');
/*==================================================*/
/* Query 9 - 2025-08-12 02:37:07 [1.44ms]  */
select * from `user_round_progress` where `round_no` = '1' and `user_id` = '23716' and `name` = 'completedConversations' limit 1;
/*==================================================*/
/* Query 10 - 2025-08-12 02:37:07 [10.61ms]  */
update `user_round_progress` set `value` = '55', `updated_at` = '2025-08-12 02:37:07' where `id` = '592816';
/*==================================================*/
/* Query 11 - 2025-08-12 02:37:07 [1.99ms]  */
select * from `user_coachee_round_progress` where `stl_coachee_id` = '2' and `round_no` = '1' and `user_id` = '23716' and `name` = 'completedConversations' limit 1;
/*==================================================*/
/* Query 12 - 2025-08-12 02:37:07 [7.38ms]  */
update `user_coachee_round_progress` set `value` = '26', `updated_at` = '2025-08-12 02:37:07' where `id` = '864936';
/*==================================================*/
/* Query 13 - 2025-08-12 02:37:07 [1.66ms]  */
select * from `user_coachee_round_phase_details` where `stl_coachee_id` = '2' and `stl_round_phase_id` = '5' and `user_id` = '23716' limit 1;
/*==================================================*/
/* Query 14 - 2025-08-12 02:37:07 [6.85ms]  */
update `user_coachee_round_phase_details` set `completed_conversations` = '3', `updated_at` = '2025-08-12 02:37:07' where `id` = '640292';
/*==================================================*/
/* Query 15 - 2025-08-12 02:37:07 [1.57ms]  */
select `name`, `value`, `round_no`, `stl_coachee_id` from `user_coachee_round_progress` where `user_id` = '23716';
/*==================================================*/
/* Query 16 - 2025-08-12 02:37:07 [1.42ms]  */
select `name`, `value`, `round_no` from `user_round_progress` where `user_id` = '23716';
/*==================================================*/
/* Query 17 - 2025-08-12 02:37:07 [1.38ms]  */
select * from `events`;
/*==================================================*/
/* Query 18 - 2025-08-12 02:37:07 [1.32ms]  */
select * from `event_conditions`;
/*==================================================*/
/* Query 19 - 2025-08-12 02:37:07 [1.32ms]  */
select * from `event_types`;
/*==================================================*/
/* Query 20 - 2025-08-12 02:37:07 [1.34ms]  */
select * from `event_sources`;
/*==================================================*/
/* Query 21 - 2025-08-12 02:37:07 [1.51ms]  */
select * from `event_options`;
/*==================================================*/
/* Query 22 - 2025-08-12 02:37:07 [1.54ms]  */
select * from `event_option_response`;
/*==================================================*/
/* Query 23 - 2025-08-12 02:37:07 [1.68ms]  */
select * from `stl_events` where `stl_id` = '1' and `round_no` = '1';
/*==================================================*/
/* Query 24 - 2025-08-12 02:37:07 [1.5ms]  */
select * from `user_conversation_metrics` where `user_id` = '23716' and `round_no` = '1';
/*==================================================*/
/* Query 25 - 2025-08-12 02:37:07 [1.49ms]  */
select * from `user_events` where `user_id` = '23716' and `round_no` = '1';
/*==================================================*/
/* Query 26 - 2025-08-12 02:37:07 [1.5ms]  */
select `name`, `value` from `user_round_progress` where `user_id` = '23716' and `round_no` = '1';
/*==================================================*/
/* Query 1 - 2025-08-12 02:37:08 [1.04ms]  */
select * from `user_timer_details` where `user_id` = '23718' limit 1;
/*==================================================*/
/* Query 2 - 2025-08-12 02:37:08 [6.48ms]  */
update `user_timer_details` set `time_remaining` = '2820', `updated_at` = '2025-08-12 02:37:08' where `id` = '22697';
/*==================================================*/
/* Query 1 - 2025-08-12 02:37:09 [1.56ms]  */
select * from `user_timer_details` where `user_id` = '23728' limit 1;
/*==================================================*/
/* Query 2 - 2025-08-12 02:37:09 [8.2ms]  */
update `user_timer_details` set `time_remaining` = '2880', `updated_at` = '2025-08-12 02:37:09' where `id` = '22707';
/*==================================================*/
/* Query 1 - 2025-08-12 02:37:12 [1.6ms]  */
select * from `stl_models` where `stl_id` = '1' limit 1;
/*==================================================*/
/* Query 2 - 2025-08-12 02:37:12 [1.43ms]  */
select * from `model_details` where `model_id` = '1';
/*==================================================*/
/* Query 3 - 2025-08-12 02:37:12 [1.35ms]  */
select * from `statement_option_responses` where `option_id` = '98';
/*==================================================*/
/* Query 4 - 2025-08-12 02:37:12 [1.52ms]  */
select * from `statement_option_metrics` where `option_id` = '98';
/*==================================================*/
/* Query 5 - 2025-08-12 02:37:12 [1.45ms]  */
select * from `user_metrics` where `user_id` = '23725';
/*==================================================*/
/* Query 6 - 2025-08-12 02:37:12 [1.59ms]  */
select * from `user_coachee_metrics` where `user_id` = '23725' and `stl_coachee_id` = '2';
/*==================================================*/
/* Query 7 - 2025-08-12 02:37:12 [8.06ms]  */
insert into `user_conversations` (`user_id`, `stl_conversation_id`) values ('23725', '256');
/*==================================================*/
/* Query 8 - 2025-08-12 02:37:12 [8.65ms]  */
insert into `user_selected_statement_options` (`response_id`, `stl_statement_id`, `stl_conversation_id`, `option_id`, `user_id`) values ('84', '56', '256', '98', '23725');
/*==================================================*/
/* Query 9 - 2025-08-12 02:37:12 [1.71ms]  */
select * from `user_round_progress` where `round_no` = '1' and `user_id` = '23725' and `name` = 'completedConversations' limit 1;
/*==================================================*/
/* Query 10 - 2025-08-12 02:37:12 [10.82ms]  */
update `user_round_progress` set `value` = '37', `updated_at` = '2025-08-12 02:37:12' where `id` = '592964';
/*==================================================*/
/* Query 11 - 2025-08-12 02:37:12 [1.49ms]  */
select * from `user_coachee_round_progress` where `stl_coachee_id` = '2' and `round_no` = '1' and `user_id` = '23725' and `name` = 'completedConversations' limit 1;
/*==================================================*/
/* Query 12 - 2025-08-12 02:37:12 [8.96ms]  */
update `user_coachee_round_progress` set `value` = '8', `updated_at` = '2025-08-12 02:37:12' where `id` = '865160';
/*==================================================*/
/* Query 13 - 2025-08-12 02:37:12 [1.47ms]  */
select * from `user_coachee_round_phase_details` where `stl_coachee_id` = '2' and `stl_round_phase_id` = '2' and `user_id` = '23725' limit 1;
/*==================================================*/
/* Query 14 - 2025-08-12 02:37:12 [8.19ms]  */
update `user_coachee_round_phase_details` set `completed_conversations` = '6', `updated_at` = '2025-08-12 02:37:12' where `id` = '640532';
/*==================================================*/
/* Query 15 - 2025-08-12 02:37:12 [1.54ms]  */
select `name`, `value`, `round_no`, `stl_coachee_id` from `user_coachee_round_progress` where `user_id` = '23725';
/*==================================================*/
/* Query 16 - 2025-08-12 02:37:12 [1.56ms]  */
select `name`, `value`, `round_no` from `user_round_progress` where `user_id` = '23725';
/*==================================================*/
/* Query 17 - 2025-08-12 02:37:12 [1.37ms]  */
select * from `events`;
/*==================================================*/
/* Query 18 - 2025-08-12 02:37:12 [1.15ms]  */
select * from `event_conditions`;
/*==================================================*/
/* Query 19 - 2025-08-12 02:37:12 [1.19ms]  */
select * from `event_types`;
/*==================================================*/
/* Query 20 - 2025-08-12 02:37:12 [1.18ms]  */
select * from `event_sources`;
/*==================================================*/
/* Query 21 - 2025-08-12 02:37:12 [1.34ms]  */
select * from `event_options`;
/*==================================================*/
/* Query 22 - 2025-08-12 02:37:12 [1.45ms]  */
select * from `event_option_response`;
/*==================================================*/
/* Query 23 - 2025-08-12 02:37:12 [2.16ms]  */
select * from `stl_events` where `stl_id` = '1' and `round_no` = '1';
/*==================================================*/
/* Query 24 - 2025-08-12 02:37:12 [1.47ms]  */
select * from `user_conversation_metrics` where `user_id` = '23725' and `round_no` = '1';
/*==================================================*/
/* Query 25 - 2025-08-12 02:37:12 [1.49ms]  */
select * from `user_events` where `user_id` = '23725' and `round_no` = '1';
/*==================================================*/
/* Query 26 - 2025-08-12 02:37:12 [1.4ms]  */
select `name`, `value` from `user_round_progress` where `user_id` = '23725' and `round_no` = '1';
/*==================================================*/
/* Query 1 - 2025-08-12 02:37:15 [1.59ms]  */
select * from `stl_models` where `stl_id` = '1' limit 1;
/*==================================================*/
/* Query 2 - 2025-08-12 02:37:15 [1.51ms]  */
select * from `model_details` where `model_id` = '1';
/*==================================================*/
/* Query 3 - 2025-08-12 02:37:15 [1.89ms]  */
select * from `statement_option_responses` where `option_id` = '117';
/*==================================================*/
/* Query 4 - 2025-08-12 02:37:15 [1.77ms]  */
select * from `statement_option_metrics` where `option_id` = '117';
/*==================================================*/
/* Query 5 - 2025-08-12 02:37:15 [1.74ms]  */
select * from `user_metrics` where `user_id` = '23729';
/*==================================================*/
/* Query 6 - 2025-08-12 02:37:15 [1.57ms]  */
select * from `user_coachee_metrics` where `user_id` = '23729' and `stl_coachee_id` = '2';
/*==================================================*/
/* Query 7 - 2025-08-12 02:37:15 [7.93ms]  */
insert into `user_coachee_conversation_metrics` (`actual_delta`, `delta`, `previous_value`, `round_no`, `stl_coachee_id`, `stl_conversation_id`, `stl_metric_id`, `stl_phase_id`, `updated_value`, `user_id`) values ('4', '4', '59', '1', '2', '266', '1', '3', '63', '23729');
/*==================================================*/
/* Query 8 - 2025-08-12 02:37:15 [8.97ms]  */
INSERT INTO user_coachee_metrics (user_id, stl_coachee_id, stl_metric_id, value) VALUES  (23729, 2, 1, 63)   ON DUPLICATE KEY UPDATE `value` = VALUES(`value`);
/*==================================================*/
/* Query 9 - 2025-08-12 02:37:15 [7.9ms]  */
INSERT INTO user_coachee_round_metrics (user_id, round_no, stl_coachee_id, stl_metric_id, value) VALUES  (23729, 1, 2, 1, 63)   ON DUPLICATE KEY UPDATE `value` = VALUES(`value`);
/*==================================================*/
/* Query 10 - 2025-08-12 02:37:15 [8.07ms]  */
insert into `user_conversation_metrics` (`actual_delta`, `delta`, `previous_value`, `round_no`, `stl_coachee_id`, `stl_conversation_id`, `stl_metric_id`, `stl_phase_id`, `updated_value`, `user_id`) values ('4', '4', '20', '1', '2', '266', '2', '3', '24', '23729');
/*==================================================*/
/* Query 11 - 2025-08-12 02:37:15 [8.86ms]  */
INSERT INTO user_metrics (user_id, stl_metric_id, value) VALUES  (23729, 2, 24)   ON DUPLICATE KEY UPDATE `value` = VALUES(`value`);
/*==================================================*/
/* Query 12 - 2025-08-12 02:37:15 [7.92ms]  */
INSERT INTO user_round_metrics (user_id, round_no, stl_metric_id, value) VALUES  (23729, 1, 2, 24)   ON DUPLICATE KEY UPDATE `value` = VALUES(`value`);
/*==================================================*/
/* Query 13 - 2025-08-12 02:37:15 [7.18ms]  */
insert into `user_conversations` (`user_id`, `stl_conversation_id`) values ('23729', '266');
/*==================================================*/
/* Query 14 - 2025-08-12 02:37:15 [7.02ms]  */
insert into `user_selected_statement_options` (`response_id`, `stl_statement_id`, `stl_conversation_id`, `option_id`, `user_id`) values ('103', '67', '266', '117', '23729');
/*==================================================*/
/* Query 15 - 2025-08-12 02:37:15 [1.48ms]  */
select * from `user_round_progress` where `round_no` = '1' and `user_id` = '23729' and `name` = 'completedConversations' limit 1;
/*==================================================*/
/* Query 16 - 2025-08-12 02:37:15 [7.48ms]  */
update `user_round_progress` set `value` = '48', `updated_at` = '2025-08-12 02:37:15' where `id` = '593042';
/*==================================================*/
/* Query 17 - 2025-08-12 02:37:15 [1.89ms]  */
select * from `user_coachee_round_progress` where `stl_coachee_id` = '2' and `round_no` = '1' and `user_id` = '23729' and `name` = 'completedConversations' limit 1;
/*==================================================*/
/* Query 18 - 2025-08-12 02:37:15 [8.1ms]  */
update `user_coachee_round_progress` set `value` = '19', `updated_at` = '2025-08-12 02:37:15' where `id` = '865262';
/*==================================================*/
/* Query 19 - 2025-08-12 02:37:15 [1.78ms]  */
select * from `user_coachee_round_phase_details` where `stl_coachee_id` = '2' and `stl_round_phase_id` = '3' and `user_id` = '23729' limit 1;
/*==================================================*/
/* Query 20 - 2025-08-12 02:37:15 [7.02ms]  */
update `user_coachee_round_phase_details` set `completed_conversations` = '1', `updated_at` = '2025-08-12 02:37:15' where `id` = '640641';
/*==================================================*/
/* Query 21 - 2025-08-12 02:37:15 [1.55ms]  */
select `name`, `value`, `round_no`, `stl_coachee_id` from `user_coachee_round_progress` where `user_id` = '23729';
/*==================================================*/
/* Query 22 - 2025-08-12 02:37:15 [1.53ms]  */
select `name`, `value`, `round_no` from `user_round_progress` where `user_id` = '23729';
/*==================================================*/
/* Query 23 - 2025-08-12 02:37:15 [1.84ms]  */
select * from `events`;
/*==================================================*/
/* Query 24 - 2025-08-12 02:37:15 [1.54ms]  */
select * from `event_conditions`;
/*==================================================*/
/* Query 25 - 2025-08-12 02:37:15 [1.46ms]  */
select * from `event_types`;
/*==================================================*/
/* Query 26 - 2025-08-12 02:37:15 [1.4ms]  */
select * from `event_sources`;
/*==================================================*/
/* Query 27 - 2025-08-12 02:37:15 [1.4ms]  */
select * from `event_options`;
/*==================================================*/
/* Query 28 - 2025-08-12 02:37:15 [1.36ms]  */
select * from `event_option_response`;
/*==================================================*/
/* Query 29 - 2025-08-12 02:37:15 [1.56ms]  */
select * from `stl_events` where `stl_id` = '1' and `round_no` = '1';
/*==================================================*/
/* Query 30 - 2025-08-12 02:37:15 [1.67ms]  */
select * from `user_conversation_metrics` where `user_id` = '23729' and `round_no` = '1';
/*==================================================*/
/* Query 31 - 2025-08-12 02:37:15 [1.64ms]  */
select * from `user_events` where `user_id` = '23729' and `round_no` = '1';
/*==================================================*/
/* Query 32 - 2025-08-12 02:37:15 [1.55ms]  */
select `name`, `value` from `user_round_progress` where `user_id` = '23729' and `round_no` = '1';
/*==================================================*/
/* Query 1 - 2025-08-12 02:37:17 [1.26ms]  */
select * from `stl_models` where `stl_id` = '1' limit 1;
/*==================================================*/
/* Query 2 - 2025-08-12 02:37:17 [1.28ms]  */
select * from `model_details` where `model_id` = '1';
/*==================================================*/
/* Query 3 - 2025-08-12 02:37:17 [1.18ms]  */
select * from `statement_option_responses` where `option_id` = '125';
/*==================================================*/
/* Query 4 - 2025-08-12 02:37:17 [1.11ms]  */
select * from `statement_option_metrics` where `option_id` = '125';
/*==================================================*/
/* Query 5 - 2025-08-12 02:37:17 [1.22ms]  */
select * from `user_metrics` where `user_id` = '23723';
/*==================================================*/
/* Query 6 - 2025-08-12 02:37:17 [1.29ms]  */
select * from `user_coachee_metrics` where `user_id` = '23723' and `stl_coachee_id` = '2';
/*==================================================*/
/* Query 7 - 2025-08-12 02:37:17 [7.57ms]  */
insert into `user_conversations` (`user_id`, `stl_conversation_id`) values ('23723', '269');
/*==================================================*/
/* Query 8 - 2025-08-12 02:37:17 [7.57ms]  */
insert into `user_selected_statement_options` (`response_id`, `stl_statement_id`, `stl_conversation_id`, `option_id`, `user_id`) values ('111', '70', '269', '125', '23723');
/*==================================================*/
/* Query 9 - 2025-08-12 02:37:17 [1.42ms]  */
select * from `user_round_progress` where `round_no` = '1' and `user_id` = '23723' and `name` = 'completedConversations' limit 1;
/*==================================================*/
/* Query 10 - 2025-08-12 02:37:17 [7.6ms]  */
update `user_round_progress` set `value` = '51', `updated_at` = '2025-08-12 02:37:17' where `id` = '592930';
/*==================================================*/
/* Query 11 - 2025-08-12 02:37:17 [1.35ms]  */
select * from `user_coachee_round_progress` where `stl_coachee_id` = '2' and `round_no` = '1' and `user_id` = '23723' and `name` = 'completedConversations' limit 1;
/*==================================================*/
/* Query 12 - 2025-08-12 02:37:17 [7.53ms]  */
update `user_coachee_round_progress` set `value` = '22', `updated_at` = '2025-08-12 02:37:17' where `id` = '865109';
/*==================================================*/
/* Query 13 - 2025-08-12 02:37:17 [1.34ms]  */
select * from `user_coachee_round_phase_details` where `stl_coachee_id` = '2' and `stl_round_phase_id` = '4' and `user_id` = '23723' limit 1;
/*==================================================*/
/* Query 14 - 2025-08-12 02:37:17 [7.34ms]  */
update `user_coachee_round_phase_details` set `completed_conversations` = '2', `updated_at` = '2025-08-12 02:37:17' where `id` = '640480';
/*==================================================*/
/* Query 15 - 2025-08-12 02:37:17 [1.37ms]  */
select `name`, `value`, `round_no`, `stl_coachee_id` from `user_coachee_round_progress` where `user_id` = '23723';
/*==================================================*/
/* Query 16 - 2025-08-12 02:37:17 [1.3ms]  */
select `name`, `value`, `round_no` from `user_round_progress` where `user_id` = '23723';
/*==================================================*/
/* Query 17 - 2025-08-12 02:37:17 [1.3ms]  */
select * from `events`;
/*==================================================*/
/* Query 18 - 2025-08-12 02:37:17 [1.01ms]  */
select * from `event_conditions`;
/*==================================================*/
/* Query 19 - 2025-08-12 02:37:17 [1.03ms]  */
select * from `event_types`;
/*==================================================*/
/* Query 20 - 2025-08-12 02:37:17 [0.98ms]  */
select * from `event_sources`;
/*==================================================*/
/* Query 21 - 2025-08-12 02:37:17 [1.18ms]  */
select * from `event_options`;
/*==================================================*/
/* Query 22 - 2025-08-12 02:37:17 [1.04ms]  */
select * from `event_option_response`;
/*==================================================*/
/* Query 23 - 2025-08-12 02:37:17 [1.17ms]  */
select * from `stl_events` where `stl_id` = '1' and `round_no` = '1';
/*==================================================*/
/* Query 24 - 2025-08-12 02:37:17 [1.25ms]  */
select * from `user_conversation_metrics` where `user_id` = '23723' and `round_no` = '1';
/*==================================================*/
/* Query 25 - 2025-08-12 02:37:17 [1.19ms]  */
select * from `user_events` where `user_id` = '23723' and `round_no` = '1';
/*==================================================*/
/* Query 26 - 2025-08-12 02:37:17 [1.22ms]  */
select `name`, `value` from `user_round_progress` where `user_id` = '23723' and `round_no` = '1';
/*==================================================*/
/* Query 1 - 2025-08-12 02:37:18 [7.68ms]  */
INSERT INTO user_coachee_round_progress (user_id, stl_coachee_id, round_no, name, value) VALUES  (23721, 2, 1, 'isCoachingStarted', 1) , (23721, 2, 1, 'stlCoacheeId', 2) , (23721, 2, 1, 'roundNo', 1)   ON DUPLICATE KEY UPDATE `value` = VALUES(`value`);
/*==================================================*/
/* Query 2 - 2025-08-12 02:37:18 [1.42ms]  */
select `name`, `value`, `round_no`, `stl_coachee_id` from `user_coachee_round_progress` where `user_id` = '23721';
/*==================================================*/
/* Query 1 - 2025-08-12 02:37:18 [1.22ms]  */
select * from `stl_models` where `stl_id` = '1' limit 1;
/*==================================================*/
/* Query 2 - 2025-08-12 02:37:18 [1.17ms]  */
select * from `model_details` where `model_id` = '1';
/*==================================================*/
/* Query 3 - 2025-08-12 02:37:18 [1.09ms]  */
select * from `statement_option_responses` where `option_id` = '99';
/*==================================================*/
/* Query 4 - 2025-08-12 02:37:18 [0.98ms]  */
select * from `statement_option_metrics` where `option_id` = '99';
/*==================================================*/
/* Query 5 - 2025-08-12 02:37:18 [0.93ms]  */
select * from `user_metrics` where `user_id` = '23725';
/*==================================================*/
/* Query 6 - 2025-08-12 02:37:18 [1.07ms]  */
select * from `user_coachee_metrics` where `user_id` = '23725' and `stl_coachee_id` = '2';
/*==================================================*/
/* Query 7 - 2025-08-12 02:37:18 [6.96ms]  */
insert into `user_conversations` (`user_id`, `stl_conversation_id`) values ('23725', '257');
/*==================================================*/
/* Query 8 - 2025-08-12 02:37:18 [6.66ms]  */
insert into `user_selected_statement_options` (`response_id`, `stl_statement_id`, `stl_conversation_id`, `option_id`, `user_id`) values ('229', '57', '257', '99', '23725');
/*==================================================*/
/* Query 9 - 2025-08-12 02:37:18 [1.02ms]  */
select * from `user_round_progress` where `round_no` = '1' and `user_id` = '23725' and `name` = 'completedConversations' limit 1;
/*==================================================*/
/* Query 10 - 2025-08-12 02:37:18 [6.95ms]  */
update `user_round_progress` set `value` = '38', `updated_at` = '2025-08-12 02:37:18' where `id` = '592964';
/*==================================================*/
/* Query 11 - 2025-08-12 02:37:18 [1.26ms]  */
select * from `user_coachee_round_progress` where `stl_coachee_id` = '2' and `round_no` = '1' and `user_id` = '23725' and `name` = 'completedConversations' limit 1;
/*==================================================*/
/* Query 12 - 2025-08-12 02:37:18 [6.92ms]  */
update `user_coachee_round_progress` set `value` = '9', `updated_at` = '2025-08-12 02:37:18' where `id` = '865160';
/*==================================================*/
/* Query 13 - 2025-08-12 02:37:18 [1.38ms]  */
select * from `user_coachee_round_phase_details` where `stl_coachee_id` = '2' and `stl_round_phase_id` = '2' and `user_id` = '23725' limit 1;
/*==================================================*/
/* Query 14 - 2025-08-12 02:37:18 [7.77ms]  */
update `user_coachee_round_phase_details` set `completed_conversations` = '7', `updated_at` = '2025-08-12 02:37:18' where `id` = '640532';
/*==================================================*/
/* Query 15 - 2025-08-12 02:37:18 [1.29ms]  */
select `name`, `value`, `round_no`, `stl_coachee_id` from `user_coachee_round_progress` where `user_id` = '23725';
/*==================================================*/
/* Query 16 - 2025-08-12 02:37:18 [1.49ms]  */
select `name`, `value`, `round_no` from `user_round_progress` where `user_id` = '23725';
/*==================================================*/
/* Query 17 - 2025-08-12 02:37:18 [1.07ms]  */
select * from `events`;
/*==================================================*/
/* Query 18 - 2025-08-12 02:37:18 [1ms]  */
select * from `event_conditions`;
/*==================================================*/
/* Query 19 - 2025-08-12 02:37:18 [0.82ms]  */
select * from `event_types`;
/*==================================================*/
/* Query 20 - 2025-08-12 02:37:18 [0.89ms]  */
select * from `event_sources`;
/*==================================================*/
/* Query 21 - 2025-08-12 02:37:18 [0.98ms]  */
select * from `event_options`;
/*==================================================*/
/* Query 22 - 2025-08-12 02:37:18 [1.03ms]  */
select * from `event_option_response`;
/*==================================================*/
/* Query 23 - 2025-08-12 02:37:18 [1.54ms]  */
select * from `stl_events` where `stl_id` = '1' and `round_no` = '1';
/*==================================================*/
/* Query 24 - 2025-08-12 02:37:18 [0.97ms]  */
select * from `user_conversation_metrics` where `user_id` = '23725' and `round_no` = '1';
/*==================================================*/
/* Query 25 - 2025-08-12 02:37:18 [1.54ms]  */
select * from `user_events` where `user_id` = '23725' and `round_no` = '1';
/*==================================================*/
/* Query 26 - 2025-08-12 02:37:18 [0.97ms]  */
select `name`, `value` from `user_round_progress` where `user_id` = '23725' and `round_no` = '1';
/*==================================================*/
/* Query 1 - 2025-08-12 02:37:21 [1.24ms]  */
select * from `user_timer_details` where `user_id` = '23729' limit 1;
/*==================================================*/
/* Query 2 - 2025-08-12 02:37:21 [6.05ms]  */
update `user_timer_details` set `time_remaining` = '2850', `updated_at` = '2025-08-12 02:37:21' where `id` = '22708';
/*==================================================*/
/* Query 1 - 2025-08-12 02:37:22 [1.33ms]  */
select * from `stl_models` where `stl_id` = '1' limit 1;
/*==================================================*/
/* Query 2 - 2025-08-12 02:37:22 [1.34ms]  */
select * from `model_details` where `model_id` = '1';
/*==================================================*/
/* Query 3 - 2025-08-12 02:37:22 [1.33ms]  */
select * from `statement_option_responses` where `option_id` = '126';
/*==================================================*/
/* Query 4 - 2025-08-12 02:37:22 [1.3ms]  */
select * from `statement_option_metrics` where `option_id` = '126';
/*==================================================*/
/* Query 5 - 2025-08-12 02:37:22 [1.35ms]  */
select * from `user_metrics` where `user_id` = '23723';
/*==================================================*/
/* Query 6 - 2025-08-12 02:37:22 [1.38ms]  */
select * from `user_coachee_metrics` where `user_id` = '23723' and `stl_coachee_id` = '2';
/*==================================================*/
/* Query 7 - 2025-08-12 02:37:22 [7.68ms]  */
insert into `user_conversations` (`user_id`, `stl_conversation_id`) values ('23723', '270');
/*==================================================*/
/* Query 8 - 2025-08-12 02:37:22 [8.27ms]  */
insert into `user_selected_statement_options` (`response_id`, `stl_statement_id`, `stl_conversation_id`, `option_id`, `user_id`) values ('', '71', '270', '126', '23723');
/*==================================================*/
/* Query 9 - 2025-08-12 02:37:22 [1.52ms]  */
select * from `user_round_progress` where `round_no` = '1' and `user_id` = '23723' and `name` = 'completedConversations' limit 1;
/*==================================================*/
/* Query 10 - 2025-08-12 02:37:22 [8.94ms]  */
update `user_round_progress` set `value` = '52', `updated_at` = '2025-08-12 02:37:22' where `id` = '592930';
/*==================================================*/
/* Query 11 - 2025-08-12 02:37:22 [1.56ms]  */
select * from `user_coachee_round_progress` where `stl_coachee_id` = '2' and `round_no` = '1' and `user_id` = '23723' and `name` = 'completedConversations' limit 1;
/*==================================================*/
/* Query 12 - 2025-08-12 02:37:22 [8.48ms]  */
update `user_coachee_round_progress` set `value` = '23', `updated_at` = '2025-08-12 02:37:22' where `id` = '865109';
/*==================================================*/
/* Query 13 - 2025-08-12 02:37:22 [1.58ms]  */
select * from `user_coachee_round_phase_details` where `stl_coachee_id` = '2' and `stl_round_phase_id` = '4' and `user_id` = '23723' limit 1;
/*==================================================*/
/* Query 14 - 2025-08-12 02:37:22 [8.52ms]  */
update `user_coachee_round_phase_details` set `completed_conversations` = '3', `updated_at` = '2025-08-12 02:37:22' where `id` = '640480';
/*==================================================*/
/* Query 15 - 2025-08-12 02:37:22 [1.51ms]  */
select `name`, `value`, `round_no`, `stl_coachee_id` from `user_coachee_round_progress` where `user_id` = '23723';
/*==================================================*/
/* Query 16 - 2025-08-12 02:37:22 [1.28ms]  */
select `name`, `value`, `round_no` from `user_round_progress` where `user_id` = '23723';
/*==================================================*/
/* Query 17 - 2025-08-12 02:37:22 [1.38ms]  */
select * from `events`;
/*==================================================*/
/* Query 18 - 2025-08-12 02:37:22 [1.28ms]  */
select * from `event_conditions`;
/*==================================================*/
/* Query 19 - 2025-08-12 02:37:22 [1.32ms]  */
select * from `event_types`;
/*==================================================*/
/* Query 20 - 2025-08-12 02:37:22 [1.29ms]  */
select * from `event_sources`;
/*==================================================*/
/* Query 21 - 2025-08-12 02:37:22 [1.32ms]  */
select * from `event_options`;
/*==================================================*/
/* Query 22 - 2025-08-12 02:37:22 [1.32ms]  */
select * from `event_option_response`;
/*==================================================*/
/* Query 23 - 2025-08-12 02:37:22 [1.48ms]  */
select * from `stl_events` where `stl_id` = '1' and `round_no` = '1';
/*==================================================*/
/* Query 24 - 2025-08-12 02:37:22 [1.51ms]  */
select * from `user_conversation_metrics` where `user_id` = '23723' and `round_no` = '1';
/*==================================================*/
/* Query 25 - 2025-08-12 02:37:22 [1.37ms]  */
select * from `user_events` where `user_id` = '23723' and `round_no` = '1';
/*==================================================*/
/* Query 26 - 2025-08-12 02:37:22 [1.46ms]  */
select `name`, `value` from `user_round_progress` where `user_id` = '23723' and `round_no` = '1';
/*==================================================*/
/* Query 1 - 2025-08-12 02:37:23 [1.2ms]  */
select * from `user_timer_details` where `user_id` = '23723' limit 1;
/*==================================================*/
/* Query 2 - 2025-08-12 02:37:23 [7.66ms]  */
update `user_timer_details` set `time_remaining` = '2820', `updated_at` = '2025-08-12 02:37:23' where `id` = '22702';
/*==================================================*/
/* Query 1 - 2025-08-12 02:37:24 [1.59ms]  */
select * from `stl_models` where `stl_id` = '1' limit 1;
/*==================================================*/
/* Query 2 - 2025-08-12 02:37:24 [1.61ms]  */
select * from `model_details` where `model_id` = '1';
/*==================================================*/
/* Query 3 - 2025-08-12 02:37:24 [1.56ms]  */
select * from `statement_option_responses` where `option_id` = '97';
/*==================================================*/
/* Query 4 - 2025-08-12 02:37:24 [1.52ms]  */
select * from `statement_option_metrics` where `option_id` = '97';
/*==================================================*/
/* Query 5 - 2025-08-12 02:37:24 [1.48ms]  */
select * from `user_metrics` where `user_id` = '23728';
/*==================================================*/
/* Query 6 - 2025-08-12 02:37:24 [1.48ms]  */
select * from `user_coachee_metrics` where `user_id` = '23728' and `stl_coachee_id` = '2';
/*==================================================*/
/* Query 7 - 2025-08-12 02:37:24 [8.53ms]  */
insert into `user_conversations` (`user_id`, `stl_conversation_id`) values ('23728', '255');
/*==================================================*/
/* Query 8 - 2025-08-12 02:37:24 [8.45ms]  */
insert into `user_selected_statement_options` (`response_id`, `stl_statement_id`, `stl_conversation_id`, `option_id`, `user_id`) values ('83', '55', '255', '97', '23728');
/*==================================================*/
/* Query 9 - 2025-08-12 02:37:24 [1.79ms]  */
select * from `user_round_progress` where `round_no` = '1' and `user_id` = '23728' and `name` = 'completedConversations' limit 1;
/*==================================================*/
/* Query 10 - 2025-08-12 02:37:24 [8.59ms]  */
update `user_round_progress` set `value` = '36', `updated_at` = '2025-08-12 02:37:24' where `id` = '593026';
/*==================================================*/
/* Query 11 - 2025-08-12 02:37:24 [1.87ms]  */
select * from `user_coachee_round_progress` where `stl_coachee_id` = '2' and `round_no` = '1' and `user_id` = '23728' and `name` = 'completedConversations' limit 1;
/*==================================================*/
/* Query 12 - 2025-08-12 02:37:24 [7.77ms]  */
update `user_coachee_round_progress` set `value` = '7', `updated_at` = '2025-08-12 02:37:24' where `id` = '865235';
/*==================================================*/
/* Query 13 - 2025-08-12 02:37:24 [1.89ms]  */
select * from `user_coachee_round_phase_details` where `stl_coachee_id` = '2' and `stl_round_phase_id` = '2' and `user_id` = '23728' limit 1;
/*==================================================*/
/* Query 14 - 2025-08-12 02:37:24 [7.97ms]  */
update `user_coachee_round_phase_details` set `completed_conversations` = '5', `updated_at` = '2025-08-12 02:37:24' where `id` = '640613';
/*==================================================*/
/* Query 15 - 2025-08-12 02:37:24 [1.75ms]  */
select `name`, `value`, `round_no`, `stl_coachee_id` from `user_coachee_round_progress` where `user_id` = '23728';
/*==================================================*/
/* Query 16 - 2025-08-12 02:37:24 [1.48ms]  */
select `name`, `value`, `round_no` from `user_round_progress` where `user_id` = '23728';
/*==================================================*/
/* Query 17 - 2025-08-12 02:37:24 [1.54ms]  */
select * from `events`;
/*==================================================*/
/* Query 18 - 2025-08-12 02:37:24 [1.38ms]  */
select * from `event_conditions`;
/*==================================================*/
/* Query 19 - 2025-08-12 02:37:24 [1.46ms]  */
select * from `event_types`;
/*==================================================*/
/* Query 20 - 2025-08-12 02:37:24 [1.43ms]  */
select * from `event_sources`;
/*==================================================*/
/* Query 21 - 2025-08-12 02:37:24 [1.49ms]  */
select * from `event_options`;
/*==================================================*/
/* Query 22 - 2025-08-12 02:37:24 [1.44ms]  */
select * from `event_option_response`;
/*==================================================*/
/* Query 23 - 2025-08-12 02:37:24 [1.5ms]  */
select * from `stl_events` where `stl_id` = '1' and `round_no` = '1';
/*==================================================*/
/* Query 24 - 2025-08-12 02:37:24 [1.77ms]  */
select * from `user_conversation_metrics` where `user_id` = '23728' and `round_no` = '1';
/*==================================================*/
/* Query 25 - 2025-08-12 02:37:24 [1.6ms]  */
select * from `user_events` where `user_id` = '23728' and `round_no` = '1';
/*==================================================*/
/* Query 26 - 2025-08-12 02:37:24 [1.47ms]  */
select `name`, `value` from `user_round_progress` where `user_id` = '23728' and `round_no` = '1';
/*==================================================*/
/* Query 1 - 2025-08-12 02:37:24 [1.09ms]  */
select * from `stl_models` where `stl_id` = '1' limit 1;
/*==================================================*/
/* Query 2 - 2025-08-12 02:37:24 [1.02ms]  */
select * from `model_details` where `model_id` = '1';
/*==================================================*/
/* Query 3 - 2025-08-12 02:37:24 [0.99ms]  */
select * from `statement_option_responses` where `option_id` = '112';
/*==================================================*/
/* Query 4 - 2025-08-12 02:37:24 [1.02ms]  */
select * from `statement_option_metrics` where `option_id` = '112';
/*==================================================*/
/* Query 5 - 2025-08-12 02:37:24 [1.59ms]  */
select * from `user_metrics` where `user_id` = '23715';
/*==================================================*/
/* Query 6 - 2025-08-12 02:37:24 [1.15ms]  */
select * from `user_coachee_metrics` where `user_id` = '23715' and `stl_coachee_id` = '2';
/*==================================================*/
/* Query 7 - 2025-08-12 02:37:24 [6.27ms]  */
insert into `user_conversations` (`user_id`, `stl_conversation_id`) values ('23715', '264');
/*==================================================*/
/* Query 8 - 2025-08-12 02:37:24 [8ms]  */
insert into `user_selected_statement_options` (`response_id`, `stl_statement_id`, `stl_conversation_id`, `option_id`, `user_id`) values ('98', '65', '264', '112', '23715');
/*==================================================*/
/* Query 9 - 2025-08-12 02:37:24 [1.18ms]  */
select * from `user_round_progress` where `round_no` = '1' and `user_id` = '23715' and `name` = 'completedConversations' limit 1;
/*==================================================*/
/* Query 10 - 2025-08-12 02:37:24 [6.83ms]  */
update `user_round_progress` set `value` = '46', `updated_at` = '2025-08-12 02:37:24' where `id` = '592802';
/*==================================================*/
/* Query 11 - 2025-08-12 02:37:24 [1.06ms]  */
select * from `user_coachee_round_progress` where `stl_coachee_id` = '2' and `round_no` = '1' and `user_id` = '23715' and `name` = 'completedConversations' limit 1;
/*==================================================*/
/* Query 12 - 2025-08-12 02:37:24 [6.7ms]  */
update `user_coachee_round_progress` set `value` = '17', `updated_at` = '2025-08-12 02:37:24' where `id` = '864914';
/*==================================================*/
/* Query 13 - 2025-08-12 02:37:24 [1.22ms]  */
select * from `user_coachee_round_phase_details` where `stl_coachee_id` = '2' and `stl_round_phase_id` = '2' and `user_id` = '23715' limit 1;
/*==================================================*/
/* Query 14 - 2025-08-12 02:37:24 [7.28ms]  */
update `user_coachee_round_phase_details` set `completed_conversations` = '15', `updated_at` = '2025-08-12 02:37:24' where `id` = '640262';
/*==================================================*/
/* Query 15 - 2025-08-12 02:37:24 [1.38ms]  */
select `name`, `value`, `round_no`, `stl_coachee_id` from `user_coachee_round_progress` where `user_id` = '23715';
/*==================================================*/
/* Query 16 - 2025-08-12 02:37:24 [1.41ms]  */
select `name`, `value`, `round_no` from `user_round_progress` where `user_id` = '23715';
/*==================================================*/
/* Query 17 - 2025-08-12 02:37:24 [1.08ms]  */
select * from `events`;
/*==================================================*/
/* Query 18 - 2025-08-12 02:37:24 [0.95ms]  */
select * from `event_conditions`;
/*==================================================*/
/* Query 19 - 2025-08-12 02:37:24 [0.91ms]  */
select * from `event_types`;
/*==================================================*/
/* Query 20 - 2025-08-12 02:37:24 [0.82ms]  */
select * from `event_sources`;
/*==================================================*/
/* Query 21 - 2025-08-12 02:37:24 [1.16ms]  */
select * from `event_options`;
/*==================================================*/
/* Query 22 - 2025-08-12 02:37:24 [0.94ms]  */
select * from `event_option_response`;
/*==================================================*/
/* Query 23 - 2025-08-12 02:37:24 [1.06ms]  */
select * from `stl_events` where `stl_id` = '1' and `round_no` = '1';
/*==================================================*/
/* Query 24 - 2025-08-12 02:37:24 [1.09ms]  */
select * from `user_conversation_metrics` where `user_id` = '23715' and `round_no` = '1';
/*==================================================*/
/* Query 25 - 2025-08-12 02:37:24 [1.23ms]  */
select * from `user_events` where `user_id` = '23715' and `round_no` = '1';
/*==================================================*/
/* Query 26 - 2025-08-12 02:37:24 [1.06ms]  */
select `name`, `value` from `user_round_progress` where `user_id` = '23715' and `round_no` = '1';
/*==================================================*/
/* Query 27 - 2025-08-12 02:37:24 [7.28ms]  */
insert into `user_events` (`duration_percentage`, `round_no`, `selected_coachee_id`, `stl_event_id`, `user_id`) values ('0.48', '1', '', '2', '23715');
/*==================================================*/
/* Query 1 - 2025-08-12 02:37:27 [1.35ms]  */
select * from `user_timer_details` where `user_id` = '23705' limit 1;
/*==================================================*/
/* Query 2 - 2025-08-12 02:37:27 [7.52ms]  */
update `user_timer_details` set `time_remaining` = '120', `updated_at` = '2025-08-12 02:37:27' where `id` = '22684';
/*==================================================*/
/* Query 1 - 2025-08-12 02:37:29 [1.14ms]  */
select * from `user_timer_details` where `user_id` = '23717' limit 1;
/*==================================================*/
/* Query 2 - 2025-08-12 02:37:29 [6.71ms]  */
update `user_timer_details` set `time_remaining` = '2820', `updated_at` = '2025-08-12 02:37:29' where `id` = '22696';
/*==================================================*/
/* Query 1 - 2025-08-12 02:37:29 [1.19ms]  */
select * from `stl_models` where `stl_id` = '1' limit 1;
/*==================================================*/
/* Query 2 - 2025-08-12 02:37:29 [1.16ms]  */
select * from `model_details` where `model_id` = '1';
/*==================================================*/
/* Query 3 - 2025-08-12 02:37:29 [1.24ms]  */
select * from `statement_option_responses` where `option_id` = '176';
/*==================================================*/
/* Query 4 - 2025-08-12 02:37:29 [1.04ms]  */
select * from `statement_option_metrics` where `option_id` = '176';
/*==================================================*/
/* Query 5 - 2025-08-12 02:37:29 [1.03ms]  */
select * from `user_metrics` where `user_id` = '23712';
/*==================================================*/
/* Query 6 - 2025-08-12 02:37:29 [1.15ms]  */
select * from `user_coachee_metrics` where `user_id` = '23712' and `stl_coachee_id` = '3';
/*==================================================*/
/* Query 7 - 2025-08-12 02:37:29 [7.7ms]  */
insert into `user_conversations` (`user_id`, `stl_conversation_id`) values ('23712', '396');
/*==================================================*/
/* Query 8 - 2025-08-12 02:37:29 [7.49ms]  */
insert into `user_selected_statement_options` (`response_id`, `stl_statement_id`, `stl_conversation_id`, `option_id`, `user_id`) values ('153', '97', '396', '176', '23712');
/*==================================================*/
/* Query 9 - 2025-08-12 02:37:29 [1.2ms]  */
select * from `user_round_progress` where `round_no` = '1' and `user_id` = '23712' and `name` = 'completedConversations' limit 1;
/*==================================================*/
/* Query 10 - 2025-08-12 02:37:29 [7.54ms]  */
update `user_round_progress` set `value` = '62', `updated_at` = '2025-08-12 02:37:29' where `id` = '592754';
/*==================================================*/
/* Query 11 - 2025-08-12 02:37:29 [1.27ms]  */
select * from `user_coachee_round_progress` where `stl_coachee_id` = '3' and `round_no` = '1' and `user_id` = '23712' and `name` = 'completedConversations' limit 1;
/*==================================================*/
/* Query 12 - 2025-08-12 02:37:29 [7.21ms]  */
update `user_coachee_round_progress` set `value` = '5', `updated_at` = '2025-08-12 02:37:29' where `id` = '864845';
/*==================================================*/
/* Query 13 - 2025-08-12 02:37:29 [1.28ms]  */
select * from `user_coachee_round_phase_details` where `stl_coachee_id` = '3' and `stl_round_phase_id` = '2' and `user_id` = '23712' limit 1;
/*==================================================*/
/* Query 14 - 2025-08-12 02:37:29 [10.36ms]  */
update `user_coachee_round_phase_details` set `completed_conversations` = '3', `updated_at` = '2025-08-12 02:37:29' where `id` = '640190';
/*==================================================*/
/* Query 15 - 2025-08-12 02:37:29 [1.27ms]  */
select `name`, `value`, `round_no`, `stl_coachee_id` from `user_coachee_round_progress` where `user_id` = '23712';
/*==================================================*/
/* Query 16 - 2025-08-12 02:37:29 [1.26ms]  */
select `name`, `value`, `round_no` from `user_round_progress` where `user_id` = '23712';
/*==================================================*/
/* Query 17 - 2025-08-12 02:37:29 [1.25ms]  */
select * from `events`;
/*==================================================*/
/* Query 18 - 2025-08-12 02:37:29 [1.13ms]  */
select * from `event_conditions`;
/*==================================================*/
/* Query 19 - 2025-08-12 02:37:29 [0.97ms]  */
select * from `event_types`;
/*==================================================*/
/* Query 20 - 2025-08-12 02:37:29 [1.08ms]  */
select * from `event_sources`;
/*==================================================*/
/* Query 21 - 2025-08-12 02:37:29 [1.08ms]  */
select * from `event_options`;
/*==================================================*/
/* Query 22 - 2025-08-12 02:37:29 [1.01ms]  */
select * from `event_option_response`;
/*==================================================*/
/* Query 23 - 2025-08-12 02:37:29 [1.08ms]  */
select * from `stl_events` where `stl_id` = '1' and `round_no` = '1';
/*==================================================*/
/* Query 24 - 2025-08-12 02:37:29 [1.2ms]  */
select * from `user_conversation_metrics` where `user_id` = '23712' and `round_no` = '1';
/*==================================================*/
/* Query 25 - 2025-08-12 02:37:29 [1.31ms]  */
select * from `user_events` where `user_id` = '23712' and `round_no` = '1';
/*==================================================*/
/* Query 26 - 2025-08-12 02:37:29 [1.14ms]  */
select `name`, `value` from `user_round_progress` where `user_id` = '23712' and `round_no` = '1';
/*==================================================*/
/* Query 1 - 2025-08-12 02:37:31 [1.7ms]  */
select * from `user_timer_details` where `user_id` = '23716' limit 1;
/*==================================================*/
/* Query 2 - 2025-08-12 02:37:31 [9.25ms]  */
update `user_timer_details` set `time_remaining` = '2820', `updated_at` = '2025-08-12 02:37:31' where `id` = '22695';
/*==================================================*/
/* Query 1 - 2025-08-12 02:37:34 [1.41ms]  */
select * from `stl_models` where `stl_id` = '1' limit 1;
/*==================================================*/
/* Query 2 - 2025-08-12 02:37:34 [1.4ms]  */
select * from `model_details` where `model_id` = '1';
/*==================================================*/
/* Query 3 - 2025-08-12 02:37:34 [1.3ms]  */
select * from `statement_option_responses` where `option_id` = '131';
/*==================================================*/
/* Query 4 - 2025-08-12 02:37:34 [1.15ms]  */
select * from `statement_option_metrics` where `option_id` = '131';
/*==================================================*/
/* Query 5 - 2025-08-12 02:37:34 [1.16ms]  */
select * from `user_metrics` where `user_id` = '23708';
/*==================================================*/
/* Query 6 - 2025-08-12 02:37:34 [1.19ms]  */
select * from `user_coachee_metrics` where `user_id` = '23708' and `stl_coachee_id` = '2';
/*==================================================*/
/* Query 7 - 2025-08-12 02:37:34 [7.62ms]  */
insert into `user_coachee_conversation_metrics` (`actual_delta`, `delta`, `previous_value`, `round_no`, `stl_coachee_id`, `stl_conversation_id`, `stl_metric_id`, `stl_phase_id`, `updated_value`, `user_id`) values ('6', '5', '69', '1', '2', '271', '1', '5', '74', '23708');
/*==================================================*/
/* Query 8 - 2025-08-12 02:37:34 [7.13ms]  */
INSERT INTO user_coachee_metrics (user_id, stl_coachee_id, stl_metric_id, value) VALUES  (23708, 2, 1, 74)   ON DUPLICATE KEY UPDATE `value` = VALUES(`value`);
/*==================================================*/
/* Query 9 - 2025-08-12 02:37:34 [8.24ms]  */
INSERT INTO user_coachee_round_metrics (user_id, round_no, stl_coachee_id, stl_metric_id, value) VALUES  (23708, 1, 2, 1, 74)   ON DUPLICATE KEY UPDATE `value` = VALUES(`value`);
/*==================================================*/
/* Query 10 - 2025-08-12 02:37:35 [8.09ms]  */
insert into `user_conversation_metrics` (`actual_delta`, `delta`, `previous_value`, `round_no`, `stl_coachee_id`, `stl_conversation_id`, `stl_metric_id`, `stl_phase_id`, `updated_value`, `user_id`) values ('6', '6', '40', '1', '2', '271', '2', '5', '46', '23708');
/*==================================================*/
/* Query 11 - 2025-08-12 02:37:35 [8.28ms]  */
INSERT INTO user_metrics (user_id, stl_metric_id, value) VALUES  (23708, 2, 46)   ON DUPLICATE KEY UPDATE `value` = VALUES(`value`);
/*==================================================*/
/* Query 12 - 2025-08-12 02:37:35 [7.78ms]  */
INSERT INTO user_round_metrics (user_id, round_no, stl_metric_id, value) VALUES  (23708, 1, 2, 46)   ON DUPLICATE KEY UPDATE `value` = VALUES(`value`);
/*==================================================*/
/* Query 13 - 2025-08-12 02:37:35 [7.79ms]  */
insert into `user_conversations` (`user_id`, `stl_conversation_id`) values ('23708', '271');
/*==================================================*/
/* Query 14 - 2025-08-12 02:37:35 [7.63ms]  */
insert into `user_selected_statement_options` (`response_id`, `stl_statement_id`, `stl_conversation_id`, `option_id`, `user_id`) values ('117', '72', '271', '131', '23708');
/*==================================================*/
/* Query 15 - 2025-08-12 02:37:35 [1.4ms]  */
select * from `user_round_progress` where `round_no` = '1' and `user_id` = '23708' and `name` = 'completedConversations' limit 1;
/*==================================================*/
/* Query 16 - 2025-08-12 02:37:35 [7.82ms]  */
update `user_round_progress` set `value` = '53', `updated_at` = '2025-08-12 02:37:35' where `id` = '592690';
/*==================================================*/
/* Query 17 - 2025-08-12 02:37:35 [1.26ms]  */
select * from `user_coachee_round_progress` where `stl_coachee_id` = '2' and `round_no` = '1' and `user_id` = '23708' and `name` = 'completedConversations' limit 1;
/*==================================================*/
/* Query 18 - 2025-08-12 02:37:35 [7.13ms]  */
update `user_coachee_round_progress` set `value` = '24', `updated_at` = '2025-08-12 02:37:35' where `id` = '864746';
/*==================================================*/
/* Query 19 - 2025-08-12 02:37:35 [1.45ms]  */
select * from `user_coachee_round_phase_details` where `stl_coachee_id` = '2' and `stl_round_phase_id` = '5' and `user_id` = '23708' limit 1;
/*==================================================*/
/* Query 20 - 2025-08-12 02:37:35 [7.41ms]  */
update `user_coachee_round_phase_details` set `completed_conversations` = '1', `updated_at` = '2025-08-12 02:37:35' where `id` = '640076';
/*==================================================*/
/* Query 21 - 2025-08-12 02:37:35 [1.39ms]  */
select `name`, `value`, `round_no`, `stl_coachee_id` from `user_coachee_round_progress` where `user_id` = '23708';
/*==================================================*/
/* Query 22 - 2025-08-12 02:37:35 [1.14ms]  */
select `name`, `value`, `round_no` from `user_round_progress` where `user_id` = '23708';
/*==================================================*/
/* Query 23 - 2025-08-12 02:37:35 [1.31ms]  */
select * from `events`;
/*==================================================*/
/* Query 24 - 2025-08-12 02:37:35 [1.05ms]  */
select * from `event_conditions`;
/*==================================================*/
/* Query 25 - 2025-08-12 02:37:35 [0.94ms]  */
select * from `event_types`;
/*==================================================*/
/* Query 26 - 2025-08-12 02:37:35 [1.05ms]  */
select * from `event_sources`;
/*==================================================*/
/* Query 27 - 2025-08-12 02:37:35 [1.17ms]  */
select * from `event_options`;
/*==================================================*/
/* Query 28 - 2025-08-12 02:37:35 [1ms]  */
select * from `event_option_response`;
/*==================================================*/
/* Query 29 - 2025-08-12 02:37:35 [3.85ms]  */
select * from `stl_events` where `stl_id` = '1' and `round_no` = '1';
/*==================================================*/
/* Query 30 - 2025-08-12 02:37:35 [1.37ms]  */
select * from `user_conversation_metrics` where `user_id` = '23708' and `round_no` = '1';
/*==================================================*/
/* Query 31 - 2025-08-12 02:37:35 [2.3ms]  */
select * from `user_events` where `user_id` = '23708' and `round_no` = '1';
/*==================================================*/
/* Query 32 - 2025-08-12 02:37:35 [1.37ms]  */
select `name`, `value` from `user_round_progress` where `user_id` = '23708' and `round_no` = '1';
/*==================================================*/
/* Query 1 - 2025-08-12 02:37:36 [1.47ms]  */
select * from `user_timer_details` where `user_id` = '23730' limit 1;
/*==================================================*/
/* Query 2 - 2025-08-12 02:37:36 [8.47ms]  */
update `user_timer_details` set `time_remaining` = '2820', `updated_at` = '2025-08-12 02:37:36' where `id` = '22709';
/*==================================================*/
/* Query 1 - 2025-08-12 02:37:38 [1.07ms]  */
select * from `user_timer_details` where `user_id` = '23718' limit 1;
/*==================================================*/
/* Query 2 - 2025-08-12 02:37:38 [7.26ms]  */
update `user_timer_details` set `time_remaining` = '2790', `updated_at` = '2025-08-12 02:37:38' where `id` = '22697';
/*==================================================*/
/* Query 1 - 2025-08-12 02:37:38 [1.51ms]  */
select * from `user_timer_details` where `user_id` = '23707' limit 1;
/*==================================================*/
/* Query 2 - 2025-08-12 02:37:38 [8.09ms]  */
update `user_timer_details` set `time_remaining` = '2805', `updated_at` = '2025-08-12 02:37:38' where `id` = '22686';
/*==================================================*/
/* Query 1 - 2025-08-12 02:37:39 [1.59ms]  */
select * from `user_timer_details` where `user_id` = '23728' limit 1;
/*==================================================*/
/* Query 2 - 2025-08-12 02:37:39 [7.8ms]  */
update `user_timer_details` set `time_remaining` = '2850', `updated_at` = '2025-08-12 02:37:39' where `id` = '22707';
/*==================================================*/
/* Query 1 - 2025-08-12 02:37:43 [1.62ms]  */
select `id` from `users` where `hash` = 'edOAfvqHTStk8sofk8rvv6e79t16dr74o6lAZ8weJFSn56au9p1754963593' and `users`.`deleted_at` is null limit 1;
/*==================================================*/
/* Query 2 - 2025-08-12 02:37:43 [1.64ms]  */
select `users`.`id` as `id`, `users`.`name`, `users`.`email`, `users`.`grp_id`, `users`.`uli_id`, `users`.`lti_id`, `users`.`report_link`, `users`.`hash`, `users`.`is_demo_user`, `groups`.`sli_id`, `groups`.`timer_id`, `groups`.`lang`, `groups`.`no_of_rounds`, `groups`.`has_timer`, `groups`.`commonDB_group_id`, `groups`.`lti_group_id`, `groups`.`show_feedback`, `groups`.`reportType`, `groups`.`vac_enabled` from `users` inner join `groups` on `groups`.`id` = `users`.`grp_id` where `users`.`id` = '23701' and `users`.`deleted_at` is null limit 1;
/*==================================================*/
/* Query 3 - 2025-08-12 02:37:43 [1.47ms]  */
select * from `stl_instances` where `stl_instances`.`id` = '2' limit 1;
/*==================================================*/
/* Query 4 - 2025-08-12 02:37:43 [1.54ms]  */
select * from `stl_instances` limit 1;
/*==================================================*/
/* Query 5 - 2025-08-12 02:37:43 [1.53ms]  */
select * from `stl_instances` where `id` = '2' limit 1;
/*==================================================*/
/* Query 6 - 2025-08-12 02:37:43 [11.48ms]  */
select `key`, `value` from `strings_lookup_default` where `lang` = 'zh-CN';
/*==================================================*/
/* Query 7 - 2025-08-12 02:37:43 [1.6ms]  */
select * from `metrics`;
/*==================================================*/
/* Query 8 - 2025-08-12 02:37:43 [1.51ms]  */
select * from `stl_metrics` where `stl_id` = '1';
/*==================================================*/
/* Query 9 - 2025-08-12 02:37:43 [1.33ms]  */
select * from `competencies`;
/*==================================================*/
/* Query 10 - 2025-08-12 02:37:43 [1.42ms]  */
select * from `stl_competencies` where `stl_id` = '1';
/*==================================================*/
/* Query 11 - 2025-08-12 02:37:43 [1.51ms]  */
select * from `user_conversation_metrics` where `user_id` = '23701';
/*==================================================*/
/* Query 12 - 2025-08-12 02:37:43 [1.32ms]  */
select * from `stl_models` where `stl_id` = '1' limit 1;
/*==================================================*/
/* Query 13 - 2025-08-12 02:37:43 [1.42ms]  */
select * from `model_details` where `model_id` = '1';
/*==================================================*/
/* Query 14 - 2025-08-12 02:37:43 [1.38ms]  */
select * from `phases`;
/*==================================================*/
/* Query 15 - 2025-08-12 02:37:43 [1.41ms]  */
select * from `stl_phases` where `stl_id` = '1';
/*==================================================*/
/* Query 16 - 2025-08-12 02:37:43 [1.59ms]  */
select `users`.`id` as `id`, `users`.`name`, `users`.`email`, `users`.`grp_id`, `users`.`uli_id`, `users`.`lti_id`, `users`.`report_link`, `users`.`hash`, `users`.`is_demo_user`, `groups`.`sli_id`, `groups`.`timer_id`, `groups`.`lang`, `groups`.`no_of_rounds`, `groups`.`has_timer`, `groups`.`commonDB_group_id`, `groups`.`lti_group_id`, `groups`.`show_feedback`, `groups`.`reportType`, `groups`.`vac_enabled` from `users` inner join `groups` on `groups`.`id` = `users`.`grp_id` where `users`.`id` = '23701' and `users`.`deleted_at` is null limit 1;
/*==================================================*/
/* Query 17 - 2025-08-12 02:37:43 [1.39ms]  */
select * from `stl_instances` where `id` = '2' limit 1;
/*==================================================*/
/* Query 18 - 2025-08-12 02:37:43 [1.33ms]  */
select * from `user_progress` where `user_id` = '23701' and `name` = 'currentRound' limit 1;
/*==================================================*/
/* Query 19 - 2025-08-12 02:37:43 [1.46ms]  */
select * from `user_round_metrics` where `user_id` in ('23701');
/*==================================================*/
/* Query 20 - 2025-08-12 02:37:43 [1.42ms]  */
select * from `user_metrics` where `user_id` in ('23701');
/*==================================================*/
/* Query 21 - 2025-08-12 02:37:43 [1.7ms]  */
select * from `user_coachee_round_metrics` where `user_id` in ('23701') order by `round_no` asc;
/*==================================================*/
/* Query 22 - 2025-08-12 02:37:43 [1.53ms]  */
select * from `user_coachee_metrics` where `user_id` in ('23701');
/*==================================================*/
/* Query 23 - 2025-08-12 02:37:43 [1.45ms]  */
select * from `user_competencies` where `user_id` in ('23701');
/*==================================================*/
/* Query 24 - 2025-08-12 02:37:43 [1.57ms]  */
select * from `user_conversation_metrics` where `user_id` in ('23701');
/*==================================================*/
/* Query 25 - 2025-08-12 02:37:43 [1.74ms]  */
select * from `mean_sd_competency`;
/*==================================================*/
/* Query 26 - 2025-08-12 02:37:43 [1.39ms]  */
select * from `mean_sd_grow`;
/*==================================================*/
/* Query 27 - 2025-08-12 02:37:43 [1.34ms]  */
select * from `mean_sd_overall_metric_data`;
/*==================================================*/
/* Query 28 - 2025-08-12 02:37:43 [1.43ms]  */
select * from `mean_sd_overall_coachee_metric_data`;
/*==================================================*/
/* Query 29 - 2025-08-12 02:37:43 [1.72ms]  */
select `metrics`.`id` as `id`, `metrics`.`key` as `key` from `stl_metrics` inner join `metrics` on `stl_metrics`.`metric_id` = `metrics`.`id` where `stl_metrics`.`stl_id` = '1';
/*==================================================*/
/* Query 30 - 2025-08-12 02:37:43 [1.5ms]  */
select `competencies`.`id` as `id`, `competencies`.`key` as `key` from `stl_competencies` inner join `competencies` on `stl_competencies`.`competency_id` = `competencies`.`id` where `stl_competencies`.`stl_id` = '1';
/*==================================================*/
/* Query 31 - 2025-08-12 02:37:43 [1.6ms]  */
select `phases`.`id` as `id`, `phases`.`key` as `key` from `stl_phases` inner join `phases` on `stl_phases`.`phase_id` = `phases`.`id` where `stl_phases`.`stl_id` = '1';
/*==================================================*/
/* Query 32 - 2025-08-12 02:37:43 [11.55ms]  */
select `key`, `value` from `strings_lookup_default` where `lang` = 'zh-CN';
/*==================================================*/
/* Query 1 - 2025-08-12 02:37:46 [1.18ms]  */
select * from `user_timer_details` where `user_id` = '23716' limit 1;
/*==================================================*/
/* Query 2 - 2025-08-12 02:37:46 [7.87ms]  */
update `user_timer_details` set `time_remaining` = '2805', `updated_at` = '2025-08-12 02:37:46' where `id` = '22695';
/*==================================================*/
/* Query 1 - 2025-08-12 02:37:47 [1.5ms]  */
select * from `user_timer_details` where `user_id` = '23726' limit 1;
/*==================================================*/
/* Query 2 - 2025-08-12 02:37:47 [7.99ms]  */
update `user_timer_details` set `time_remaining` = '2925', `updated_at` = '2025-08-12 02:37:47' where `id` = '22705';
/*==================================================*/
/* Query 33 - 2025-08-12 02:37:48 [1.77ms]  */
select * from `users` where `id` = '23701' and `users`.`deleted_at` is null limit 1;
/*==================================================*/
/* Query 34 - 2025-08-12 02:37:48 [7.99ms]  */
update `users` set `report_link` = 'https://konsole-reports.knolskape.com/konsole-reports/9_coaching_com_LBHRWL.pdf', `updated_at` = '2025-08-12 02:37:48' where `id` = '23701';
/*==================================================*/
/* Query 1 - 2025-08-12 02:37:50 [1.57ms]  */
select * from `stl_models` where `stl_id` = '1' limit 1;
/*==================================================*/
/* Query 2 - 2025-08-12 02:37:50 [1.58ms]  */
select * from `model_details` where `model_id` = '1';
/*==================================================*/
/* Query 3 - 2025-08-12 02:37:50 [1.54ms]  */
select * from `statement_option_responses` where `option_id` = '102';
/*==================================================*/
/* Query 4 - 2025-08-12 02:37:50 [1.44ms]  */
select * from `statement_option_metrics` where `option_id` = '102';
/*==================================================*/
/* Query 5 - 2025-08-12 02:37:50 [1.45ms]  */
select * from `user_metrics` where `user_id` = '23728';
/*==================================================*/
/* Query 6 - 2025-08-12 02:37:50 [1.45ms]  */
select * from `user_coachee_metrics` where `user_id` = '23728' and `stl_coachee_id` = '2';
/*==================================================*/
/* Query 7 - 2025-08-12 02:37:50 [7.3ms]  */
insert into `user_conversations` (`user_id`, `stl_conversation_id`) values ('23728', '260');
/*==================================================*/
/* Query 8 - 2025-08-12 02:37:50 [7.74ms]  */
insert into `user_selected_statement_options` (`response_id`, `stl_statement_id`, `stl_conversation_id`, `option_id`, `user_id`) values ('', '64', '260', '102', '23728');
/*==================================================*/
/* Query 9 - 2025-08-12 02:37:50 [1.42ms]  */
select * from `user_round_progress` where `round_no` = '1' and `user_id` = '23728' and `name` = 'completedConversations' limit 1;
/*==================================================*/
/* Query 10 - 2025-08-12 02:37:50 [8.16ms]  */
update `user_round_progress` set `value` = '40', `updated_at` = '2025-08-12 02:37:50' where `id` = '593026';
/*==================================================*/
/* Query 11 - 2025-08-12 02:37:50 [1.56ms]  */
select * from `user_coachee_round_progress` where `stl_coachee_id` = '2' and `round_no` = '1' and `user_id` = '23728' and `name` = 'completedConversations' limit 1;
/*==================================================*/
/* Query 12 - 2025-08-12 02:37:50 [7.99ms]  */
update `user_coachee_round_progress` set `value` = '11', `updated_at` = '2025-08-12 02:37:50' where `id` = '865235';
/*==================================================*/
/* Query 13 - 2025-08-12 02:37:50 [1.69ms]  */
select * from `user_coachee_round_phase_details` where `stl_coachee_id` = '2' and `stl_round_phase_id` = '2' and `user_id` = '23728' limit 1;
/*==================================================*/
/* Query 14 - 2025-08-12 02:37:50 [8.09ms]  */
update `user_coachee_round_phase_details` set `completed_conversations` = '9', `updated_at` = '2025-08-12 02:37:50' where `id` = '640613';
/*==================================================*/
/* Query 15 - 2025-08-12 02:37:50 [1.62ms]  */
select `name`, `value`, `round_no`, `stl_coachee_id` from `user_coachee_round_progress` where `user_id` = '23728';
/*==================================================*/
/* Query 16 - 2025-08-12 02:37:50 [1.51ms]  */
select `name`, `value`, `round_no` from `user_round_progress` where `user_id` = '23728';
/*==================================================*/
/* Query 17 - 2025-08-12 02:37:50 [1.51ms]  */
select * from `events`;
/*==================================================*/
/* Query 18 - 2025-08-12 02:37:50 [1.42ms]  */
select * from `event_conditions`;
/*==================================================*/
/* Query 19 - 2025-08-12 02:37:50 [1.39ms]  */
select * from `event_types`;
/*==================================================*/
/* Query 20 - 2025-08-12 02:37:50 [1.32ms]  */
select * from `event_sources`;
/*==================================================*/
/* Query 21 - 2025-08-12 02:37:50 [1.47ms]  */
select * from `event_options`;
/*==================================================*/
/* Query 22 - 2025-08-12 02:37:50 [1.32ms]  */
select * from `event_option_response`;
/*==================================================*/
/* Query 23 - 2025-08-12 02:37:50 [1.42ms]  */
select * from `stl_events` where `stl_id` = '1' and `round_no` = '1';
/*==================================================*/
/* Query 24 - 2025-08-12 02:37:50 [1.85ms]  */
select * from `user_conversation_metrics` where `user_id` = '23728' and `round_no` = '1';
/*==================================================*/
/* Query 25 - 2025-08-12 02:37:50 [1.52ms]  */
select * from `user_events` where `user_id` = '23728' and `round_no` = '1';
/*==================================================*/
/* Query 26 - 2025-08-12 02:37:50 [1.56ms]  */
select `name`, `value` from `user_round_progress` where `user_id` = '23728' and `round_no` = '1';
/*==================================================*/
/* Query 1 - 2025-08-12 02:37:51 [1.4ms]  */
select * from `user_timer_details` where `user_id` = '23708' limit 1;
/*==================================================*/
/* Query 2 - 2025-08-12 02:37:51 [7.75ms]  */
update `user_timer_details` set `time_remaining` = '2775', `updated_at` = '2025-08-12 02:37:51' where `id` = '22687';
/*==================================================*/
/* Query 1 - 2025-08-12 02:37:52 [1.91ms]  */
select * from `stl_models` where `stl_id` = '1' limit 1;
/*==================================================*/
/* Query 2 - 2025-08-12 02:37:52 [1.75ms]  */
select * from `model_details` where `model_id` = '1';
/*==================================================*/
/* Query 3 - 2025-08-12 02:37:52 [1.8ms]  */
select * from `statement_option_responses` where `option_id` = '113';
/*==================================================*/
/* Query 4 - 2025-08-12 02:37:52 [1.69ms]  */
select * from `statement_option_metrics` where `option_id` = '113';
/*==================================================*/
/* Query 5 - 2025-08-12 02:37:52 [1.74ms]  */
select * from `user_metrics` where `user_id` = '23715';
/*==================================================*/
/* Query 6 - 2025-08-12 02:37:52 [1.77ms]  */
select * from `user_coachee_metrics` where `user_id` = '23715' and `stl_coachee_id` = '2';
/*==================================================*/
/* Query 7 - 2025-08-12 02:37:52 [10.7ms]  */
insert into `user_conversations` (`user_id`, `stl_conversation_id`) values ('23715', '265');
/*==================================================*/
/* Query 8 - 2025-08-12 02:37:52 [7.87ms]  */
insert into `user_selected_statement_options` (`response_id`, `stl_statement_id`, `stl_conversation_id`, `option_id`, `user_id`) values ('99', '66', '265', '113', '23715');
/*==================================================*/
/* Query 9 - 2025-08-12 02:37:52 [1.97ms]  */
select * from `user_round_progress` where `round_no` = '1' and `user_id` = '23715' and `name` = 'completedConversations' limit 1;
/*==================================================*/
/* Query 10 - 2025-08-12 02:37:52 [7.82ms]  */
update `user_round_progress` set `value` = '47', `updated_at` = '2025-08-12 02:37:52' where `id` = '592802';
/*==================================================*/
/* Query 11 - 2025-08-12 02:37:52 [1.79ms]  */
select * from `user_coachee_round_progress` where `stl_coachee_id` = '2' and `round_no` = '1' and `user_id` = '23715' and `name` = 'completedConversations' limit 1;
/*==================================================*/
/* Query 12 - 2025-08-12 02:37:52 [7.94ms]  */
update `user_coachee_round_progress` set `value` = '18', `updated_at` = '2025-08-12 02:37:52' where `id` = '864914';
/*==================================================*/
/* Query 13 - 2025-08-12 02:37:52 [2.05ms]  */
select * from `user_coachee_round_phase_details` where `stl_coachee_id` = '2' and `stl_round_phase_id` = '2' and `user_id` = '23715' limit 1;
/*==================================================*/
/* Query 14 - 2025-08-12 02:37:52 [11.38ms]  */
update `user_coachee_round_phase_details` set `completed_conversations` = '16', `updated_at` = '2025-08-12 02:37:52' where `id` = '640262';
/*==================================================*/
/* Query 15 - 2025-08-12 02:37:52 [1.84ms]  */
select `name`, `value`, `round_no`, `stl_coachee_id` from `user_coachee_round_progress` where `user_id` = '23715';
/*==================================================*/
/* Query 16 - 2025-08-12 02:37:52 [1.72ms]  */
select `name`, `value`, `round_no` from `user_round_progress` where `user_id` = '23715';
/*==================================================*/
/* Query 17 - 2025-08-12 02:37:52 [1.82ms]  */
select * from `events`;
/*==================================================*/
/* Query 18 - 2025-08-12 02:37:52 [1.72ms]  */
select * from `event_conditions`;
/*==================================================*/
/* Query 19 - 2025-08-12 02:37:52 [1.64ms]  */
select * from `event_types`;
/*==================================================*/
/* Query 20 - 2025-08-12 02:37:52 [1.61ms]  */
select * from `event_sources`;
/*==================================================*/
/* Query 21 - 2025-08-12 02:37:52 [1.71ms]  */
select * from `event_options`;
/*==================================================*/
/* Query 22 - 2025-08-12 02:37:52 [1.72ms]  */
select * from `event_option_response`;
/*==================================================*/
/* Query 23 - 2025-08-12 02:37:52 [1.7ms]  */
select * from `stl_events` where `stl_id` = '1' and `round_no` = '1';
/*==================================================*/
/* Query 24 - 2025-08-12 02:37:52 [1.79ms]  */
select * from `user_conversation_metrics` where `user_id` = '23715' and `round_no` = '1';
/*==================================================*/
/* Query 25 - 2025-08-12 02:37:52 [1.86ms]  */
select * from `user_events` where `user_id` = '23715' and `round_no` = '1';
/*==================================================*/
/* Query 26 - 2025-08-12 02:37:52 [1.64ms]  */
select `name`, `value` from `user_round_progress` where `user_id` = '23715' and `round_no` = '1';
/*==================================================*/
/* Query 1 - 2025-08-12 02:37:53 [1.61ms]  */
select * from `stl_models` where `stl_id` = '1' limit 1;
/*==================================================*/
/* Query 2 - 2025-08-12 02:37:53 [1.53ms]  */
select * from `model_details` where `model_id` = '1';
/*==================================================*/
/* Query 3 - 2025-08-12 02:37:53 [1.38ms]  */
select * from `statement_option_responses` where `option_id` = '177';
/*==================================================*/
/* Query 4 - 2025-08-12 02:37:53 [1.3ms]  */
select * from `statement_option_metrics` where `option_id` = '177';
/*==================================================*/
/* Query 5 - 2025-08-12 02:37:53 [1.37ms]  */
select * from `user_metrics` where `user_id` = '23714';
/*==================================================*/
/* Query 6 - 2025-08-12 02:37:53 [1.56ms]  */
select * from `user_coachee_metrics` where `user_id` = '23714' and `stl_coachee_id` = '3';
/*==================================================*/
/* Query 7 - 2025-08-12 02:37:53 [8.15ms]  */
insert into `user_conversations` (`user_id`, `stl_conversation_id`) values ('23714', '397');
/*==================================================*/
/* Query 8 - 2025-08-12 02:37:53 [7.25ms]  */
insert into `user_selected_statement_options` (`response_id`, `stl_statement_id`, `stl_conversation_id`, `option_id`, `user_id`) values ('154', '98', '397', '177', '23714');
/*==================================================*/
/* Query 9 - 2025-08-12 02:37:53 [1.5ms]  */
select * from `user_round_progress` where `round_no` = '1' and `user_id` = '23714' and `name` = 'completedConversations' limit 1;
/*==================================================*/
/* Query 10 - 2025-08-12 02:37:53 [6.91ms]  */
update `user_round_progress` set `value` = '63', `updated_at` = '2025-08-12 02:37:53' where `id` = '592786';
/*==================================================*/
/* Query 11 - 2025-08-12 02:37:53 [1.38ms]  */
select * from `user_coachee_round_progress` where `stl_coachee_id` = '3' and `round_no` = '1' and `user_id` = '23714' and `name` = 'completedConversations' limit 1;
/*==================================================*/
/* Query 12 - 2025-08-12 02:37:53 [7.45ms]  */
update `user_coachee_round_progress` set `value` = '6', `updated_at` = '2025-08-12 02:37:53' where `id` = '864893';
/*==================================================*/
/* Query 13 - 2025-08-12 02:37:53 [1.52ms]  */
select * from `user_coachee_round_phase_details` where `stl_coachee_id` = '3' and `stl_round_phase_id` = '2' and `user_id` = '23714' limit 1;
/*==================================================*/
/* Query 14 - 2025-08-12 02:37:53 [7.66ms]  */
update `user_coachee_round_phase_details` set `completed_conversations` = '4', `updated_at` = '2025-08-12 02:37:53' where `id` = '640244';
/*==================================================*/
/* Query 15 - 2025-08-12 02:37:53 [1.32ms]  */
select `name`, `value`, `round_no`, `stl_coachee_id` from `user_coachee_round_progress` where `user_id` = '23714';
/*==================================================*/
/* Query 16 - 2025-08-12 02:37:53 [1.58ms]  */
select `name`, `value`, `round_no` from `user_round_progress` where `user_id` = '23714';
/*==================================================*/
/* Query 17 - 2025-08-12 02:37:53 [1.51ms]  */
select * from `events`;
/*==================================================*/
/* Query 18 - 2025-08-12 02:37:53 [1.27ms]  */
select * from `event_conditions`;
/*==================================================*/
/* Query 19 - 2025-08-12 02:37:53 [1.29ms]  */
select * from `event_types`;
/*==================================================*/
/* Query 20 - 2025-08-12 02:37:53 [1.18ms]  */
select * from `event_sources`;
/*==================================================*/
/* Query 21 - 2025-08-12 02:37:53 [1.27ms]  */
select * from `event_options`;
/*==================================================*/
/* Query 22 - 2025-08-12 02:37:53 [1.21ms]  */
select * from `event_option_response`;
/*==================================================*/
/* Query 23 - 2025-08-12 02:37:53 [1.54ms]  */
select * from `stl_events` where `stl_id` = '1' and `round_no` = '1';
/*==================================================*/
/* Query 24 - 2025-08-12 02:37:53 [1.61ms]  */
select * from `user_conversation_metrics` where `user_id` = '23714' and `round_no` = '1';
/*==================================================*/
/* Query 25 - 2025-08-12 02:37:53 [1.47ms]  */
select * from `user_events` where `user_id` = '23714' and `round_no` = '1';
/*==================================================*/
/* Query 26 - 2025-08-12 02:37:53 [1.62ms]  */
select `name`, `value` from `user_round_progress` where `user_id` = '23714' and `round_no` = '1';
/*==================================================*/
/* Query 1 - 2025-08-12 02:37:53 [1.36ms]  */
select * from `user_timer_details` where `user_id` = '23720' limit 1;
/*==================================================*/
/* Query 2 - 2025-08-12 02:37:53 [8.54ms]  */
update `user_timer_details` set `time_remaining` = '2805', `updated_at` = '2025-08-12 02:37:53' where `id` = '22699';
/*==================================================*/
/* Query 1 - 2025-08-12 02:37:53 [1.42ms]  */
select * from `user_timer_details` where `user_id` = '23723' limit 1;
/*==================================================*/
/* Query 2 - 2025-08-12 02:37:53 [8.57ms]  */
update `user_timer_details` set `time_remaining` = '2790', `updated_at` = '2025-08-12 02:37:53' where `id` = '22702';
/*==================================================*/
/* Query 1 - 2025-08-12 02:37:56 [1.16ms]  */
select * from `stl_models` where `stl_id` = '1' limit 1;
/*==================================================*/
/* Query 2 - 2025-08-12 02:37:56 [1.13ms]  */
select * from `model_details` where `model_id` = '1';
/*==================================================*/
/* Query 3 - 2025-08-12 02:37:56 [1.1ms]  */
select * from `statement_option_responses` where `option_id` = '260';
/*==================================================*/
/* Query 4 - 2025-08-12 02:37:56 [1.13ms]  */
select * from `statement_option_metrics` where `option_id` = '260';
/*==================================================*/
/* Query 5 - 2025-08-12 02:37:56 [1.14ms]  */
select * from `user_metrics` where `user_id` = '23708';
/*==================================================*/
/* Query 6 - 2025-08-12 02:37:56 [1.31ms]  */
select * from `user_coachee_metrics` where `user_id` = '23708' and `stl_coachee_id` = '2';
/*==================================================*/
/* Query 7 - 2025-08-12 02:37:56 [7.32ms]  */
insert into `user_coachee_conversation_metrics` (`actual_delta`, `delta`, `previous_value`, `round_no`, `stl_coachee_id`, `stl_conversation_id`, `stl_metric_id`, `stl_phase_id`, `updated_value`, `user_id`) values ('2', '3', '74', '1', '2', '443', '1', '5', '77', '23708');
/*==================================================*/
/* Query 8 - 2025-08-12 02:37:56 [6.57ms]  */
INSERT INTO user_coachee_metrics (user_id, stl_coachee_id, stl_metric_id, value) VALUES  (23708, 2, 1, 77)   ON DUPLICATE KEY UPDATE `value` = VALUES(`value`);
/*==================================================*/
/* Query 9 - 2025-08-12 02:37:56 [6.99ms]  */
INSERT INTO user_coachee_round_metrics (user_id, round_no, stl_coachee_id, stl_metric_id, value) VALUES  (23708, 1, 2, 1, 77)   ON DUPLICATE KEY UPDATE `value` = VALUES(`value`);
/*==================================================*/
/* Query 10 - 2025-08-12 02:37:56 [6.88ms]  */
insert into `user_conversations` (`user_id`, `stl_conversation_id`) values ('23708', '443');
/*==================================================*/
/* Query 11 - 2025-08-12 02:37:56 [6.24ms]  */
insert into `user_selected_statement_options` (`response_id`, `stl_statement_id`, `stl_conversation_id`, `option_id`, `user_id`) values ('', '159', '443', '260', '23708');
/*==================================================*/
/* Query 12 - 2025-08-12 02:37:56 [1.22ms]  */
select * from `user_round_progress` where `round_no` = '1' and `user_id` = '23708' and `name` = 'completedConversations' limit 1;
/*==================================================*/
/* Query 13 - 2025-08-12 02:37:56 [7.03ms]  */
update `user_round_progress` set `value` = '56', `updated_at` = '2025-08-12 02:37:56' where `id` = '592690';
/*==================================================*/
/* Query 14 - 2025-08-12 02:37:56 [1.34ms]  */
select * from `user_coachee_round_progress` where `stl_coachee_id` = '2' and `round_no` = '1' and `user_id` = '23708' and `name` = 'completedConversations' limit 1;
/*==================================================*/
/* Query 15 - 2025-08-12 02:37:56 [6.84ms]  */
update `user_coachee_round_progress` set `value` = '27', `updated_at` = '2025-08-12 02:37:56' where `id` = '864746';
/*==================================================*/
/* Query 16 - 2025-08-12 02:37:56 [1.46ms]  */
select * from `user_coachee_round_phase_details` where `stl_coachee_id` = '2' and `stl_round_phase_id` = '5' and `user_id` = '23708' limit 1;
/*==================================================*/
/* Query 17 - 2025-08-12 02:37:56 [6.66ms]  */
update `user_coachee_round_phase_details` set `completed_conversations` = '4', `updated_at` = '2025-08-12 02:37:56' where `id` = '640076';
/*==================================================*/
/* Query 18 - 2025-08-12 02:37:56 [1.32ms]  */
select `name`, `value`, `round_no`, `stl_coachee_id` from `user_coachee_round_progress` where `user_id` = '23708';
/*==================================================*/
/* Query 19 - 2025-08-12 02:37:56 [1.05ms]  */
select `name`, `value`, `round_no` from `user_round_progress` where `user_id` = '23708';
/*==================================================*/
/* Query 20 - 2025-08-12 02:37:56 [1.08ms]  */
select * from `events`;
/*==================================================*/
/* Query 21 - 2025-08-12 02:37:56 [0.96ms]  */
select * from `event_conditions`;
/*==================================================*/
/* Query 22 - 2025-08-12 02:37:56 [0.97ms]  */
select * from `event_types`;
/*==================================================*/
/* Query 23 - 2025-08-12 02:37:56 [0.95ms]  */
select * from `event_sources`;
/*==================================================*/
/* Query 24 - 2025-08-12 02:37:56 [1.29ms]  */
select * from `event_options`;
/*==================================================*/
/* Query 25 - 2025-08-12 02:37:56 [3.51ms]  */
select * from `event_option_response`;
/*==================================================*/
/* Query 26 - 2025-08-12 02:37:56 [1.23ms]  */
select * from `stl_events` where `stl_id` = '1' and `round_no` = '1';
/*==================================================*/
/* Query 27 - 2025-08-12 02:37:56 [1.58ms]  */
select * from `user_conversation_metrics` where `user_id` = '23708' and `round_no` = '1';
/*==================================================*/
/* Query 28 - 2025-08-12 02:37:56 [1.44ms]  */
select * from `user_events` where `user_id` = '23708' and `round_no` = '1';
/*==================================================*/
/* Query 29 - 2025-08-12 02:37:56 [1.15ms]  */
select `name`, `value` from `user_round_progress` where `user_id` = '23708' and `round_no` = '1';
/*==================================================*/
/* Query 1 - 2025-08-12 02:37:56 [1.49ms]  */
select * from `user_timer_details` where `user_id` = '23715' limit 1;
/*==================================================*/
/* Query 2 - 2025-08-12 02:37:56 [7.8ms]  */
update `user_timer_details` set `time_remaining` = '2805', `updated_at` = '2025-08-12 02:37:56' where `id` = '22694';
/*==================================================*/
/* Query 1 - 2025-08-12 02:37:57 [1.4ms]  */
select * from `user_timer_details` where `user_id` = '23705' limit 1;
/*==================================================*/
/* Query 2 - 2025-08-12 02:37:57 [8.9ms]  */
update `user_timer_details` set `time_remaining` = '90', `updated_at` = '2025-08-12 02:37:57' where `id` = '22684';
/*==================================================*/
/* Query 1 - 2025-08-12 02:38:01 [1.21ms]  */
select * from `user_timer_details` where `user_id` = '23716' limit 1;
/*==================================================*/
/* Query 2 - 2025-08-12 02:38:01 [7.26ms]  */
update `user_timer_details` set `time_remaining` = '2790', `updated_at` = '2025-08-12 02:38:01' where `id` = '22695';
/*==================================================*/
/* Query 1 - 2025-08-12 02:38:02 [1.47ms]  */
select * from `stl_models` where `stl_id` = '1' limit 1;
/*==================================================*/
/* Query 2 - 2025-08-12 02:38:02 [1.45ms]  */
select * from `model_details` where `model_id` = '1';
/*==================================================*/
/* Query 3 - 2025-08-12 02:38:02 [1.32ms]  */
select * from `statement_option_responses` where `option_id` = '180';
/*==================================================*/
/* Query 4 - 2025-08-12 02:38:02 [1.33ms]  */
select * from `statement_option_metrics` where `option_id` = '180';
/*==================================================*/
/* Query 5 - 2025-08-12 02:38:02 [1.39ms]  */
select * from `user_metrics` where `user_id` = '23712';
/*==================================================*/
/* Query 6 - 2025-08-12 02:38:02 [1.39ms]  */
select * from `user_coachee_metrics` where `user_id` = '23712' and `stl_coachee_id` = '3';
/*==================================================*/
/* Query 7 - 2025-08-12 02:38:02 [8.45ms]  */
insert into `user_conversations` (`user_id`, `stl_conversation_id`) values ('23712', '400');
/*==================================================*/
/* Query 8 - 2025-08-12 02:38:02 [8.03ms]  */
insert into `user_selected_statement_options` (`response_id`, `stl_statement_id`, `stl_conversation_id`, `option_id`, `user_id`) values ('', '101', '400', '180', '23712');
/*==================================================*/
/* Query 9 - 2025-08-12 02:38:02 [1.51ms]  */
select * from `user_round_progress` where `round_no` = '1' and `user_id` = '23712' and `name` = 'completedConversations' limit 1;
/*==================================================*/
/* Query 10 - 2025-08-12 02:38:02 [7.48ms]  */
update `user_round_progress` set `value` = '66', `updated_at` = '2025-08-12 02:38:02' where `id` = '592754';
/*==================================================*/
/* Query 11 - 2025-08-12 02:38:02 [1.45ms]  */
select * from `user_coachee_round_progress` where `stl_coachee_id` = '3' and `round_no` = '1' and `user_id` = '23712' and `name` = 'completedConversations' limit 1;
/*==================================================*/
/* Query 12 - 2025-08-12 02:38:02 [7.87ms]  */
update `user_coachee_round_progress` set `value` = '9', `updated_at` = '2025-08-12 02:38:02' where `id` = '864845';
/*==================================================*/
/* Query 13 - 2025-08-12 02:38:02 [1.56ms]  */
select * from `user_coachee_round_phase_details` where `stl_coachee_id` = '3' and `stl_round_phase_id` = '2' and `user_id` = '23712' limit 1;
/*==================================================*/
/* Query 14 - 2025-08-12 02:38:02 [8.06ms]  */
update `user_coachee_round_phase_details` set `completed_conversations` = '7', `updated_at` = '2025-08-12 02:38:02' where `id` = '640190';
/*==================================================*/
/* Query 15 - 2025-08-12 02:38:02 [1.52ms]  */
select `name`, `value`, `round_no`, `stl_coachee_id` from `user_coachee_round_progress` where `user_id` = '23712';
/*==================================================*/
/* Query 16 - 2025-08-12 02:38:02 [1.38ms]  */
select `name`, `value`, `round_no` from `user_round_progress` where `user_id` = '23712';
/*==================================================*/
/* Query 17 - 2025-08-12 02:38:02 [1.42ms]  */
select * from `events`;
/*==================================================*/
/* Query 18 - 2025-08-12 02:38:02 [1.32ms]  */
select * from `event_conditions`;
/*==================================================*/
/* Query 19 - 2025-08-12 02:38:02 [1.22ms]  */
select * from `event_types`;
/*==================================================*/
/* Query 20 - 2025-08-12 02:38:02 [1.25ms]  */
select * from `event_sources`;
/*==================================================*/
/* Query 21 - 2025-08-12 02:38:02 [1.48ms]  */
select * from `event_options`;
/*==================================================*/
/* Query 22 - 2025-08-12 02:38:02 [1.36ms]  */
select * from `event_option_response`;
/*==================================================*/
/* Query 23 - 2025-08-12 02:38:02 [1.43ms]  */
select * from `stl_events` where `stl_id` = '1' and `round_no` = '1';
/*==================================================*/
/* Query 24 - 2025-08-12 02:38:02 [1.51ms]  */
select * from `user_conversation_metrics` where `user_id` = '23712' and `round_no` = '1';
/*==================================================*/
/* Query 25 - 2025-08-12 02:38:02 [1.54ms]  */
select * from `user_events` where `user_id` = '23712' and `round_no` = '1';
/*==================================================*/
/* Query 26 - 2025-08-12 02:38:02 [1.32ms]  */
select `name`, `value` from `user_round_progress` where `user_id` = '23712' and `round_no` = '1';
/*==================================================*/
/* Query 1 - 2025-08-12 02:38:05 [1.48ms]  */
select * from `stl_models` where `stl_id` = '1' limit 1;
/*==================================================*/
/* Query 2 - 2025-08-12 02:38:05 [1.56ms]  */
select * from `model_details` where `model_id` = '1';
/*==================================================*/
/* Query 3 - 2025-08-12 02:38:05 [1.44ms]  */
select * from `statement_option_responses` where `option_id` = '101';
/*==================================================*/
/* Query 4 - 2025-08-12 02:38:05 [1.39ms]  */
select * from `statement_option_metrics` where `option_id` = '101';
/*==================================================*/
/* Query 5 - 2025-08-12 02:38:05 [1.41ms]  */
select * from `user_metrics` where `user_id` = '23711';
/*==================================================*/
/* Query 6 - 2025-08-12 02:38:05 [1.48ms]  */
select * from `user_coachee_metrics` where `user_id` = '23711' and `stl_coachee_id` = '2';
/*==================================================*/
/* Query 7 - 2025-08-12 02:38:05 [8.63ms]  */
insert into `user_conversations` (`user_id`, `stl_conversation_id`) values ('23711', '259');
/*==================================================*/
/* Query 8 - 2025-08-12 02:38:05 [7.74ms]  */
insert into `user_selected_statement_options` (`response_id`, `stl_statement_id`, `stl_conversation_id`, `option_id`, `user_id`) values ('87', '59', '259', '101', '23711');
/*==================================================*/
/* Query 9 - 2025-08-12 02:38:05 [1.58ms]  */
select * from `user_round_progress` where `round_no` = '1' and `user_id` = '23711' and `name` = 'completedConversations' limit 1;
/*==================================================*/
/* Query 10 - 2025-08-12 02:38:05 [8.3ms]  */
update `user_round_progress` set `value` = '39', `updated_at` = '2025-08-12 02:38:05' where `id` = '592738';
/*==================================================*/
/* Query 11 - 2025-08-12 02:38:05 [1.65ms]  */
select * from `user_coachee_round_progress` where `stl_coachee_id` = '2' and `round_no` = '1' and `user_id` = '23711' and `name` = 'completedConversations' limit 1;
/*==================================================*/
/* Query 12 - 2025-08-12 02:38:05 [7.95ms]  */
update `user_coachee_round_progress` set `value` = '10', `updated_at` = '2025-08-12 02:38:05' where `id` = '864818';
/*==================================================*/
/* Query 13 - 2025-08-12 02:38:05 [1.8ms]  */
select * from `user_coachee_round_phase_details` where `stl_coachee_id` = '2' and `stl_round_phase_id` = '2' and `user_id` = '23711' limit 1;
/*==================================================*/
/* Query 14 - 2025-08-12 02:38:05 [7.33ms]  */
update `user_coachee_round_phase_details` set `completed_conversations` = '8', `updated_at` = '2025-08-12 02:38:05' where `id` = '640154';
/*==================================================*/
/* Query 15 - 2025-08-12 02:38:05 [1.61ms]  */
select `name`, `value`, `round_no`, `stl_coachee_id` from `user_coachee_round_progress` where `user_id` = '23711';
/*==================================================*/
/* Query 16 - 2025-08-12 02:38:05 [1.35ms]  */
select `name`, `value`, `round_no` from `user_round_progress` where `user_id` = '23711';
/*==================================================*/
/* Query 17 - 2025-08-12 02:38:05 [1.46ms]  */
select * from `events`;
/*==================================================*/
/* Query 18 - 2025-08-12 02:38:05 [1.34ms]  */
select * from `event_conditions`;
/*==================================================*/
/* Query 19 - 2025-08-12 02:38:05 [1.45ms]  */
select * from `event_types`;
/*==================================================*/
/* Query 20 - 2025-08-12 02:38:05 [1.32ms]  */
select * from `event_sources`;
/*==================================================*/
/* Query 21 - 2025-08-12 02:38:05 [1.36ms]  */
select * from `event_options`;
/*==================================================*/
/* Query 22 - 2025-08-12 02:38:05 [1.24ms]  */
select * from `event_option_response`;
/*==================================================*/
/* Query 23 - 2025-08-12 02:38:05 [1.37ms]  */
select * from `stl_events` where `stl_id` = '1' and `round_no` = '1';
/*==================================================*/
/* Query 24 - 2025-08-12 02:38:05 [1.41ms]  */
select * from `user_conversation_metrics` where `user_id` = '23711' and `round_no` = '1';
/*==================================================*/
/* Query 25 - 2025-08-12 02:38:05 [1.38ms]  */
select * from `user_events` where `user_id` = '23711' and `round_no` = '1';
/*==================================================*/
/* Query 26 - 2025-08-12 02:38:05 [1.49ms]  */
select `name`, `value` from `user_round_progress` where `user_id` = '23711' and `round_no` = '1';
/*==================================================*/
/* Query 1 - 2025-08-12 02:38:06 [1.18ms]  */
select * from `user_timer_details` where `user_id` = '23730' limit 1;
/*==================================================*/
/* Query 2 - 2025-08-12 02:38:06 [6.99ms]  */
update `user_timer_details` set `time_remaining` = '2790', `updated_at` = '2025-08-12 02:38:06' where `id` = '22709';
/*==================================================*/
/* Query 1 - 2025-08-12 02:38:07 [1.15ms]  */
select * from `user_timer_details` where `user_id` = '23714' limit 1;
/*==================================================*/
/* Query 2 - 2025-08-12 02:38:07 [7.8ms]  */
update `user_timer_details` set `time_remaining` = '2775', `updated_at` = '2025-08-12 02:38:07' where `id` = '22693';
/*==================================================*/
/* Query 1 - 2025-08-12 02:38:07 [1.12ms]  */
select * from `user_timer_details` where `user_id` = '23711' limit 1;
/*==================================================*/
/* Query 2 - 2025-08-12 02:38:07 [7.23ms]  */
update `user_timer_details` set `time_remaining` = '2790', `updated_at` = '2025-08-12 02:38:07' where `id` = '22690';
/*==================================================*/
/* Query 1 - 2025-08-12 02:38:09 [1.11ms]  */
select * from `stl_models` where `stl_id` = '1' limit 1;
/*==================================================*/
/* Query 2 - 2025-08-12 02:38:09 [1.1ms]  */
select * from `model_details` where `model_id` = '1';
/*==================================================*/
/* Query 3 - 2025-08-12 02:38:09 [1.01ms]  */
select * from `statement_option_responses` where `option_id` = '97';
/*==================================================*/
/* Query 4 - 2025-08-12 02:38:09 [1.18ms]  */
select * from `statement_option_metrics` where `option_id` = '97';
/*==================================================*/
/* Query 5 - 2025-08-12 02:38:09 [1.12ms]  */
select * from `user_metrics` where `user_id` = '23709';
/*==================================================*/
/* Query 6 - 2025-08-12 02:38:09 [1.04ms]  */
select * from `user_coachee_metrics` where `user_id` = '23709' and `stl_coachee_id` = '2';
/*==================================================*/
/* Query 7 - 2025-08-12 02:38:09 [7.72ms]  */
insert into `user_conversations` (`user_id`, `stl_conversation_id`) values ('23709', '255');
/*==================================================*/
/* Query 8 - 2025-08-12 02:38:09 [7.52ms]  */
insert into `user_selected_statement_options` (`response_id`, `stl_statement_id`, `stl_conversation_id`, `option_id`, `user_id`) values ('83', '55', '255', '97', '23709');
/*==================================================*/
/* Query 9 - 2025-08-12 02:38:09 [1.12ms]  */
select * from `user_round_progress` where `round_no` = '1' and `user_id` = '23709' and `name` = 'completedConversations' limit 1;
/*==================================================*/
/* Query 10 - 2025-08-12 02:38:09 [7.24ms]  */
update `user_round_progress` set `value` = '36', `updated_at` = '2025-08-12 02:38:09' where `id` = '592706';
/*==================================================*/
/* Query 11 - 2025-08-12 02:38:09 [2.05ms]  */
select * from `user_coachee_round_progress` where `stl_coachee_id` = '2' and `round_no` = '1' and `user_id` = '23709' and `name` = 'completedConversations' limit 1;
/*==================================================*/
/* Query 12 - 2025-08-12 02:38:09 [6.9ms]  */
update `user_coachee_round_progress` set `value` = '7', `updated_at` = '2025-08-12 02:38:09' where `id` = '864770';
/*==================================================*/
/* Query 13 - 2025-08-12 02:38:09 [1.43ms]  */
select * from `user_coachee_round_phase_details` where `stl_coachee_id` = '2' and `stl_round_phase_id` = '2' and `user_id` = '23709' limit 1;
/*==================================================*/
/* Query 14 - 2025-08-12 02:38:09 [7.72ms]  */
update `user_coachee_round_phase_details` set `completed_conversations` = '5', `updated_at` = '2025-08-12 02:38:09' where `id` = '640100';
/*==================================================*/
/* Query 15 - 2025-08-12 02:38:09 [1.77ms]  */
select `name`, `value`, `round_no`, `stl_coachee_id` from `user_coachee_round_progress` where `user_id` = '23709';
/*==================================================*/
/* Query 16 - 2025-08-12 02:38:09 [1.21ms]  */
select `name`, `value`, `round_no` from `user_round_progress` where `user_id` = '23709';
/*==================================================*/
/* Query 17 - 2025-08-12 02:38:09 [1.15ms]  */
select * from `events`;
/*==================================================*/
/* Query 18 - 2025-08-12 02:38:09 [1.25ms]  */
select * from `event_conditions`;
/*==================================================*/
/* Query 19 - 2025-08-12 02:38:09 [1.08ms]  */
select * from `event_types`;
/*==================================================*/
/* Query 20 - 2025-08-12 02:38:09 [0.95ms]  */
select * from `event_sources`;
/*==================================================*/
/* Query 21 - 2025-08-12 02:38:09 [1.11ms]  */
select * from `event_options`;
/*==================================================*/
/* Query 22 - 2025-08-12 02:38:09 [1.02ms]  */
select * from `event_option_response`;
/*==================================================*/
/* Query 23 - 2025-08-12 02:38:09 [1.14ms]  */
select * from `stl_events` where `stl_id` = '1' and `round_no` = '1';
/*==================================================*/
/* Query 24 - 2025-08-12 02:38:09 [1.17ms]  */
select * from `user_conversation_metrics` where `user_id` = '23709' and `round_no` = '1';
/*==================================================*/
/* Query 25 - 2025-08-12 02:38:09 [1.11ms]  */
select * from `user_events` where `user_id` = '23709' and `round_no` = '1';
/*==================================================*/
/* Query 26 - 2025-08-12 02:38:09 [1.15ms]  */
select `name`, `value` from `user_round_progress` where `user_id` = '23709' and `round_no` = '1';
/*==================================================*/
/* Query 1 - 2025-08-12 02:38:12 [1.64ms]  */
select * from `stl_models` where `stl_id` = '1' limit 1;
/*==================================================*/
/* Query 2 - 2025-08-12 02:38:12 [3.11ms]  */
select * from `model_details` where `model_id` = '1';
/*==================================================*/
/* Query 3 - 2025-08-12 02:38:12 [1.68ms]  */
select * from `statement_option_responses` where `option_id` = '102';
/*==================================================*/
/* Query 4 - 2025-08-12 02:38:12 [1.62ms]  */
select * from `statement_option_metrics` where `option_id` = '102';
/*==================================================*/
/* Query 5 - 2025-08-12 02:38:12 [1.66ms]  */
select * from `user_metrics` where `user_id` = '23711';
/*==================================================*/
/* Query 6 - 2025-08-12 02:38:12 [1.49ms]  */
select * from `user_coachee_metrics` where `user_id` = '23711' and `stl_coachee_id` = '2';
/*==================================================*/
/* Query 7 - 2025-08-12 02:38:12 [8.89ms]  */
insert into `user_conversations` (`user_id`, `stl_conversation_id`) values ('23711', '260');
/*==================================================*/
/* Query 8 - 2025-08-12 02:38:12 [8.54ms]  */
insert into `user_selected_statement_options` (`response_id`, `stl_statement_id`, `stl_conversation_id`, `option_id`, `user_id`) values ('', '64', '260', '102', '23711');
/*==================================================*/
/* Query 9 - 2025-08-12 02:38:12 [1.67ms]  */
select * from `user_round_progress` where `round_no` = '1' and `user_id` = '23711' and `name` = 'completedConversations' limit 1;
/*==================================================*/
/* Query 10 - 2025-08-12 02:38:12 [8.27ms]  */
update `user_round_progress` set `value` = '40', `updated_at` = '2025-08-12 02:38:12' where `id` = '592738';
/*==================================================*/
/* Query 11 - 2025-08-12 02:38:12 [1.66ms]  */
select * from `user_coachee_round_progress` where `stl_coachee_id` = '2' and `round_no` = '1' and `user_id` = '23711' and `name` = 'completedConversations' limit 1;
/*==================================================*/
/* Query 12 - 2025-08-12 02:38:12 [8.5ms]  */
update `user_coachee_round_progress` set `value` = '11', `updated_at` = '2025-08-12 02:38:12' where `id` = '864818';
/*==================================================*/
/* Query 13 - 2025-08-12 02:38:12 [1.8ms]  */
select * from `user_coachee_round_phase_details` where `stl_coachee_id` = '2' and `stl_round_phase_id` = '2' and `user_id` = '23711' limit 1;
/*==================================================*/
/* Query 14 - 2025-08-12 02:38:12 [8.03ms]  */
update `user_coachee_round_phase_details` set `completed_conversations` = '9', `updated_at` = '2025-08-12 02:38:12' where `id` = '640154';
/*==================================================*/
/* Query 15 - 2025-08-12 02:38:12 [1.85ms]  */
select `name`, `value`, `round_no`, `stl_coachee_id` from `user_coachee_round_progress` where `user_id` = '23711';
/*==================================================*/
/* Query 16 - 2025-08-12 02:38:12 [1.66ms]  */
select `name`, `value`, `round_no` from `user_round_progress` where `user_id` = '23711';
/*==================================================*/
/* Query 17 - 2025-08-12 02:38:12 [1.54ms]  */
select * from `events`;
/*==================================================*/
/* Query 18 - 2025-08-12 02:38:12 [1.28ms]  */
select * from `event_conditions`;
/*==================================================*/
/* Query 19 - 2025-08-12 02:38:12 [1.28ms]  */
select * from `event_types`;
/*==================================================*/
/* Query 20 - 2025-08-12 02:38:12 [1.32ms]  */
select * from `event_sources`;
/*==================================================*/
/* Query 21 - 2025-08-12 02:38:12 [1.39ms]  */
select * from `event_options`;
/*==================================================*/
/* Query 22 - 2025-08-12 02:38:12 [1.3ms]  */
select * from `event_option_response`;
/*==================================================*/
/* Query 23 - 2025-08-12 02:38:12 [1.53ms]  */
select * from `stl_events` where `stl_id` = '1' and `round_no` = '1';
/*==================================================*/
/* Query 24 - 2025-08-12 02:38:12 [1.57ms]  */
select * from `user_conversation_metrics` where `user_id` = '23711' and `round_no` = '1';
/*==================================================*/
/* Query 25 - 2025-08-12 02:38:12 [1.5ms]  */
select * from `user_events` where `user_id` = '23711' and `round_no` = '1';
/*==================================================*/
/* Query 26 - 2025-08-12 02:38:12 [1.34ms]  */
select `name`, `value` from `user_round_progress` where `user_id` = '23711' and `round_no` = '1';
/*==================================================*/
/* Query 1 - 2025-08-12 02:38:12 [1.46ms]  */
select * from `user_timer_details` where `user_id` = '23705' limit 1;
/*==================================================*/
/* Query 2 - 2025-08-12 02:38:12 [7.17ms]  */
update `user_timer_details` set `time_remaining` = '75', `updated_at` = '2025-08-12 02:38:12' where `id` = '22684';
/*==================================================*/
/* Query 1 - 2025-08-12 02:38:14 [1.31ms]  */
select * from `user_timer_details` where `user_id` = '23731' limit 1;
/*==================================================*/
/* Query 2 - 2025-08-12 02:38:14 [7.58ms]  */
update `user_timer_details` set `time_remaining` = '2835', `updated_at` = '2025-08-12 02:38:14' where `id` = '22710';
/*==================================================*/
/* Query 1 - 2025-08-12 02:38:16 [1.21ms]  */
select * from `stl_models` where `stl_id` = '1' limit 1;
/*==================================================*/
/* Query 1 - 2025-08-12 02:38:16 [1.36ms]  */
select * from `stl_models` where `stl_id` = '1' limit 1;
/*==================================================*/
/* Query 2 - 2025-08-12 02:38:16 [1ms]  */
select * from `model_details` where `model_id` = '1';
/*==================================================*/
/* Query 2 - 2025-08-12 02:38:16 [1.08ms]  */
select * from `model_details` where `model_id` = '1';
/*==================================================*/
/* Query 3 - 2025-08-12 02:38:16 [1.07ms]  */
select * from `statement_option_responses` where `option_id` = '186';
/*==================================================*/
/* Query 3 - 2025-08-12 02:38:16 [1.09ms]  */
select * from `statement_option_responses` where `option_id` = '133';
/*==================================================*/
/* Query 4 - 2025-08-12 02:38:16 [0.93ms]  */
select * from `statement_option_metrics` where `option_id` = '186';
/*==================================================*/
/* Query 4 - 2025-08-12 02:38:16 [1.04ms]  */
select * from `statement_option_metrics` where `option_id` = '133';
/*==================================================*/
/* Query 5 - 2025-08-12 02:38:16 [1.04ms]  */
select * from `user_metrics` where `user_id` = '23714';
/*==================================================*/
/* Query 5 - 2025-08-12 02:38:16 [1.05ms]  */
select * from `user_metrics` where `user_id` = '23713';
/*==================================================*/
/* Query 6 - 2025-08-12 02:38:16 [1.1ms]  */
select * from `user_coachee_metrics` where `user_id` = '23714' and `stl_coachee_id` = '3';
/*==================================================*/
/* Query 6 - 2025-08-12 02:38:16 [1.21ms]  */
select * from `user_coachee_metrics` where `user_id` = '23713' and `stl_coachee_id` = '2';
/*==================================================*/
/* Query 7 - 2025-08-12 02:38:16 [7.5ms]  */
insert into `user_conversations` (`user_id`, `stl_conversation_id`) values ('23714', '405');
/*==================================================*/
/* Query 7 - 2025-08-12 02:38:16 [10.49ms]  */
insert into `user_conversations` (`user_id`, `stl_conversation_id`) values ('23713', '273');
/*==================================================*/
/* Query 8 - 2025-08-12 02:38:16 [8.04ms]  */
insert into `user_selected_statement_options` (`response_id`, `stl_statement_id`, `stl_conversation_id`, `option_id`, `user_id`) values ('162', '106', '405', '186', '23714');
/*==================================================*/
/* Query 9 - 2025-08-12 02:38:16 [1.08ms]  */
select * from `user_round_progress` where `round_no` = '1' and `user_id` = '23714' and `name` = 'completedConversations' limit 1;
/*==================================================*/
/* Query 8 - 2025-08-12 02:38:16 [7.83ms]  */
insert into `user_selected_statement_options` (`response_id`, `stl_statement_id`, `stl_conversation_id`, `option_id`, `user_id`) values ('', '74', '273', '133', '23713');
/*==================================================*/
/* Query 9 - 2025-08-12 02:38:16 [1.94ms]  */
select * from `user_round_progress` where `round_no` = '1' and `user_id` = '23713' and `name` = 'completedConversations' limit 1;
/*==================================================*/
/* Query 10 - 2025-08-12 02:38:16 [6.76ms]  */
update `user_round_progress` set `value` = '67', `updated_at` = '2025-08-12 02:38:16' where `id` = '592786';
/*==================================================*/
/* Query 11 - 2025-08-12 02:38:16 [0.93ms]  */
select * from `user_coachee_round_progress` where `stl_coachee_id` = '3' and `round_no` = '1' and `user_id` = '23714' and `name` = 'completedConversations' limit 1;
/*==================================================*/
/* Query 10 - 2025-08-12 02:38:16 [7.74ms]  */
update `user_round_progress` set `value` = '55', `updated_at` = '2025-08-12 02:38:16' where `id` = '592770';
/*==================================================*/
/* Query 11 - 2025-08-12 02:38:16 [1.26ms]  */
select * from `user_coachee_round_progress` where `stl_coachee_id` = '2' and `round_no` = '1' and `user_id` = '23713' and `name` = 'completedConversations' limit 1;
/*==================================================*/
/* Query 12 - 2025-08-12 02:38:16 [6.73ms]  */
update `user_coachee_round_progress` set `value` = '10', `updated_at` = '2025-08-12 02:38:16' where `id` = '864893';
/*==================================================*/
/* Query 13 - 2025-08-12 02:38:16 [1.38ms]  */
select * from `user_coachee_round_phase_details` where `stl_coachee_id` = '3' and `stl_round_phase_id` = '2' and `user_id` = '23714' limit 1;
/*==================================================*/
/* Query 12 - 2025-08-12 02:38:16 [7.34ms]  */
update `user_coachee_round_progress` set `value` = '26', `updated_at` = '2025-08-12 02:38:16' where `id` = '864866';
/*==================================================*/
/* Query 13 - 2025-08-12 02:38:16 [1.61ms]  */
select * from `user_coachee_round_phase_details` where `stl_coachee_id` = '2' and `stl_round_phase_id` = '5' and `user_id` = '23713' limit 1;
/*==================================================*/
/* Query 14 - 2025-08-12 02:38:16 [6.16ms]  */
update `user_coachee_round_phase_details` set `completed_conversations` = '8', `updated_at` = '2025-08-12 02:38:16' where `id` = '640244';
/*==================================================*/
/* Query 15 - 2025-08-12 02:38:16 [1.24ms]  */
select `name`, `value`, `round_no`, `stl_coachee_id` from `user_coachee_round_progress` where `user_id` = '23714';
/*==================================================*/
/* Query 16 - 2025-08-12 02:38:16 [1.38ms]  */
select `name`, `value`, `round_no` from `user_round_progress` where `user_id` = '23714';
/*==================================================*/
/* Query 17 - 2025-08-12 02:38:16 [1.28ms]  */
select * from `events`;
/*==================================================*/
/* Query 14 - 2025-08-12 02:38:16 [6.37ms]  */
update `user_coachee_round_phase_details` set `completed_conversations` = '3', `updated_at` = '2025-08-12 02:38:16' where `id` = '640211';
/*==================================================*/
/* Query 18 - 2025-08-12 02:38:16 [0.95ms]  */
select * from `event_conditions`;
/*==================================================*/
/* Query 15 - 2025-08-12 02:38:16 [1.33ms]  */
select `name`, `value`, `round_no`, `stl_coachee_id` from `user_coachee_round_progress` where `user_id` = '23713';
/*==================================================*/
/* Query 19 - 2025-08-12 02:38:16 [1ms]  */
select * from `event_types`;
/*==================================================*/
/* Query 16 - 2025-08-12 02:38:16 [1.21ms]  */
select `name`, `value`, `round_no` from `user_round_progress` where `user_id` = '23713';
/*==================================================*/
/* Query 20 - 2025-08-12 02:38:16 [1.01ms]  */
select * from `event_sources`;
/*==================================================*/
/* Query 21 - 2025-08-12 02:38:16 [0.93ms]  */
select * from `event_options`;
/*==================================================*/
/* Query 17 - 2025-08-12 02:38:16 [1.42ms]  */
select * from `events`;
/*==================================================*/
/* Query 22 - 2025-08-12 02:38:16 [0.9ms]  */
select * from `event_option_response`;
/*==================================================*/
/* Query 18 - 2025-08-12 02:38:16 [1.12ms]  */
select * from `event_conditions`;
/*==================================================*/
/* Query 23 - 2025-08-12 02:38:16 [1.15ms]  */
select * from `stl_events` where `stl_id` = '1' and `round_no` = '1';
/*==================================================*/
/* Query 19 - 2025-08-12 02:38:16 [1.25ms]  */
select * from `event_types`;
/*==================================================*/
/* Query 24 - 2025-08-12 02:38:16 [1.14ms]  */
select * from `user_conversation_metrics` where `user_id` = '23714' and `round_no` = '1';
/*==================================================*/
/* Query 20 - 2025-08-12 02:38:16 [1.21ms]  */
select * from `event_sources`;
/*==================================================*/
/* Query 25 - 2025-08-12 02:38:16 [1.17ms]  */
select * from `user_events` where `user_id` = '23714' and `round_no` = '1';
/*==================================================*/
/* Query 21 - 2025-08-12 02:38:16 [1.19ms]  */
select * from `event_options`;
/*==================================================*/
/* Query 26 - 2025-08-12 02:38:16 [1.07ms]  */
select `name`, `value` from `user_round_progress` where `user_id` = '23714' and `round_no` = '1';
/*==================================================*/
/* Query 22 - 2025-08-12 02:38:16 [1.06ms]  */
select * from `event_option_response`;
/*==================================================*/
/* Query 23 - 2025-08-12 02:38:16 [1.2ms]  */
select * from `stl_events` where `stl_id` = '1' and `round_no` = '1';
/*==================================================*/
/* Query 24 - 2025-08-12 02:38:16 [1.33ms]  */
select * from `user_conversation_metrics` where `user_id` = '23713' and `round_no` = '1';
/*==================================================*/
/* Query 25 - 2025-08-12 02:38:16 [1.23ms]  */
select * from `user_events` where `user_id` = '23713' and `round_no` = '1';
/*==================================================*/
/* Query 26 - 2025-08-12 02:38:16 [1.18ms]  */
select `name`, `value` from `user_round_progress` where `user_id` = '23713' and `round_no` = '1';
/*==================================================*/
/* Query 1 - 2025-08-12 02:38:19 [1.43ms]  */
select * from `stl_models` where `stl_id` = '1' limit 1;
/*==================================================*/
/* Query 2 - 2025-08-12 02:38:19 [1.78ms]  */
select * from `model_details` where `model_id` = '1';
/*==================================================*/
/* Query 3 - 2025-08-12 02:38:19 [1.18ms]  */
select * from `statement_option_responses` where `option_id` = '126';
/*==================================================*/
/* Query 4 - 2025-08-12 02:38:19 [1.15ms]  */
select * from `statement_option_metrics` where `option_id` = '126';
/*==================================================*/
/* Query 5 - 2025-08-12 02:38:19 [1.21ms]  */
select * from `user_metrics` where `user_id` = '23729';
/*==================================================*/
/* Query 6 - 2025-08-12 02:38:19 [1.15ms]  */
select * from `user_coachee_metrics` where `user_id` = '23729' and `stl_coachee_id` = '2';
/*==================================================*/
/* Query 7 - 2025-08-12 02:38:19 [7.64ms]  */
insert into `user_conversations` (`user_id`, `stl_conversation_id`) values ('23729', '270');
/*==================================================*/
/* Query 8 - 2025-08-12 02:38:19 [7.11ms]  */
insert into `user_selected_statement_options` (`response_id`, `stl_statement_id`, `stl_conversation_id`, `option_id`, `user_id`) values ('', '71', '270', '126', '23729');
/*==================================================*/
/* Query 9 - 2025-08-12 02:38:19 [1.2ms]  */
select * from `user_round_progress` where `round_no` = '1' and `user_id` = '23729' and `name` = 'completedConversations' limit 1;
/*==================================================*/
/* Query 10 - 2025-08-12 02:38:19 [6.61ms]  */
update `user_round_progress` set `value` = '52', `updated_at` = '2025-08-12 02:38:19' where `id` = '593042';
/*==================================================*/
/* Query 11 - 2025-08-12 02:38:19 [1.31ms]  */
select * from `user_coachee_round_progress` where `stl_coachee_id` = '2' and `round_no` = '1' and `user_id` = '23729' and `name` = 'completedConversations' limit 1;
/*==================================================*/
/* Query 12 - 2025-08-12 02:38:19 [6.7ms]  */
update `user_coachee_round_progress` set `value` = '23', `updated_at` = '2025-08-12 02:38:19' where `id` = '865262';
/*==================================================*/
/* Query 13 - 2025-08-12 02:38:19 [1.24ms]  */
select * from `user_coachee_round_phase_details` where `stl_coachee_id` = '2' and `stl_round_phase_id` = '4' and `user_id` = '23729' limit 1;
/*==================================================*/
/* Query 14 - 2025-08-12 02:38:19 [7.19ms]  */
update `user_coachee_round_phase_details` set `completed_conversations` = '3', `updated_at` = '2025-08-12 02:38:19' where `id` = '640642';
/*==================================================*/
/* Query 15 - 2025-08-12 02:38:19 [1.22ms]  */
select `name`, `value`, `round_no`, `stl_coachee_id` from `user_coachee_round_progress` where `user_id` = '23729';
/*==================================================*/
/* Query 16 - 2025-08-12 02:38:19 [1.14ms]  */
select `name`, `value`, `round_no` from `user_round_progress` where `user_id` = '23729';
/*==================================================*/
/* Query 17 - 2025-08-12 02:38:19 [1.26ms]  */
select * from `events`;
/*==================================================*/
/* Query 18 - 2025-08-12 02:38:19 [1.05ms]  */
select * from `event_conditions`;
/*==================================================*/
/* Query 19 - 2025-08-12 02:38:19 [0.98ms]  */
select * from `event_types`;
/*==================================================*/
/* Query 20 - 2025-08-12 02:38:19 [0.92ms]  */
select * from `event_sources`;
/*==================================================*/
/* Query 21 - 2025-08-12 02:38:19 [1.35ms]  */
select * from `event_options`;
/*==================================================*/
/* Query 22 - 2025-08-12 02:38:19 [1.09ms]  */
select * from `event_option_response`;
/*==================================================*/
/* Query 23 - 2025-08-12 02:38:19 [1.22ms]  */
select * from `stl_events` where `stl_id` = '1' and `round_no` = '1';
/*==================================================*/
/* Query 24 - 2025-08-12 02:38:19 [1.24ms]  */
select * from `user_conversation_metrics` where `user_id` = '23729' and `round_no` = '1';
/*==================================================*/
/* Query 25 - 2025-08-12 02:38:19 [1.19ms]  */
select * from `user_events` where `user_id` = '23729' and `round_no` = '1';
/*==================================================*/
/* Query 26 - 2025-08-12 02:38:19 [1.12ms]  */
select `name`, `value` from `user_round_progress` where `user_id` = '23729' and `round_no` = '1';
/*==================================================*/
/* Query 1 - 2025-08-12 02:38:21 [1.14ms]  */
select * from `user_timer_details` where `user_id` = '23708' limit 1;
/*==================================================*/
/* Query 2 - 2025-08-12 02:38:21 [7.89ms]  */
update `user_timer_details` set `time_remaining` = '2745', `updated_at` = '2025-08-12 02:38:21' where `id` = '22687';
/*==================================================*/
/* Query 1 - 2025-08-12 02:38:21 [1.26ms]  */
select * from `user_timer_details` where `user_id` = '23729' limit 1;
/*==================================================*/
/* Query 2 - 2025-08-12 02:38:21 [6.09ms]  */
update `user_timer_details` set `time_remaining` = '2790', `updated_at` = '2025-08-12 02:38:21' where `id` = '22708';
/*==================================================*/
/* Query 1 - 2025-08-12 02:38:22 [1.43ms]  */
select * from `stl_models` where `stl_id` = '1' limit 1;
/*==================================================*/
/* Query 2 - 2025-08-12 02:38:22 [1.64ms]  */
select * from `model_details` where `model_id` = '1';
/*==================================================*/
/* Query 3 - 2025-08-12 02:38:22 [1.53ms]  */
select * from `statement_option_responses` where `option_id` = '99';
/*==================================================*/
/* Query 4 - 2025-08-12 02:38:22 [1.51ms]  */
select * from `statement_option_metrics` where `option_id` = '99';
/*==================================================*/
/* Query 5 - 2025-08-12 02:38:22 [1.45ms]  */
select * from `user_metrics` where `user_id` = '23709';
/*==================================================*/
/* Query 6 - 2025-08-12 02:38:22 [1.48ms]  */
select * from `user_coachee_metrics` where `user_id` = '23709' and `stl_coachee_id` = '2';
/*==================================================*/
/* Query 7 - 2025-08-12 02:38:22 [8.11ms]  */
insert into `user_conversations` (`user_id`, `stl_conversation_id`) values ('23709', '257');
/*==================================================*/
/* Query 8 - 2025-08-12 02:38:22 [7.94ms]  */
insert into `user_selected_statement_options` (`response_id`, `stl_statement_id`, `stl_conversation_id`, `option_id`, `user_id`) values ('229', '57', '257', '99', '23709');
/*==================================================*/
/* Query 9 - 2025-08-12 02:38:22 [1.84ms]  */
select * from `user_round_progress` where `round_no` = '1' and `user_id` = '23709' and `name` = 'completedConversations' limit 1;
/*==================================================*/
/* Query 10 - 2025-08-12 02:38:22 [8.21ms]  */
update `user_round_progress` set `value` = '38', `updated_at` = '2025-08-12 02:38:22' where `id` = '592706';
/*==================================================*/
/* Query 11 - 2025-08-12 02:38:22 [1.61ms]  */
select * from `user_coachee_round_progress` where `stl_coachee_id` = '2' and `round_no` = '1' and `user_id` = '23709' and `name` = 'completedConversations' limit 1;
/*==================================================*/
/* Query 12 - 2025-08-12 02:38:22 [8.17ms]  */
update `user_coachee_round_progress` set `value` = '9', `updated_at` = '2025-08-12 02:38:22' where `id` = '864770';
/*==================================================*/
/* Query 13 - 2025-08-12 02:38:22 [1.88ms]  */
select * from `user_coachee_round_phase_details` where `stl_coachee_id` = '2' and `stl_round_phase_id` = '2' and `user_id` = '23709' limit 1;
/*==================================================*/
/* Query 14 - 2025-08-12 02:38:22 [8.08ms]  */
update `user_coachee_round_phase_details` set `completed_conversations` = '7', `updated_at` = '2025-08-12 02:38:22' where `id` = '640100';
/*==================================================*/
/* Query 15 - 2025-08-12 02:38:22 [1.56ms]  */
select `name`, `value`, `round_no`, `stl_coachee_id` from `user_coachee_round_progress` where `user_id` = '23709';
/*==================================================*/
/* Query 16 - 2025-08-12 02:38:22 [1.42ms]  */
select `name`, `value`, `round_no` from `user_round_progress` where `user_id` = '23709';
/*==================================================*/
/* Query 17 - 2025-08-12 02:38:22 [1.53ms]  */
select * from `events`;
/*==================================================*/
/* Query 18 - 2025-08-12 02:38:22 [1.37ms]  */
select * from `event_conditions`;
/*==================================================*/
/* Query 19 - 2025-08-12 02:38:22 [1.36ms]  */
select * from `event_types`;
/*==================================================*/
/* Query 20 - 2025-08-12 02:38:22 [1.35ms]  */
select * from `event_sources`;
/*==================================================*/
/* Query 21 - 2025-08-12 02:38:22 [1.48ms]  */
select * from `event_options`;
/*==================================================*/
/* Query 22 - 2025-08-12 02:38:22 [1.33ms]  */
select * from `event_option_response`;
/*==================================================*/
/* Query 23 - 2025-08-12 02:38:22 [1.41ms]  */
select * from `stl_events` where `stl_id` = '1' and `round_no` = '1';
/*==================================================*/
/* Query 24 - 2025-08-12 02:38:22 [1.46ms]  */
select * from `user_conversation_metrics` where `user_id` = '23709' and `round_no` = '1';
/*==================================================*/
/* Query 25 - 2025-08-12 02:38:22 [1.44ms]  */
select * from `user_events` where `user_id` = '23709' and `round_no` = '1';
/*==================================================*/
/* Query 26 - 2025-08-12 02:38:22 [1.48ms]  */
select `name`, `value` from `user_round_progress` where `user_id` = '23709' and `round_no` = '1';
/*==================================================*/
/* Query 1 - 2025-08-12 02:38:23 [1.26ms]  */
select * from `stl_models` where `stl_id` = '1' limit 1;
/*==================================================*/
/* Query 2 - 2025-08-12 02:38:23 [1.04ms]  */
select * from `model_details` where `model_id` = '1';
/*==================================================*/
/* Query 3 - 2025-08-12 02:38:23 [0.93ms]  */
select * from `statement_option_responses` where `option_id` = '94';
/*==================================================*/
/* Query 4 - 2025-08-12 02:38:23 [0.79ms]  */
select * from `statement_option_metrics` where `option_id` = '94';
/*==================================================*/
/* Query 5 - 2025-08-12 02:38:23 [0.91ms]  */
select * from `user_metrics` where `user_id` = '23722';
/*==================================================*/
/* Query 6 - 2025-08-12 02:38:23 [1.08ms]  */
select * from `user_coachee_metrics` where `user_id` = '23722' and `stl_coachee_id` = '2';
/*==================================================*/
/* Query 7 - 2025-08-12 02:38:23 [6.68ms]  */
insert into `user_conversations` (`user_id`, `stl_conversation_id`) values ('23722', '252');
/*==================================================*/
/* Query 8 - 2025-08-12 02:38:23 [6.16ms]  */
insert into `user_selected_statement_options` (`response_id`, `stl_statement_id`, `stl_conversation_id`, `option_id`, `user_id`) values ('80', '52', '252', '94', '23722');
/*==================================================*/
/* Query 9 - 2025-08-12 02:38:23 [0.9ms]  */
select * from `user_round_progress` where `round_no` = '1' and `user_id` = '23722' and `name` = 'completedConversations' limit 1;
/*==================================================*/
/* Query 10 - 2025-08-12 02:38:23 [11.09ms]  */
update `user_round_progress` set `value` = '34', `updated_at` = '2025-08-12 02:38:23' where `id` = '592916';
/*==================================================*/
/* Query 11 - 2025-08-12 02:38:23 [1.17ms]  */
select * from `user_coachee_round_progress` where `stl_coachee_id` = '2' and `round_no` = '1' and `user_id` = '23722' and `name` = 'completedConversations' limit 1;
/*==================================================*/
/* Query 12 - 2025-08-12 02:38:23 [6.51ms]  */
update `user_coachee_round_progress` set `value` = '5', `updated_at` = '2025-08-12 02:38:23' where `id` = '865088';
/*==================================================*/
/* Query 13 - 2025-08-12 02:38:23 [1.14ms]  */
select * from `user_coachee_round_phase_details` where `stl_coachee_id` = '2' and `stl_round_phase_id` = '2' and `user_id` = '23722' limit 1;
/*==================================================*/
/* Query 14 - 2025-08-12 02:38:23 [6.52ms]  */
update `user_coachee_round_phase_details` set `completed_conversations` = '3', `updated_at` = '2025-08-12 02:38:23' where `id` = '640451';
/*==================================================*/
/* Query 15 - 2025-08-12 02:38:23 [1.19ms]  */
select `name`, `value`, `round_no`, `stl_coachee_id` from `user_coachee_round_progress` where `user_id` = '23722';
/*==================================================*/
/* Query 16 - 2025-08-12 02:38:23 [1.11ms]  */
select `name`, `value`, `round_no` from `user_round_progress` where `user_id` = '23722';
/*==================================================*/
/* Query 17 - 2025-08-12 02:38:23 [1.04ms]  */
select * from `events`;
/*==================================================*/
/* Query 18 - 2025-08-12 02:38:23 [0.74ms]  */
select * from `event_conditions`;
/*==================================================*/
/* Query 19 - 2025-08-12 02:38:23 [0.92ms]  */
select * from `event_types`;
/*==================================================*/
/* Query 20 - 2025-08-12 02:38:23 [1.06ms]  */
select * from `event_sources`;
/*==================================================*/
/* Query 21 - 2025-08-12 02:38:23 [1ms]  */
select * from `event_options`;
/*==================================================*/
/* Query 22 - 2025-08-12 02:38:23 [0.93ms]  */
select * from `event_option_response`;
/*==================================================*/
/* Query 23 - 2025-08-12 02:38:23 [0.96ms]  */
select * from `stl_events` where `stl_id` = '1' and `round_no` = '1';
/*==================================================*/
/* Query 24 - 2025-08-12 02:38:23 [0.94ms]  */
select * from `user_conversation_metrics` where `user_id` = '23722' and `round_no` = '1';
/*==================================================*/
/* Query 25 - 2025-08-12 02:38:23 [0.98ms]  */
select * from `user_events` where `user_id` = '23722' and `round_no` = '1';
/*==================================================*/
/* Query 26 - 2025-08-12 02:38:23 [1.04ms]  */
select `name`, `value` from `user_round_progress` where `user_id` = '23722' and `round_no` = '1';
/*==================================================*/
/* Query 1 - 2025-08-12 02:38:25 [7.42ms]  */
INSERT INTO user_coachee_round_progress (user_id, stl_coachee_id, round_no, name, value) VALUES  (23731, 1, 1, 'isCoachingStarted', 1) , (23731, 1, 1, 'stlCoacheeId', 1) , (23731, 1, 1, 'roundNo', 1)   ON DUPLICATE KEY UPDATE `value` = VALUES(`value`);
/*==================================================*/
/* Query 2 - 2025-08-12 02:38:25 [1.57ms]  */
select `name`, `value`, `round_no`, `stl_coachee_id` from `user_coachee_round_progress` where `user_id` = '23731';
/*==================================================*/
/* Query 1 - 2025-08-12 02:38:28 [1.23ms]  */
select * from `stl_models` where `stl_id` = '1' limit 1;
/*==================================================*/
/* Query 2 - 2025-08-12 02:38:28 [1.29ms]  */
select * from `model_details` where `model_id` = '1';
/*==================================================*/
/* Query 3 - 2025-08-12 02:38:28 [1.28ms]  */
select * from `statement_option_responses` where `option_id` = '95';
/*==================================================*/
/* Query 4 - 2025-08-12 02:38:28 [1.54ms]  */
select * from `statement_option_metrics` where `option_id` = '95';
/*==================================================*/
/* Query 5 - 2025-08-12 02:38:28 [1.35ms]  */
select * from `user_metrics` where `user_id` = '23722';
/*==================================================*/
/* Query 6 - 2025-08-12 02:38:28 [1.39ms]  */
select * from `user_coachee_metrics` where `user_id` = '23722' and `stl_coachee_id` = '2';
/*==================================================*/
/* Query 7 - 2025-08-12 02:38:28 [7.63ms]  */
insert into `user_conversations` (`user_id`, `stl_conversation_id`) values ('23722', '253');
/*==================================================*/
/* Query 8 - 2025-08-12 02:38:28 [6.66ms]  */
insert into `user_selected_statement_options` (`response_id`, `stl_statement_id`, `stl_conversation_id`, `option_id`, `user_id`) values ('81', '53', '253', '95', '23722');
/*==================================================*/
/* Query 9 - 2025-08-12 02:38:28 [1.33ms]  */
select * from `user_round_progress` where `round_no` = '1' and `user_id` = '23722' and `name` = 'completedConversations' limit 1;
/*==================================================*/
/* Query 10 - 2025-08-12 02:38:28 [6.3ms]  */
update `user_round_progress` set `value` = '35', `updated_at` = '2025-08-12 02:38:28' where `id` = '592916';
/*==================================================*/
/* Query 11 - 2025-08-12 02:38:28 [1.28ms]  */
select * from `user_coachee_round_progress` where `stl_coachee_id` = '2' and `round_no` = '1' and `user_id` = '23722' and `name` = 'completedConversations' limit 1;
/*==================================================*/
/* Query 12 - 2025-08-12 02:38:28 [7.66ms]  */
update `user_coachee_round_progress` set `value` = '6', `updated_at` = '2025-08-12 02:38:28' where `id` = '865088';
/*==================================================*/
/* Query 13 - 2025-08-12 02:38:28 [1.47ms]  */
select * from `user_coachee_round_phase_details` where `stl_coachee_id` = '2' and `stl_round_phase_id` = '2' and `user_id` = '23722' limit 1;
/*==================================================*/
/* Query 14 - 2025-08-12 02:38:28 [7.61ms]  */
update `user_coachee_round_phase_details` set `completed_conversations` = '4', `updated_at` = '2025-08-12 02:38:28' where `id` = '640451';
/*==================================================*/
/* Query 15 - 2025-08-12 02:38:28 [1.36ms]  */
select `name`, `value`, `round_no`, `stl_coachee_id` from `user_coachee_round_progress` where `user_id` = '23722';
/*==================================================*/
/* Query 16 - 2025-08-12 02:38:28 [1.32ms]  */
select `name`, `value`, `round_no` from `user_round_progress` where `user_id` = '23722';
/*==================================================*/
/* Query 17 - 2025-08-12 02:38:28 [1.19ms]  */
select * from `events`;
/*==================================================*/
/* Query 18 - 2025-08-12 02:38:29 [1.43ms]  */
select * from `event_conditions`;
/*==================================================*/
/* Query 19 - 2025-08-12 02:38:29 [1.03ms]  */
select * from `event_types`;
/*==================================================*/
/* Query 20 - 2025-08-12 02:38:29 [1.02ms]  */
select * from `event_sources`;
/*==================================================*/
/* Query 21 - 2025-08-12 02:38:29 [1.27ms]  */
select * from `event_options`;
/*==================================================*/
/* Query 22 - 2025-08-12 02:38:29 [1.12ms]  */
select * from `event_option_response`;
/*==================================================*/
/* Query 23 - 2025-08-12 02:38:29 [1.21ms]  */
select * from `stl_events` where `stl_id` = '1' and `round_no` = '1';
/*==================================================*/
/* Query 24 - 2025-08-12 02:38:29 [1.2ms]  */
select * from `user_conversation_metrics` where `user_id` = '23722' and `round_no` = '1';
/*==================================================*/
/* Query 25 - 2025-08-12 02:38:29 [1.29ms]  */
select * from `user_events` where `user_id` = '23722' and `round_no` = '1';
/*==================================================*/
/* Query 26 - 2025-08-12 02:38:29 [1.14ms]  */
select `name`, `value` from `user_round_progress` where `user_id` = '23722' and `round_no` = '1';
/*==================================================*/
/* Query 1 - 2025-08-12 02:38:29 [1.24ms]  */
select * from `stl_models` where `stl_id` = '1' limit 1;
/*==================================================*/
/* Query 2 - 2025-08-12 02:38:29 [1.1ms]  */
select * from `model_details` where `model_id` = '1';
/*==================================================*/
/* Query 3 - 2025-08-12 02:38:29 [1.19ms]  */
select * from `statement_option_responses` where `option_id` = '200';
/*==================================================*/
/* Query 4 - 2025-08-12 02:38:29 [1.21ms]  */
select * from `statement_option_metrics` where `option_id` = '200';
/*==================================================*/
/* Query 5 - 2025-08-12 02:38:29 [1.12ms]  */
select * from `user_metrics` where `user_id` = '23719';
/*==================================================*/
/* Query 6 - 2025-08-12 02:38:29 [1.26ms]  */
select * from `user_coachee_metrics` where `user_id` = '23719' and `stl_coachee_id` = '3';
/*==================================================*/
/* Query 7 - 2025-08-12 02:38:29 [6.04ms]  */
insert into `user_coachee_conversation_metrics` (`actual_delta`, `delta`, `previous_value`, `round_no`, `stl_coachee_id`, `stl_conversation_id`, `stl_metric_id`, `stl_phase_id`, `updated_value`, `user_id`) values ('6', '4', '40', '1', '3', '410', '1', '3', '44', '23719');
/*==================================================*/
/* Query 8 - 2025-08-12 02:38:29 [7.03ms]  */
INSERT INTO user_coachee_metrics (user_id, stl_coachee_id, stl_metric_id, value) VALUES  (23719, 3, 1, 44)   ON DUPLICATE KEY UPDATE `value` = VALUES(`value`);
/*==================================================*/
/* Query 9 - 2025-08-12 02:38:29 [6.54ms]  */
INSERT INTO user_coachee_round_metrics (user_id, round_no, stl_coachee_id, stl_metric_id, value) VALUES  (23719, 1, 3, 1, 44)   ON DUPLICATE KEY UPDATE `value` = VALUES(`value`);
/*==================================================*/
/* Query 10 - 2025-08-12 02:38:29 [6.13ms]  */
insert into `user_conversation_metrics` (`actual_delta`, `delta`, `previous_value`, `round_no`, `stl_coachee_id`, `stl_conversation_id`, `stl_metric_id`, `stl_phase_id`, `updated_value`, `user_id`) values ('6', '6', '64', '1', '3', '410', '2', '3', '70', '23719');
/*==================================================*/
/* Query 11 - 2025-08-12 02:38:29 [5.65ms]  */
INSERT INTO user_metrics (user_id, stl_metric_id, value) VALUES  (23719, 2, 70)   ON DUPLICATE KEY UPDATE `value` = VALUES(`value`);
/*==================================================*/
/* Query 12 - 2025-08-12 02:38:29 [5.58ms]  */
INSERT INTO user_round_metrics (user_id, round_no, stl_metric_id, value) VALUES  (23719, 1, 2, 70)   ON DUPLICATE KEY UPDATE `value` = VALUES(`value`);
/*==================================================*/
/* Query 13 - 2025-08-12 02:38:29 [6.51ms]  */
insert into `user_conversations` (`user_id`, `stl_conversation_id`) values ('23719', '410');
/*==================================================*/
/* Query 14 - 2025-08-12 02:38:29 [6.62ms]  */
insert into `user_selected_statement_options` (`response_id`, `stl_statement_id`, `stl_conversation_id`, `option_id`, `user_id`) values ('176', '111', '410', '200', '23719');
/*==================================================*/
/* Query 15 - 2025-08-12 02:38:29 [1.48ms]  */
select * from `user_round_progress` where `round_no` = '1' and `user_id` = '23719' and `name` = 'completedConversations' limit 1;
/*==================================================*/
/* Query 16 - 2025-08-12 02:38:29 [6.19ms]  */
update `user_round_progress` set `value` = '72', `updated_at` = '2025-08-12 02:38:29' where `id` = '592866';
/*==================================================*/
/* Query 17 - 2025-08-12 02:38:29 [1.37ms]  */
select * from `user_coachee_round_progress` where `stl_coachee_id` = '3' and `round_no` = '1' and `user_id` = '23719' and `name` = 'completedConversations' limit 1;
/*==================================================*/
/* Query 18 - 2025-08-12 02:38:29 [7.05ms]  */
update `user_coachee_round_progress` set `value` = '15', `updated_at` = '2025-08-12 02:38:29' where `id` = '865012';
/*==================================================*/
/* Query 19 - 2025-08-12 02:38:29 [1.46ms]  */
select * from `user_coachee_round_phase_details` where `stl_coachee_id` = '3' and `stl_round_phase_id` = '3' and `user_id` = '23719' limit 1;
/*==================================================*/
/* Query 20 - 2025-08-12 02:38:29 [7.62ms]  */
update `user_coachee_round_phase_details` set `completed_conversations` = '1', `updated_at` = '2025-08-12 02:38:29' where `id` = '640380';
/*==================================================*/
/* Query 21 - 2025-08-12 02:38:29 [1.4ms]  */
select `name`, `value`, `round_no`, `stl_coachee_id` from `user_coachee_round_progress` where `user_id` = '23719';
/*==================================================*/
/* Query 22 - 2025-08-12 02:38:29 [1.16ms]  */
select `name`, `value`, `round_no` from `user_round_progress` where `user_id` = '23719';
/*==================================================*/
/* Query 23 - 2025-08-12 02:38:29 [1.19ms]  */
select * from `events`;
/*==================================================*/
/* Query 24 - 2025-08-12 02:38:29 [1ms]  */
select * from `event_conditions`;
/*==================================================*/
/* Query 25 - 2025-08-12 02:38:29 [1.01ms]  */
select * from `event_types`;
/*==================================================*/
/* Query 26 - 2025-08-12 02:38:29 [0.97ms]  */
select * from `event_sources`;
/*==================================================*/
/* Query 27 - 2025-08-12 02:38:29 [1.2ms]  */
select * from `event_options`;
/*==================================================*/
/* Query 28 - 2025-08-12 02:38:29 [1.12ms]  */
select * from `event_option_response`;
/*==================================================*/
/* Query 29 - 2025-08-12 02:38:30 [1.22ms]  */
select * from `stl_events` where `stl_id` = '1' and `round_no` = '1';
/*==================================================*/
/* Query 30 - 2025-08-12 02:38:30 [1.29ms]  */
select * from `user_conversation_metrics` where `user_id` = '23719' and `round_no` = '1';
/*==================================================*/
/* Query 31 - 2025-08-12 02:38:30 [1.19ms]  */
select * from `user_events` where `user_id` = '23719' and `round_no` = '1';
/*==================================================*/
/* Query 32 - 2025-08-12 02:38:30 [4.18ms]  */
select `name`, `value` from `user_round_progress` where `user_id` = '23719' and `round_no` = '1';
/*==================================================*/
/* Query 1 - 2025-08-12 02:38:30 [1.24ms]  */
select * from `stl_models` where `stl_id` = '1' limit 1;
/*==================================================*/
/* Query 2 - 2025-08-12 02:38:30 [1.19ms]  */
select * from `model_details` where `model_id` = '1';
/*==================================================*/
/* Query 3 - 2025-08-12 02:38:30 [1ms]  */
select * from `statement_option_responses` where `option_id` = '126';
/*==================================================*/
/* Query 4 - 2025-08-12 02:38:30 [1.04ms]  */
select * from `statement_option_metrics` where `option_id` = '126';
/*==================================================*/
/* Query 5 - 2025-08-12 02:38:30 [0.99ms]  */
select * from `user_metrics` where `user_id` = '23707';
/*==================================================*/
/* Query 6 - 2025-08-12 02:38:30 [1.09ms]  */
select * from `user_coachee_metrics` where `user_id` = '23707' and `stl_coachee_id` = '2';
/*==================================================*/
/* Query 7 - 2025-08-12 02:38:30 [7.53ms]  */
insert into `user_conversations` (`user_id`, `stl_conversation_id`) values ('23707', '270');
/*==================================================*/
/* Query 8 - 2025-08-12 02:38:30 [6.56ms]  */
insert into `user_selected_statement_options` (`response_id`, `stl_statement_id`, `stl_conversation_id`, `option_id`, `user_id`) values ('', '71', '270', '126', '23707');
/*==================================================*/
/* Query 9 - 2025-08-12 02:38:30 [1.4ms]  */
select * from `user_round_progress` where `round_no` = '1' and `user_id` = '23707' and `name` = 'completedConversations' limit 1;
/*==================================================*/
/* Query 10 - 2025-08-12 02:38:30 [7.41ms]  */
update `user_round_progress` set `value` = '52', `updated_at` = '2025-08-12 02:38:30' where `id` = '592672';
/*==================================================*/
/* Query 11 - 2025-08-12 02:38:30 [1.44ms]  */
select * from `user_coachee_round_progress` where `stl_coachee_id` = '2' and `round_no` = '1' and `user_id` = '23707' and `name` = 'completedConversations' limit 1;
/*==================================================*/
/* Query 12 - 2025-08-12 02:38:30 [5.98ms]  */
update `user_coachee_round_progress` set `value` = '23', `updated_at` = '2025-08-12 02:38:30' where `id` = '864716';
/*==================================================*/
/* Query 13 - 2025-08-12 02:38:30 [1.38ms]  */
select * from `user_coachee_round_phase_details` where `stl_coachee_id` = '2' and `stl_round_phase_id` = '4' and `user_id` = '23707' limit 1;
/*==================================================*/
/* Query 14 - 2025-08-12 02:38:30 [6.1ms]  */
update `user_coachee_round_phase_details` set `completed_conversations` = '3', `updated_at` = '2025-08-12 02:38:30' where `id` = '640048';
/*==================================================*/
/* Query 15 - 2025-08-12 02:38:30 [1.3ms]  */
select `name`, `value`, `round_no`, `stl_coachee_id` from `user_coachee_round_progress` where `user_id` = '23707';
/*==================================================*/
/* Query 16 - 2025-08-12 02:38:30 [1.21ms]  */
select `name`, `value`, `round_no` from `user_round_progress` where `user_id` = '23707';
/*==================================================*/
/* Query 17 - 2025-08-12 02:38:30 [1.22ms]  */
select * from `events`;
/*==================================================*/
/* Query 18 - 2025-08-12 02:38:30 [1.07ms]  */
select * from `event_conditions`;
/*==================================================*/
/* Query 19 - 2025-08-12 02:38:30 [1ms]  */
select * from `event_types`;
/*==================================================*/
/* Query 20 - 2025-08-12 02:38:30 [0.97ms]  */
select * from `event_sources`;
/*==================================================*/
/* Query 21 - 2025-08-12 02:38:30 [1.04ms]  */
select * from `event_options`;
/*==================================================*/
/* Query 22 - 2025-08-12 02:38:30 [0.92ms]  */
select * from `event_option_response`;
/*==================================================*/
/* Query 23 - 2025-08-12 02:38:30 [1.43ms]  */
select * from `stl_events` where `stl_id` = '1' and `round_no` = '1';
/*==================================================*/
/* Query 24 - 2025-08-12 02:38:30 [1.34ms]  */
select * from `user_conversation_metrics` where `user_id` = '23707' and `round_no` = '1';
/*==================================================*/
/* Query 25 - 2025-08-12 02:38:30 [1.21ms]  */
select * from `user_events` where `user_id` = '23707' and `round_no` = '1';
/*==================================================*/
/* Query 26 - 2025-08-12 02:38:30 [1.12ms]  */
select `name`, `value` from `user_round_progress` where `user_id` = '23707' and `round_no` = '1';
/*==================================================*/
/* Query 1 - 2025-08-12 02:38:36 [1.6ms]  */
select * from `user_timer_details` where `user_id` = '23730' limit 1;
/*==================================================*/
/* Query 2 - 2025-08-12 02:38:36 [7.68ms]  */
update `user_timer_details` set `time_remaining` = '2760', `updated_at` = '2025-08-12 02:38:36' where `id` = '22709';
/*==================================================*/
/* Query 1 - 2025-08-12 02:38:36 [1.28ms]  */
select * from `user_timer_details` where `user_id` = '23708' limit 1;
/*==================================================*/
/* Query 2 - 2025-08-12 02:38:36 [7.99ms]  */
update `user_timer_details` set `time_remaining` = '2730', `updated_at` = '2025-08-12 02:38:36' where `id` = '22687';
/*==================================================*/
/* Query 1 - 2025-08-12 02:38:37 [1.21ms]  */
select * from `stl_models` where `stl_id` = '1' limit 1;
/*==================================================*/
/* Query 2 - 2025-08-12 02:38:37 [1.25ms]  */
select * from `model_details` where `model_id` = '1';
/*==================================================*/
/* Query 3 - 2025-08-12 02:38:37 [1.18ms]  */
select * from `statement_option_responses` where `option_id` = '125';
/*==================================================*/
/* Query 4 - 2025-08-12 02:38:37 [1.19ms]  */
select * from `statement_option_metrics` where `option_id` = '125';
/*==================================================*/
/* Query 5 - 2025-08-12 02:38:37 [1.17ms]  */
select * from `user_metrics` where `user_id` = '23724';
/*==================================================*/
/* Query 6 - 2025-08-12 02:38:37 [1.17ms]  */
select * from `user_coachee_metrics` where `user_id` = '23724' and `stl_coachee_id` = '2';
/*==================================================*/
/* Query 7 - 2025-08-12 02:38:37 [6.65ms]  */
insert into `user_conversations` (`user_id`, `stl_conversation_id`) values ('23724', '269');
/*==================================================*/
/* Query 8 - 2025-08-12 02:38:37 [7.2ms]  */
insert into `user_selected_statement_options` (`response_id`, `stl_statement_id`, `stl_conversation_id`, `option_id`, `user_id`) values ('111', '70', '269', '125', '23724');
/*==================================================*/
/* Query 9 - 2025-08-12 02:38:37 [1.44ms]  */
select * from `user_round_progress` where `round_no` = '1' and `user_id` = '23724' and `name` = 'completedConversations' limit 1;
/*==================================================*/
/* Query 10 - 2025-08-12 02:38:37 [7.66ms]  */
update `user_round_progress` set `value` = '51', `updated_at` = '2025-08-12 02:38:37' where `id` = '592948';
/*==================================================*/
/* Query 11 - 2025-08-12 02:38:37 [1.41ms]  */
select * from `user_coachee_round_progress` where `stl_coachee_id` = '2' and `round_no` = '1' and `user_id` = '23724' and `name` = 'completedConversations' limit 1;
/*==================================================*/
/* Query 12 - 2025-08-12 02:38:37 [8.97ms]  */
update `user_coachee_round_progress` set `value` = '22', `updated_at` = '2025-08-12 02:38:37' where `id` = '865136';
/*==================================================*/
/* Query 13 - 2025-08-12 02:38:37 [1.37ms]  */
select * from `user_coachee_round_phase_details` where `stl_coachee_id` = '2' and `stl_round_phase_id` = '4' and `user_id` = '23724' limit 1;
/*==================================================*/
/* Query 14 - 2025-08-12 02:38:37 [7.26ms]  */
update `user_coachee_round_phase_details` set `completed_conversations` = '2', `updated_at` = '2025-08-12 02:38:37' where `id` = '640507';
/*==================================================*/
/* Query 15 - 2025-08-12 02:38:37 [1.57ms]  */
select `name`, `value`, `round_no`, `stl_coachee_id` from `user_coachee_round_progress` where `user_id` = '23724';
/*==================================================*/
/* Query 16 - 2025-08-12 02:38:37 [1.67ms]  */
select `name`, `value`, `round_no` from `user_round_progress` where `user_id` = '23724';
/*==================================================*/
/* Query 17 - 2025-08-12 02:38:37 [1.43ms]  */
select * from `events`;
/*==================================================*/
/* Query 18 - 2025-08-12 02:38:37 [1.12ms]  */
select * from `event_conditions`;
/*==================================================*/
/* Query 19 - 2025-08-12 02:38:37 [1.1ms]  */
select * from `event_types`;
/*==================================================*/
/* Query 20 - 2025-08-12 02:38:37 [1.07ms]  */
select * from `event_sources`;
/*==================================================*/
/* Query 21 - 2025-08-12 02:38:37 [1.58ms]  */
select * from `event_options`;
/*==================================================*/
/* Query 22 - 2025-08-12 02:38:37 [1.26ms]  */
select * from `event_option_response`;
/*==================================================*/
/* Query 23 - 2025-08-12 02:38:37 [1.49ms]  */
select * from `stl_events` where `stl_id` = '1' and `round_no` = '1';
/*==================================================*/
/* Query 24 - 2025-08-12 02:38:37 [1.44ms]  */
select * from `user_conversation_metrics` where `user_id` = '23724' and `round_no` = '1';
/*==================================================*/
/* Query 25 - 2025-08-12 02:38:37 [1.48ms]  */
select * from `user_events` where `user_id` = '23724' and `round_no` = '1';
/*==================================================*/
/* Query 26 - 2025-08-12 02:38:37 [1.71ms]  */
select `name`, `value` from `user_round_progress` where `user_id` = '23724' and `round_no` = '1';
/*==================================================*/
/* Query 1 - 2025-08-12 02:38:40 [1.01ms]  */
select * from `stl_models` where `stl_id` = '1' limit 1;
/*==================================================*/
/* Query 2 - 2025-08-12 02:38:40 [1.02ms]  */
select * from `model_details` where `model_id` = '1';
/*==================================================*/
/* Query 3 - 2025-08-12 02:38:40 [0.97ms]  */
select * from `statement_option_responses` where `option_id` = '91';
/*==================================================*/
/* Query 4 - 2025-08-12 02:38:40 [0.89ms]  */
select * from `statement_option_metrics` where `option_id` = '91';
/*==================================================*/
/* Query 5 - 2025-08-12 02:38:40 [0.96ms]  */
select * from `user_metrics` where `user_id` = '23721';
/*==================================================*/
/* Query 6 - 2025-08-12 02:38:40 [1.16ms]  */
select * from `user_coachee_metrics` where `user_id` = '23721' and `stl_coachee_id` = '2';
/*==================================================*/
/* Query 7 - 2025-08-12 02:38:40 [8.72ms]  */
insert into `user_coachee_conversation_metrics` (`actual_delta`, `delta`, `previous_value`, `round_no`, `stl_coachee_id`, `stl_conversation_id`, `stl_metric_id`, `stl_phase_id`, `updated_value`, `user_id`) values ('6', '5', '55', '1', '2', '249', '1', '1', '60', '23721');
/*==================================================*/
/* Query 8 - 2025-08-12 02:38:40 [6.89ms]  */
INSERT INTO user_coachee_metrics (user_id, stl_coachee_id, stl_metric_id, value) VALUES  (23721, 2, 1, 60)   ON DUPLICATE KEY UPDATE `value` = VALUES(`value`);
/*==================================================*/
/* Query 9 - 2025-08-12 02:38:40 [6.67ms]  */
INSERT INTO user_coachee_round_metrics (user_id, round_no, stl_coachee_id, stl_metric_id, value) VALUES  (23721, 1, 2, 1, 60)   ON DUPLICATE KEY UPDATE `value` = VALUES(`value`);
/*==================================================*/
/* Query 10 - 2025-08-12 02:38:40 [7.3ms]  */
insert into `user_conversation_metrics` (`actual_delta`, `delta`, `previous_value`, `round_no`, `stl_coachee_id`, `stl_conversation_id`, `stl_metric_id`, `stl_phase_id`, `updated_value`, `user_id`) values ('6', '6', '54', '1', '2', '249', '2', '1', '60', '23721');
/*==================================================*/
/* Query 11 - 2025-08-12 02:38:40 [7.43ms]  */
INSERT INTO user_metrics (user_id, stl_metric_id, value) VALUES  (23721, 2, 60)   ON DUPLICATE KEY UPDATE `value` = VALUES(`value`);
/*==================================================*/
/* Query 12 - 2025-08-12 02:38:40 [7.12ms]  */
INSERT INTO user_round_metrics (user_id, round_no, stl_metric_id, value) VALUES  (23721, 1, 2, 60)   ON DUPLICATE KEY UPDATE `value` = VALUES(`value`);
/*==================================================*/
/* Query 13 - 2025-08-12 02:38:40 [6.99ms]  */
insert into `user_conversations` (`user_id`, `stl_conversation_id`) values ('23721', '249');
/*==================================================*/
/* Query 14 - 2025-08-12 02:38:40 [7.37ms]  */
insert into `user_selected_statement_options` (`response_id`, `stl_statement_id`, `stl_conversation_id`, `option_id`, `user_id`) values ('', '49', '249', '91', '23721');
/*==================================================*/
/* Query 15 - 2025-08-12 02:38:40 [1.14ms]  */
select * from `user_round_progress` where `round_no` = '1' and `user_id` = '23721' and `name` = 'completedConversations' limit 1;
/*==================================================*/
/* Query 16 - 2025-08-12 02:38:40 [7.21ms]  */
update `user_round_progress` set `value` = '56', `updated_at` = '2025-08-12 02:38:40' where `id` = '592900';
/*==================================================*/
/* Query 17 - 2025-08-12 02:38:40 [0.96ms]  */
select * from `user_coachee_round_progress` where `stl_coachee_id` = '2' and `round_no` = '1' and `user_id` = '23721' and `name` = 'completedConversations' limit 1;
/*==================================================*/
/* Query 18 - 2025-08-12 02:38:40 [7.03ms]  */
update `user_coachee_round_progress` set `value` = '1', `updated_at` = '2025-08-12 02:38:40' where `id` = '865064';
/*==================================================*/
/* Query 19 - 2025-08-12 02:38:40 [1.16ms]  */
select * from `user_coachee_round_phase_details` where `stl_coachee_id` = '2' and `stl_round_phase_id` = '1' and `user_id` = '23721' limit 1;
/*==================================================*/
/* Query 20 - 2025-08-12 02:38:40 [6.98ms]  */
update `user_coachee_round_phase_details` set `completed_conversations` = '1', `updated_at` = '2025-08-12 02:38:40' where `id` = '640423';
/*==================================================*/
/* Query 21 - 2025-08-12 02:38:40 [1.02ms]  */
select `name`, `value`, `round_no`, `stl_coachee_id` from `user_coachee_round_progress` where `user_id` = '23721';
/*==================================================*/
/* Query 22 - 2025-08-12 02:38:40 [0.93ms]  */
select `name`, `value`, `round_no` from `user_round_progress` where `user_id` = '23721';
/*==================================================*/
/* Query 23 - 2025-08-12 02:38:40 [1.01ms]  */
select * from `events`;
/*==================================================*/
/* Query 24 - 2025-08-12 02:38:40 [0.79ms]  */
select * from `event_conditions`;
/*==================================================*/
/* Query 25 - 2025-08-12 02:38:40 [0.69ms]  */
select * from `event_types`;
/*==================================================*/
/* Query 26 - 2025-08-12 02:38:40 [0.8ms]  */
select * from `event_sources`;
/*==================================================*/
/* Query 27 - 2025-08-12 02:38:40 [0.83ms]  */
select * from `event_options`;
/*==================================================*/
/* Query 28 - 2025-08-12 02:38:40 [0.78ms]  */
select * from `event_option_response`;
/*==================================================*/
/* Query 29 - 2025-08-12 02:38:40 [0.84ms]  */
select * from `stl_events` where `stl_id` = '1' and `round_no` = '1';
/*==================================================*/
/* Query 30 - 2025-08-12 02:38:40 [0.87ms]  */
select * from `user_conversation_metrics` where `user_id` = '23721' and `round_no` = '1';
/*==================================================*/
/* Query 31 - 2025-08-12 02:38:40 [0.93ms]  */
select * from `user_events` where `user_id` = '23721' and `round_no` = '1';
/*==================================================*/
/* Query 32 - 2025-08-12 02:38:40 [1.06ms]  */
select `name`, `value` from `user_round_progress` where `user_id` = '23721' and `round_no` = '1';
/*==================================================*/
/* Query 1 - 2025-08-12 02:38:41 [1.05ms]  */
select * from `stl_models` where `stl_id` = '1' limit 1;
/*==================================================*/
/* Query 2 - 2025-08-12 02:38:41 [0.91ms]  */
select * from `model_details` where `model_id` = '1';
/*==================================================*/
/* Query 3 - 2025-08-12 02:38:41 [1.01ms]  */
select * from `statement_option_responses` where `option_id` = '98';
/*==================================================*/
/* Query 4 - 2025-08-12 02:38:41 [0.93ms]  */
select * from `statement_option_metrics` where `option_id` = '98';
/*==================================================*/
/* Query 5 - 2025-08-12 02:38:41 [0.97ms]  */
select * from `user_metrics` where `user_id` = '23722';
/*==================================================*/
/* Query 6 - 2025-08-12 02:38:41 [0.96ms]  */
select * from `user_coachee_metrics` where `user_id` = '23722' and `stl_coachee_id` = '2';
/*==================================================*/
/* Query 7 - 2025-08-12 02:38:41 [7.56ms]  */
insert into `user_conversations` (`user_id`, `stl_conversation_id`) values ('23722', '256');
/*==================================================*/
/* Query 8 - 2025-08-12 02:38:41 [7.44ms]  */
insert into `user_selected_statement_options` (`response_id`, `stl_statement_id`, `stl_conversation_id`, `option_id`, `user_id`) values ('84', '56', '256', '98', '23722');
/*==================================================*/
/* Query 9 - 2025-08-12 02:38:41 [1.12ms]  */
select * from `user_round_progress` where `round_no` = '1' and `user_id` = '23722' and `name` = 'completedConversations' limit 1;
/*==================================================*/
/* Query 10 - 2025-08-12 02:38:41 [7.59ms]  */
update `user_round_progress` set `value` = '37', `updated_at` = '2025-08-12 02:38:41' where `id` = '592916';
/*==================================================*/
/* Query 11 - 2025-08-12 02:38:41 [1.25ms]  */
select * from `user_coachee_round_progress` where `stl_coachee_id` = '2' and `round_no` = '1' and `user_id` = '23722' and `name` = 'completedConversations' limit 1;
/*==================================================*/
/* Query 12 - 2025-08-12 02:38:41 [7.73ms]  */
update `user_coachee_round_progress` set `value` = '8', `updated_at` = '2025-08-12 02:38:41' where `id` = '865088';
/*==================================================*/
/* Query 13 - 2025-08-12 02:38:41 [1.16ms]  */
select * from `user_coachee_round_phase_details` where `stl_coachee_id` = '2' and `stl_round_phase_id` = '2' and `user_id` = '23722' limit 1;
/*==================================================*/
/* Query 14 - 2025-08-12 02:38:41 [7.05ms]  */
update `user_coachee_round_phase_details` set `completed_conversations` = '6', `updated_at` = '2025-08-12 02:38:41' where `id` = '640451';
/*==================================================*/
/* Query 15 - 2025-08-12 02:38:41 [1.11ms]  */
select `name`, `value`, `round_no`, `stl_coachee_id` from `user_coachee_round_progress` where `user_id` = '23722';
/*==================================================*/
/* Query 16 - 2025-08-12 02:38:41 [1.26ms]  */
select `name`, `value`, `round_no` from `user_round_progress` where `user_id` = '23722';
/*==================================================*/
/* Query 17 - 2025-08-12 02:38:41 [1.2ms]  */
select * from `events`;
/*==================================================*/
/* Query 18 - 2025-08-12 02:38:41 [1ms]  */
select * from `event_conditions`;
/*==================================================*/
/* Query 19 - 2025-08-12 02:38:41 [0.91ms]  */
select * from `event_types`;
/*==================================================*/
/* Query 20 - 2025-08-12 02:38:41 [0.93ms]  */
select * from `event_sources`;
/*==================================================*/
/* Query 21 - 2025-08-12 02:38:41 [0.99ms]  */
select * from `event_options`;
/*==================================================*/
/* Query 22 - 2025-08-12 02:38:41 [0.91ms]  */
select * from `event_option_response`;
/*==================================================*/
/* Query 23 - 2025-08-12 02:38:41 [1.07ms]  */
select * from `stl_events` where `stl_id` = '1' and `round_no` = '1';
/*==================================================*/
/* Query 24 - 2025-08-12 02:38:41 [1.05ms]  */
select * from `user_conversation_metrics` where `user_id` = '23722' and `round_no` = '1';
/*==================================================*/
/* Query 25 - 2025-08-12 02:38:41 [1.12ms]  */
select * from `user_events` where `user_id` = '23722' and `round_no` = '1';
/*==================================================*/
/* Query 26 - 2025-08-12 02:38:41 [1.04ms]  */
select `name`, `value` from `user_round_progress` where `user_id` = '23722' and `round_no` = '1';
/*==================================================*/
/* Query 1 - 2025-08-12 02:38:42 [1.47ms]  */
select * from `stl_models` where `stl_id` = '1' limit 1;
/*==================================================*/
/* Query 2 - 2025-08-12 02:38:42 [1.39ms]  */
select * from `model_details` where `model_id` = '1';
/*==================================================*/
/* Query 3 - 2025-08-12 02:38:42 [1.66ms]  */
select * from `statement_option_responses` where `option_id` = '126';
/*==================================================*/
/* Query 4 - 2025-08-12 02:38:42 [1.37ms]  */
select * from `statement_option_metrics` where `option_id` = '126';
/*==================================================*/
/* Query 5 - 2025-08-12 02:38:42 [1.38ms]  */
select * from `user_metrics` where `user_id` = '23724';
/*==================================================*/
/* Query 6 - 2025-08-12 02:38:42 [1.36ms]  */
select * from `user_coachee_metrics` where `user_id` = '23724' and `stl_coachee_id` = '2';
/*==================================================*/
/* Query 7 - 2025-08-12 02:38:42 [7.4ms]  */
insert into `user_conversations` (`user_id`, `stl_conversation_id`) values ('23724', '270');
/*==================================================*/
/* Query 8 - 2025-08-12 02:38:42 [7.09ms]  */
insert into `user_selected_statement_options` (`response_id`, `stl_statement_id`, `stl_conversation_id`, `option_id`, `user_id`) values ('', '71', '270', '126', '23724');
/*==================================================*/
/* Query 9 - 2025-08-12 02:38:42 [1.48ms]  */
select * from `user_round_progress` where `round_no` = '1' and `user_id` = '23724' and `name` = 'completedConversations' limit 1;
/*==================================================*/
/* Query 10 - 2025-08-12 02:38:42 [7.31ms]  */
update `user_round_progress` set `value` = '52', `updated_at` = '2025-08-12 02:38:42' where `id` = '592948';
/*==================================================*/
/* Query 11 - 2025-08-12 02:38:42 [1.55ms]  */
select * from `user_coachee_round_progress` where `stl_coachee_id` = '2' and `round_no` = '1' and `user_id` = '23724' and `name` = 'completedConversations' limit 1;
/*==================================================*/
/* Query 12 - 2025-08-12 02:38:42 [7.23ms]  */
update `user_coachee_round_progress` set `value` = '23', `updated_at` = '2025-08-12 02:38:42' where `id` = '865136';
/*==================================================*/
/* Query 13 - 2025-08-12 02:38:42 [1.65ms]  */
select * from `user_coachee_round_phase_details` where `stl_coachee_id` = '2' and `stl_round_phase_id` = '4' and `user_id` = '23724' limit 1;
/*==================================================*/
/* Query 14 - 2025-08-12 02:38:42 [7.83ms]  */
update `user_coachee_round_phase_details` set `completed_conversations` = '3', `updated_at` = '2025-08-12 02:38:42' where `id` = '640507';
/*==================================================*/
/* Query 15 - 2025-08-12 02:38:42 [1.44ms]  */
select `name`, `value`, `round_no`, `stl_coachee_id` from `user_coachee_round_progress` where `user_id` = '23724';
/*==================================================*/
/* Query 16 - 2025-08-12 02:38:42 [1.36ms]  */
select `name`, `value`, `round_no` from `user_round_progress` where `user_id` = '23724';
/*==================================================*/
/* Query 17 - 2025-08-12 02:38:42 [1.53ms]  */
select * from `events`;
/*==================================================*/
/* Query 18 - 2025-08-12 02:38:42 [1.44ms]  */
select * from `event_conditions`;
/*==================================================*/
/* Query 19 - 2025-08-12 02:38:42 [1.33ms]  */
select * from `event_types`;
/*==================================================*/
/* Query 20 - 2025-08-12 02:38:42 [1.3ms]  */
select * from `event_sources`;
/*==================================================*/
/* Query 21 - 2025-08-12 02:38:42 [1.46ms]  */
select * from `event_options`;
/*==================================================*/
/* Query 22 - 2025-08-12 02:38:42 [1.42ms]  */
select * from `event_option_response`;
/*==================================================*/
/* Query 23 - 2025-08-12 02:38:42 [1.37ms]  */
select * from `stl_events` where `stl_id` = '1' and `round_no` = '1';
/*==================================================*/
/* Query 24 - 2025-08-12 02:38:42 [1.78ms]  */
select * from `user_conversation_metrics` where `user_id` = '23724' and `round_no` = '1';
/*==================================================*/
/* Query 25 - 2025-08-12 02:38:42 [1.73ms]  */
select * from `user_events` where `user_id` = '23724' and `round_no` = '1';
/*==================================================*/
/* Query 26 - 2025-08-12 02:38:42 [1.47ms]  */
select `name`, `value` from `user_round_progress` where `user_id` = '23724' and `round_no` = '1';
/*==================================================*/
/* Query 1 - 2025-08-12 02:38:44 [1.8ms]  */
select * from `stl_models` where `stl_id` = '1' limit 1;
/*==================================================*/
/* Query 2 - 2025-08-12 02:38:44 [1.82ms]  */
select * from `model_details` where `model_id` = '1';
/*==================================================*/
/* Query 3 - 2025-08-12 02:38:44 [2.08ms]  */
select * from `statement_option_responses` where `option_id` = '201';
/*==================================================*/
/* Query 4 - 2025-08-12 02:38:44 [1.78ms]  */
select * from `statement_option_metrics` where `option_id` = '201';
/*==================================================*/
/* Query 5 - 2025-08-12 02:38:44 [2.08ms]  */
select * from `user_metrics` where `user_id` = '23719';
/*==================================================*/
/* Query 6 - 2025-08-12 02:38:44 [2.98ms]  */
select * from `user_coachee_metrics` where `user_id` = '23719' and `stl_coachee_id` = '3';
/*==================================================*/
/* Query 7 - 2025-08-12 02:38:44 [7.8ms]  */
insert into `user_conversations` (`user_id`, `stl_conversation_id`) values ('23719', '411');
/*==================================================*/
/* Query 8 - 2025-08-12 02:38:44 [7.36ms]  */
insert into `user_selected_statement_options` (`response_id`, `stl_statement_id`, `stl_conversation_id`, `option_id`, `user_id`) values ('177', '112', '411', '201', '23719');
/*==================================================*/
/* Query 9 - 2025-08-12 02:38:44 [1.81ms]  */
select * from `user_round_progress` where `round_no` = '1' and `user_id` = '23719' and `name` = 'completedConversations' limit 1;
/*==================================================*/
/* Query 10 - 2025-08-12 02:38:44 [7.99ms]  */
update `user_round_progress` set `value` = '73', `updated_at` = '2025-08-12 02:38:44' where `id` = '592866';
/*==================================================*/
/* Query 11 - 2025-08-12 02:38:44 [1.95ms]  */
select * from `user_coachee_round_progress` where `stl_coachee_id` = '3' and `round_no` = '1' and `user_id` = '23719' and `name` = 'completedConversations' limit 1;
/*==================================================*/
/* Query 12 - 2025-08-12 02:38:44 [7.67ms]  */
update `user_coachee_round_progress` set `value` = '16', `updated_at` = '2025-08-12 02:38:44' where `id` = '865012';
/*==================================================*/
/* Query 13 - 2025-08-12 02:38:44 [1.94ms]  */
select * from `user_coachee_round_phase_details` where `stl_coachee_id` = '3' and `stl_round_phase_id` = '3' and `user_id` = '23719' limit 1;
/*==================================================*/
/* Query 14 - 2025-08-12 02:38:44 [7.59ms]  */
update `user_coachee_round_phase_details` set `completed_conversations` = '2', `updated_at` = '2025-08-12 02:38:44' where `id` = '640380';
/*==================================================*/
/* Query 15 - 2025-08-12 02:38:44 [1.74ms]  */
select `name`, `value`, `round_no`, `stl_coachee_id` from `user_coachee_round_progress` where `user_id` = '23719';
/*==================================================*/
/* Query 16 - 2025-08-12 02:38:44 [1.69ms]  */
select `name`, `value`, `round_no` from `user_round_progress` where `user_id` = '23719';
/*==================================================*/
/* Query 17 - 2025-08-12 02:38:44 [1.72ms]  */
select * from `events`;
/*==================================================*/
/* Query 18 - 2025-08-12 02:38:44 [1.54ms]  */
select * from `event_conditions`;
/*==================================================*/
/* Query 19 - 2025-08-12 02:38:44 [1.52ms]  */
select * from `event_types`;
/*==================================================*/
/* Query 20 - 2025-08-12 02:38:44 [1.63ms]  */
select * from `event_sources`;
/*==================================================*/
/* Query 21 - 2025-08-12 02:38:44 [1.61ms]  */
select * from `event_options`;
/*==================================================*/
/* Query 22 - 2025-08-12 02:38:44 [1.59ms]  */
select * from `event_option_response`;
/*==================================================*/
/* Query 23 - 2025-08-12 02:38:44 [1.7ms]  */
select * from `stl_events` where `stl_id` = '1' and `round_no` = '1';
/*==================================================*/
/* Query 24 - 2025-08-12 02:38:44 [1.95ms]  */
select * from `user_conversation_metrics` where `user_id` = '23719' and `round_no` = '1';
/*==================================================*/
/* Query 25 - 2025-08-12 02:38:44 [2.06ms]  */
select * from `user_events` where `user_id` = '23719' and `round_no` = '1';
/*==================================================*/
/* Query 26 - 2025-08-12 02:38:44 [1.74ms]  */
select `name`, `value` from `user_round_progress` where `user_id` = '23719' and `round_no` = '1';
/*==================================================*/
/* Query 1 - 2025-08-12 02:38:48 [1.15ms]  */
select * from `stl_models` where `stl_id` = '1' limit 1;
/*==================================================*/
/* Query 2 - 2025-08-12 02:38:48 [1.09ms]  */
select * from `model_details` where `model_id` = '1';
/*==================================================*/
/* Query 3 - 2025-08-12 02:38:48 [0.98ms]  */
select * from `statement_option_responses` where `option_id` = '109';
/*==================================================*/
/* Query 4 - 2025-08-12 02:38:48 [1.17ms]  */
select * from `statement_option_metrics` where `option_id` = '109';
/*==================================================*/
/* Query 5 - 2025-08-12 02:38:48 [1.22ms]  */
select * from `user_metrics` where `user_id` = '23725';
/*==================================================*/
/* Query 6 - 2025-08-12 02:38:48 [1.17ms]  */
select * from `user_coachee_metrics` where `user_id` = '23725' and `stl_coachee_id` = '2';
/*==================================================*/
/* Query 7 - 2025-08-12 02:38:48 [8.09ms]  */
insert into `user_coachee_conversation_metrics` (`actual_delta`, `delta`, `previous_value`, `round_no`, `stl_coachee_id`, `stl_conversation_id`, `stl_metric_id`, `stl_phase_id`, `updated_value`, `user_id`) values ('4', '4', '47', '1', '2', '262', '1', '2', '51', '23725');
/*==================================================*/
/* Query 8 - 2025-08-12 02:38:48 [7.2ms]  */
INSERT INTO user_coachee_metrics (user_id, stl_coachee_id, stl_metric_id, value) VALUES  (23725, 2, 1, 51)   ON DUPLICATE KEY UPDATE `value` = VALUES(`value`);
/*==================================================*/
/* Query 9 - 2025-08-12 02:38:48 [7.35ms]  */
INSERT INTO user_coachee_round_metrics (user_id, round_no, stl_coachee_id, stl_metric_id, value) VALUES  (23725, 1, 2, 1, 51)   ON DUPLICATE KEY UPDATE `value` = VALUES(`value`);
/*==================================================*/
/* Query 10 - 2025-08-12 02:38:48 [6.81ms]  */
insert into `user_conversation_metrics` (`actual_delta`, `delta`, `previous_value`, `round_no`, `stl_coachee_id`, `stl_conversation_id`, `stl_metric_id`, `stl_phase_id`, `updated_value`, `user_id`) values ('4', '4', '20', '1', '2', '262', '2', '2', '24', '23725');
/*==================================================*/
/* Query 11 - 2025-08-12 02:38:48 [7.12ms]  */
INSERT INTO user_metrics (user_id, stl_metric_id, value) VALUES  (23725, 2, 24)   ON DUPLICATE KEY UPDATE `value` = VALUES(`value`);
/*==================================================*/
/* Query 12 - 2025-08-12 02:38:48 [7.11ms]  */
INSERT INTO user_round_metrics (user_id, round_no, stl_metric_id, value) VALUES  (23725, 1, 2, 24)   ON DUPLICATE KEY UPDATE `value` = VALUES(`value`);
/*==================================================*/
/* Query 13 - 2025-08-12 02:38:48 [6.66ms]  */
insert into `user_conversations` (`user_id`, `stl_conversation_id`) values ('23725', '262');
/*==================================================*/
/* Query 14 - 2025-08-12 02:38:48 [7.16ms]  */
insert into `user_selected_statement_options` (`response_id`, `stl_statement_id`, `stl_conversation_id`, `option_id`, `user_id`) values ('95', '62', '262', '109', '23725');
/*==================================================*/
/* Query 15 - 2025-08-12 02:38:48 [1.11ms]  */
select * from `user_round_progress` where `round_no` = '1' and `user_id` = '23725' and `name` = 'completedConversations' limit 1;
/*==================================================*/
/* Query 16 - 2025-08-12 02:38:48 [6.94ms]  */
update `user_round_progress` set `value` = '44', `updated_at` = '2025-08-12 02:38:48' where `id` = '592964';
/*==================================================*/
/* Query 17 - 2025-08-12 02:38:48 [1.24ms]  */
select * from `user_coachee_round_progress` where `stl_coachee_id` = '2' and `round_no` = '1' and `user_id` = '23725' and `name` = 'completedConversations' limit 1;
/*==================================================*/
/* Query 18 - 2025-08-12 02:38:48 [7.12ms]  */
update `user_coachee_round_progress` set `value` = '15', `updated_at` = '2025-08-12 02:38:48' where `id` = '865160';
/*==================================================*/
/* Query 19 - 2025-08-12 02:38:48 [1.3ms]  */
select * from `user_coachee_round_phase_details` where `stl_coachee_id` = '2' and `stl_round_phase_id` = '2' and `user_id` = '23725' limit 1;
/*==================================================*/
/* Query 20 - 2025-08-12 02:38:48 [7.42ms]  */
update `user_coachee_round_phase_details` set `completed_conversations` = '13', `updated_at` = '2025-08-12 02:38:48' where `id` = '640532';
/*==================================================*/
/* Query 21 - 2025-08-12 02:38:48 [1.5ms]  */
select `name`, `value`, `round_no`, `stl_coachee_id` from `user_coachee_round_progress` where `user_id` = '23725';
/*==================================================*/
/* Query 22 - 2025-08-12 02:38:48 [1.01ms]  */
select `name`, `value`, `round_no` from `user_round_progress` where `user_id` = '23725';
/*==================================================*/
/* Query 23 - 2025-08-12 02:38:48 [1.06ms]  */
select * from `events`;
/*==================================================*/
/* Query 24 - 2025-08-12 02:38:48 [0.85ms]  */
select * from `event_conditions`;
/*==================================================*/
/* Query 25 - 2025-08-12 02:38:48 [0.96ms]  */
select * from `event_types`;
/*==================================================*/
/* Query 26 - 2025-08-12 02:38:48 [0.95ms]  */
select * from `event_sources`;
/*==================================================*/
/* Query 27 - 2025-08-12 02:38:48 [1.1ms]  */
select * from `event_options`;
/*==================================================*/
/* Query 28 - 2025-08-12 02:38:48 [0.85ms]  */
select * from `event_option_response`;
/*==================================================*/
/* Query 29 - 2025-08-12 02:38:48 [1.01ms]  */
select * from `stl_events` where `stl_id` = '1' and `round_no` = '1';
/*==================================================*/
/* Query 30 - 2025-08-12 02:38:48 [1.12ms]  */
select * from `user_conversation_metrics` where `user_id` = '23725' and `round_no` = '1';
/*==================================================*/
/* Query 31 - 2025-08-12 02:38:48 [0.92ms]  */
select * from `user_events` where `user_id` = '23725' and `round_no` = '1';
/*==================================================*/
/* Query 32 - 2025-08-12 02:38:48 [0.98ms]  */
select `name`, `value` from `user_round_progress` where `user_id` = '23725' and `round_no` = '1';
/*==================================================*/
/* Query 1 - 2025-08-12 02:38:48 [1.64ms]  */
select * from `stl_models` where `stl_id` = '1' limit 1;
/*==================================================*/
/* Query 2 - 2025-08-12 02:38:48 [1.33ms]  */
select * from `model_details` where `model_id` = '1';
/*==================================================*/
/* Query 3 - 2025-08-12 02:38:48 [1.42ms]  */
select * from `statement_option_responses` where `option_id` = '99';
/*==================================================*/
/* Query 4 - 2025-08-12 02:38:48 [1.4ms]  */
select * from `statement_option_metrics` where `option_id` = '99';
/*==================================================*/
/* Query 5 - 2025-08-12 02:38:48 [1.36ms]  */
select * from `user_metrics` where `user_id` = '23722';
/*==================================================*/
/* Query 6 - 2025-08-12 02:38:48 [1.49ms]  */
select * from `user_coachee_metrics` where `user_id` = '23722' and `stl_coachee_id` = '2';
/*==================================================*/
/* Query 7 - 2025-08-12 02:38:48 [7.14ms]  */
insert into `user_conversations` (`user_id`, `stl_conversation_id`) values ('23722', '257');
/*==================================================*/
/* Query 8 - 2025-08-12 02:38:48 [6.67ms]  */
insert into `user_selected_statement_options` (`response_id`, `stl_statement_id`, `stl_conversation_id`, `option_id`, `user_id`) values ('229', '57', '257', '99', '23722');
/*==================================================*/
/* Query 9 - 2025-08-12 02:38:48 [1.52ms]  */
select * from `user_round_progress` where `round_no` = '1' and `user_id` = '23722' and `name` = 'completedConversations' limit 1;
/*==================================================*/
/* Query 10 - 2025-08-12 02:38:48 [6.6ms]  */
update `user_round_progress` set `value` = '38', `updated_at` = '2025-08-12 02:38:48' where `id` = '592916';
/*==================================================*/
/* Query 11 - 2025-08-12 02:38:48 [1.5ms]  */
select * from `user_coachee_round_progress` where `stl_coachee_id` = '2' and `round_no` = '1' and `user_id` = '23722' and `name` = 'completedConversations' limit 1;
/*==================================================*/
/* Query 12 - 2025-08-12 02:38:48 [10ms]  */
update `user_coachee_round_progress` set `value` = '9', `updated_at` = '2025-08-12 02:38:48' where `id` = '865088';
/*==================================================*/
/* Query 13 - 2025-08-12 02:38:48 [1.47ms]  */
select * from `user_coachee_round_phase_details` where `stl_coachee_id` = '2' and `stl_round_phase_id` = '2' and `user_id` = '23722' limit 1;
/*==================================================*/
/* Query 14 - 2025-08-12 02:38:48 [7.07ms]  */
update `user_coachee_round_phase_details` set `completed_conversations` = '7', `updated_at` = '2025-08-12 02:38:48' where `id` = '640451';
/*==================================================*/
/* Query 15 - 2025-08-12 02:38:48 [1.43ms]  */
select `name`, `value`, `round_no`, `stl_coachee_id` from `user_coachee_round_progress` where `user_id` = '23722';
/*==================================================*/
/* Query 16 - 2025-08-12 02:38:48 [1.45ms]  */
select `name`, `value`, `round_no` from `user_round_progress` where `user_id` = '23722';
/*==================================================*/
/* Query 17 - 2025-08-12 02:38:48 [1.38ms]  */
select * from `events`;
/*==================================================*/
/* Query 18 - 2025-08-12 02:38:48 [1.18ms]  */
select * from `event_conditions`;
/*==================================================*/
/* Query 19 - 2025-08-12 02:38:48 [1.31ms]  */
select * from `event_types`;
/*==================================================*/
/* Query 20 - 2025-08-12 02:38:48 [1.28ms]  */
select * from `event_sources`;
/*==================================================*/
/* Query 21 - 2025-08-12 02:38:48 [1.36ms]  */
select * from `event_options`;
/*==================================================*/
/* Query 22 - 2025-08-12 02:38:48 [1.3ms]  */
select * from `event_option_response`;
/*==================================================*/
/* Query 23 - 2025-08-12 02:38:48 [1.38ms]  */
select * from `stl_events` where `stl_id` = '1' and `round_no` = '1';
/*==================================================*/
/* Query 24 - 2025-08-12 02:38:48 [1.44ms]  */
select * from `user_conversation_metrics` where `user_id` = '23722' and `round_no` = '1';
/*==================================================*/
/* Query 25 - 2025-08-12 02:38:48 [1.37ms]  */
select * from `user_events` where `user_id` = '23722' and `round_no` = '1';
/*==================================================*/
/* Query 26 - 2025-08-12 02:38:48 [1.35ms]  */
select `name`, `value` from `user_round_progress` where `user_id` = '23722' and `round_no` = '1';
/*==================================================*/
/* Query 1 - 2025-08-12 02:38:51 [1.46ms]  */
select * from `user_timer_details` where `user_id` = '23712' limit 1;
/*==================================================*/
/* Query 1 - 2025-08-12 02:38:51 [1.5ms]  */
select * from `stl_models` where `stl_id` = '1' limit 1;
/*==================================================*/
/* Query 2 - 2025-08-12 02:38:51 [7.68ms]  */
update `user_timer_details` set `time_remaining` = '2730', `updated_at` = '2025-08-12 02:38:51' where `id` = '22691';
/*==================================================*/
/* Query 2 - 2025-08-12 02:38:51 [1.58ms]  */
select * from `model_details` where `model_id` = '1';
/*==================================================*/
/* Query 3 - 2025-08-12 02:38:51 [1.47ms]  */
select * from `statement_option_responses` where `option_id` = '92';
/*==================================================*/
/* Query 4 - 2025-08-12 02:38:51 [1.5ms]  */
select * from `statement_option_metrics` where `option_id` = '92';
/*==================================================*/
/* Query 5 - 2025-08-12 02:38:51 [1.45ms]  */
select * from `user_metrics` where `user_id` = '23721';
/*==================================================*/
/* Query 6 - 2025-08-12 02:38:51 [1.53ms]  */
select * from `user_coachee_metrics` where `user_id` = '23721' and `stl_coachee_id` = '2';
/*==================================================*/
/* Query 7 - 2025-08-12 02:38:51 [7.79ms]  */
insert into `user_conversations` (`user_id`, `stl_conversation_id`) values ('23721', '250');
/*==================================================*/
/* Query 8 - 2025-08-12 02:38:51 [7.55ms]  */
insert into `user_selected_statement_options` (`response_id`, `stl_statement_id`, `stl_conversation_id`, `option_id`, `user_id`) values ('78', '50', '250', '92', '23721');
/*==================================================*/
/* Query 9 - 2025-08-12 02:38:51 [1.54ms]  */
select * from `user_round_progress` where `round_no` = '1' and `user_id` = '23721' and `name` = 'completedConversations' limit 1;
/*==================================================*/
/* Query 10 - 2025-08-12 02:38:51 [8.05ms]  */
update `user_round_progress` set `value` = '58', `updated_at` = '2025-08-12 02:38:51' where `id` = '592900';
/*==================================================*/
/* Query 11 - 2025-08-12 02:38:51 [1.5ms]  */
select * from `user_coachee_round_progress` where `stl_coachee_id` = '2' and `round_no` = '1' and `user_id` = '23721' and `name` = 'completedConversations' limit 1;
/*==================================================*/
/* Query 12 - 2025-08-12 02:38:51 [7.73ms]  */
update `user_coachee_round_progress` set `value` = '3', `updated_at` = '2025-08-12 02:38:51' where `id` = '865064';
/*==================================================*/
/* Query 13 - 2025-08-12 02:38:51 [1.58ms]  */
select * from `user_coachee_round_phase_details` where `stl_coachee_id` = '2' and `stl_round_phase_id` = '2' and `user_id` = '23721' limit 1;
/*==================================================*/
/* Query 14 - 2025-08-12 02:38:51 [7.75ms]  */
update `user_coachee_round_phase_details` set `completed_conversations` = '1', `updated_at` = '2025-08-12 02:38:51' where `id` = '640424';
/*==================================================*/
/* Query 15 - 2025-08-12 02:38:51 [1.59ms]  */
select `name`, `value`, `round_no`, `stl_coachee_id` from `user_coachee_round_progress` where `user_id` = '23721';
/*==================================================*/
/* Query 16 - 2025-08-12 02:38:51 [1.62ms]  */
select `name`, `value`, `round_no` from `user_round_progress` where `user_id` = '23721';
/*==================================================*/
/* Query 17 - 2025-08-12 02:38:51 [1.49ms]  */
select * from `events`;
/*==================================================*/
/* Query 18 - 2025-08-12 02:38:51 [1.45ms]  */
select * from `event_conditions`;
/*==================================================*/
/* Query 19 - 2025-08-12 02:38:51 [1.4ms]  */
select * from `event_types`;
/*==================================================*/
/* Query 20 - 2025-08-12 02:38:51 [1.5ms]  */
select * from `event_sources`;
/*==================================================*/
/* Query 21 - 2025-08-12 02:38:51 [1.46ms]  */
select * from `event_options`;
/*==================================================*/
/* Query 22 - 2025-08-12 02:38:51 [1.39ms]  */
select * from `event_option_response`;
/*==================================================*/
/* Query 23 - 2025-08-12 02:38:51 [1.59ms]  */
select * from `stl_events` where `stl_id` = '1' and `round_no` = '1';
/*==================================================*/
/* Query 24 - 2025-08-12 02:38:51 [1.57ms]  */
select * from `user_conversation_metrics` where `user_id` = '23721' and `round_no` = '1';
/*==================================================*/
/* Query 25 - 2025-08-12 02:38:51 [1.55ms]  */
select * from `user_events` where `user_id` = '23721' and `round_no` = '1';
/*==================================================*/
/* Query 26 - 2025-08-12 02:38:51 [1.47ms]  */
select `name`, `value` from `user_round_progress` where `user_id` = '23721' and `round_no` = '1';
/*==================================================*/
/* Query 1 - 2025-08-12 02:38:53 [1.13ms]  */
select * from `user_timer_details` where `user_id` = '23709' limit 1;
/*==================================================*/
/* Query 2 - 2025-08-12 02:38:53 [7.37ms]  */
update `user_timer_details` set `time_remaining` = '2760', `updated_at` = '2025-08-12 02:38:53' where `id` = '22688';
/*==================================================*/
/* Query 1 - 2025-08-12 02:38:53 [1.47ms]  */
select * from `stl_models` where `stl_id` = '1' limit 1;
/*==================================================*/
/* Query 2 - 2025-08-12 02:38:53 [1.28ms]  */
select * from `model_details` where `model_id` = '1';
/*==================================================*/
/* Query 3 - 2025-08-12 02:38:53 [1.43ms]  */
select * from `statement_option_responses` where `option_id` = '126';
/*==================================================*/
/* Query 4 - 2025-08-12 02:38:53 [1.16ms]  */
select * from `statement_option_metrics` where `option_id` = '126';
/*==================================================*/
/* Query 5 - 2025-08-12 02:38:53 [1.3ms]  */
select * from `user_metrics` where `user_id` = '23718';
/*==================================================*/
/* Query 6 - 2025-08-12 02:38:53 [1.27ms]  */
select * from `user_coachee_metrics` where `user_id` = '23718' and `stl_coachee_id` = '2';
/*==================================================*/
/* Query 7 - 2025-08-12 02:38:53 [7.2ms]  */
insert into `user_conversations` (`user_id`, `stl_conversation_id`) values ('23718', '270');
/*==================================================*/
/* Query 8 - 2025-08-12 02:38:53 [7.23ms]  */
insert into `user_selected_statement_options` (`response_id`, `stl_statement_id`, `stl_conversation_id`, `option_id`, `user_id`) values ('', '71', '270', '126', '23718');
/*==================================================*/
/* Query 9 - 2025-08-12 02:38:53 [1.34ms]  */
select * from `user_round_progress` where `round_no` = '1' and `user_id` = '23718' and `name` = 'completedConversations' limit 1;
/*==================================================*/
/* Query 10 - 2025-08-12 02:38:53 [7.32ms]  */
update `user_round_progress` set `value` = '52', `updated_at` = '2025-08-12 02:38:53' where `id` = '592852';
/*==================================================*/
/* Query 11 - 2025-08-12 02:38:53 [1.27ms]  */
select * from `user_coachee_round_progress` where `stl_coachee_id` = '2' and `round_no` = '1' and `user_id` = '23718' and `name` = 'completedConversations' limit 1;
/*==================================================*/
/* Query 12 - 2025-08-12 02:38:53 [7.58ms]  */
update `user_coachee_round_progress` set `value` = '23', `updated_at` = '2025-08-12 02:38:53' where `id` = '864986';
/*==================================================*/
/* Query 13 - 2025-08-12 02:38:53 [1.49ms]  */
select * from `user_coachee_round_phase_details` where `stl_coachee_id` = '2' and `stl_round_phase_id` = '4' and `user_id` = '23718' limit 1;
/*==================================================*/
/* Query 14 - 2025-08-12 02:38:53 [7.26ms]  */
update `user_coachee_round_phase_details` set `completed_conversations` = '3', `updated_at` = '2025-08-12 02:38:53' where `id` = '640345';
/*==================================================*/
/* Query 15 - 2025-08-12 02:38:53 [1.43ms]  */
select `name`, `value`, `round_no`, `stl_coachee_id` from `user_coachee_round_progress` where `user_id` = '23718';
/*==================================================*/
/* Query 16 - 2025-08-12 02:38:53 [1.43ms]  */
select `name`, `value`, `round_no` from `user_round_progress` where `user_id` = '23718';
/*==================================================*/
/* Query 17 - 2025-08-12 02:38:53 [1.29ms]  */
select * from `events`;
/*==================================================*/
/* Query 18 - 2025-08-12 02:38:53 [1.23ms]  */
select * from `event_conditions`;
/*==================================================*/
/* Query 19 - 2025-08-12 02:38:53 [1.2ms]  */
select * from `event_types`;
/*==================================================*/
/* Query 20 - 2025-08-12 02:38:53 [1.3ms]  */
select * from `event_sources`;
/*==================================================*/
/* Query 21 - 2025-08-12 02:38:53 [1.29ms]  */
select * from `event_options`;
/*==================================================*/
/* Query 22 - 2025-08-12 02:38:53 [1.21ms]  */
select * from `event_option_response`;
/*==================================================*/
/* Query 23 - 2025-08-12 02:38:53 [1.35ms]  */
select * from `stl_events` where `stl_id` = '1' and `round_no` = '1';
/*==================================================*/
/* Query 24 - 2025-08-12 02:38:53 [1.34ms]  */
select * from `user_conversation_metrics` where `user_id` = '23718' and `round_no` = '1';
/*==================================================*/
/* Query 25 - 2025-08-12 02:38:53 [1.36ms]  */
select * from `user_events` where `user_id` = '23718' and `round_no` = '1';
/*==================================================*/
/* Query 26 - 2025-08-12 02:38:53 [1.29ms]  */
select `name`, `value` from `user_round_progress` where `user_id` = '23718' and `round_no` = '1';
/*==================================================*/
/* Query 1 - 2025-08-12 02:38:53 [1.53ms]  */
select * from `user_timer_details` where `user_id` = '23720' limit 1;
/*==================================================*/
/* Query 2 - 2025-08-12 02:38:53 [7.85ms]  */
update `user_timer_details` set `time_remaining` = '2745', `updated_at` = '2025-08-12 02:38:53' where `id` = '22699';
/*==================================================*/
/* Query 1 - 2025-08-12 02:38:57 [1.43ms]  */
select * from `user_timer_details` where `user_id` = '23727' limit 1;
/*==================================================*/
/* Query 2 - 2025-08-12 02:38:57 [7.43ms]  */
update `user_timer_details` set `time_remaining` = '2760', `updated_at` = '2025-08-12 02:38:57' where `id` = '22706';
/*==================================================*/
/* Query 1 - 2025-08-12 02:38:59 [1.05ms]  */
select * from `user_timer_details` where `user_id` = '23731' limit 1;
/*==================================================*/
/* Query 2 - 2025-08-12 02:38:59 [8.23ms]  */
update `user_timer_details` set `time_remaining` = '2790', `updated_at` = '2025-08-12 02:38:59' where `id` = '22710';
/*==================================================*/
/* Query 1 - 2025-08-12 02:39:04 [1.29ms]  */
select * from `user_timer_details` where `user_id` = '23715' limit 1;
/*==================================================*/
/* Query 1 - 2025-08-12 02:39:05 [1.3ms]  */
select * from `stl_models` where `stl_id` = '1' limit 1;
/*==================================================*/
/* Query 2 - 2025-08-12 02:39:05 [1.12ms]  */
select * from `model_details` where `model_id` = '1';
/*==================================================*/
/* Query 3 - 2025-08-12 02:39:05 [1.23ms]  */
select * from `statement_option_responses` where `option_id` = '103';
/*==================================================*/
/* Query 4 - 2025-08-12 02:39:05 [1.1ms]  */
select * from `statement_option_metrics` where `option_id` = '103';
/*==================================================*/
/* Query 5 - 2025-08-12 02:39:05 [1.24ms]  */
select * from `user_metrics` where `user_id` = '23722';
/*==================================================*/
/* Query 6 - 2025-08-12 02:39:05 [1.16ms]  */
select * from `user_coachee_metrics` where `user_id` = '23722' and `stl_coachee_id` = '2';
/*==================================================*/
/* Query 7 - 2025-08-12 02:39:05 [6.67ms]  */
insert into `user_conversations` (`user_id`, `stl_conversation_id`) values ('23722', '261');
/*==================================================*/
/* Query 8 - 2025-08-12 02:39:05 [6.81ms]  */
insert into `user_selected_statement_options` (`response_id`, `stl_statement_id`, `stl_conversation_id`, `option_id`, `user_id`) values ('89', '61', '261', '103', '23722');
/*==================================================*/
/* Query 9 - 2025-08-12 02:39:05 [1.19ms]  */
select * from `user_round_progress` where `round_no` = '1' and `user_id` = '23722' and `name` = 'completedConversations' limit 1;
/*==================================================*/
/* Query 10 - 2025-08-12 02:39:05 [6.73ms]  */
update `user_round_progress` set `value` = '41', `updated_at` = '2025-08-12 02:39:05' where `id` = '592916';
/*==================================================*/
/* Query 11 - 2025-08-12 02:39:05 [2.58ms]  */
select * from `user_coachee_round_progress` where `stl_coachee_id` = '2' and `round_no` = '1' and `user_id` = '23722' and `name` = 'completedConversations' limit 1;
/*==================================================*/
/* Query 12 - 2025-08-12 02:39:05 [7.64ms]  */
update `user_coachee_round_progress` set `value` = '12', `updated_at` = '2025-08-12 02:39:05' where `id` = '865088';
/*==================================================*/
/* Query 13 - 2025-08-12 02:39:05 [1.26ms]  */
select * from `user_coachee_round_phase_details` where `stl_coachee_id` = '2' and `stl_round_phase_id` = '2' and `user_id` = '23722' limit 1;
/*==================================================*/
/* Query 14 - 2025-08-12 02:39:05 [7.1ms]  */
update `user_coachee_round_phase_details` set `completed_conversations` = '10', `updated_at` = '2025-08-12 02:39:05' where `id` = '640451';
/*==================================================*/
/* Query 15 - 2025-08-12 02:39:05 [1.11ms]  */
select `name`, `value`, `round_no`, `stl_coachee_id` from `user_coachee_round_progress` where `user_id` = '23722';
/*==================================================*/
/* Query 16 - 2025-08-12 02:39:05 [0.99ms]  */
